{"id":27,"date":"2020-02-14T15:30:29","date_gmt":"2020-02-14T14:30:29","guid":{"rendered":"http:\/\/knjiznice.nsk.hr\/vela-luka\/?page_id=27"},"modified":"2026-01-28T23:28:40","modified_gmt":"2026-01-28T22:28:40","slug":"dokumenti","status":"publish","type":"page","link":"https:\/\/knjiznice.nsk.hr\/vela-luka\/dokumenti\/","title":{"rendered":"Dokumenti"},"content":{"rendered":"<p><a href=\"http:\/\/knjiznice.nsk.hr\/vela-luka\/wp-content\/uploads\/sites\/114\/2020\/02\/Statut-Knjiz\u030cnice_compressed.pdf\">Statut knji\u017enice<\/a><\/p>\n<p><a href=\"http:\/\/knjiznice.nsk.hr\/vela-luka\/wp-content\/uploads\/sites\/114\/2020\/02\/Godis\u030cnji-financijski-izvjes\u030ctaj-za-2019.pdf\">Godis\u030cnji financijski izvjes\u030ctaj za 2019.<\/a><\/p>\n<p><a href=\"http:\/\/knjiznice.nsk.hr\/vela-luka\/wp-content\/uploads\/sites\/114\/2020\/02\/Godis\u030cnje-izvjes\u030cc\u0301e-2019.pdf\">Godi\u0161nje izvje\u0161\u0107e 2019.<\/a><\/p>\n<p><a href=\"http:\/\/knjiznice.nsk.hr\/vela-luka\/wp-content\/uploads\/sites\/114\/2021\/02\/12-2020-KNJIZNICA.pdf\">Godi\u0161nji financijski izvje\u0161taj za 2020. g.<\/a><\/p>\n<p><a href=\"http:\/\/knjiznice.nsk.hr\/vela-luka\/wp-content\/uploads\/sites\/114\/2021\/02\/BILJESKA-UZ-FI.doc\">Bilje\u0161ka uz Financijsko izvje\u0161\u0107e za 2020. g.<\/a><\/p>\n<p><a href=\"http:\/\/knjiznice.nsk.hr\/vela-luka\/wp-content\/uploads\/sites\/114\/2021\/02\/Godisnje-izvjesce-2020.pdf\">Godi\u0161nje izvje\u0161\u0107e 2020<\/a><\/p>\n<p><a href=\"http:\/\/knjiznice.nsk.hr\/vela-luka\/wp-content\/uploads\/sites\/114\/2022\/01\/Referentna-str.pdf\">Godi\u0161nji financijski izvje\u0161taj za 2021. g.<\/a><\/p>\n<p><a href=\"http:\/\/knjiznice.nsk.hr\/vela-luka\/wp-content\/uploads\/sites\/114\/2022\/01\/image2022-01-26-075232.pdf\">Potvrda o preuzetom financijskom izvje\u0161taju za 2021. g.<\/a><\/p>\n<p><a href=\"http:\/\/knjiznice.nsk.hr\/vela-luka\/wp-content\/uploads\/sites\/114\/2022\/01\/biljeske.pdf\">Bilje\u0161ka uz Financijsko izvje\u0161\u0107e za 2021. g.<\/a><\/p>\n<p><a href=\"http:\/\/knjiznice.nsk.hr\/vela-luka\/wp-content\/uploads\/sites\/114\/2022\/01\/Godisnje_izvjesce.pdf\">Godi\u0161nje izvje\u0161\u0107e 2021.<\/a><\/p>\n<p><a href=\"http:\/\/knjiznice.nsk.hr\/vela-luka\/wp-content\/uploads\/sites\/114\/2023\/01\/Obrazac_NKSV_bezdodataka.pdf\">Godi\u0161nji financijski izvje\u0161taj za 2022. g.<\/a><\/p>\n<p><a href=\"http:\/\/knjiznice.nsk.hr\/vela-luka\/wp-content\/uploads\/sites\/114\/2023\/01\/Potvrda-10.pdf\">Potvrda o preuzetom financijskom izvje\u0161taju za 2022. g.<\/a><\/p>\n<p><a href=\"http:\/\/knjiznice.nsk.hr\/vela-luka\/wp-content\/uploads\/sites\/114\/2023\/01\/BILJESKA.doc\">Bilje\u0161ka uz Financijski izvje\u0161taj za 2022. g.<\/a><\/p>\n<p><a href=\"http:\/\/knjiznice.nsk.hr\/vela-luka\/wp-content\/uploads\/sites\/114\/2023\/01\/rs.pdf\">Referentna stranica Godi\u0161njeg financijskog izvje\u0161taja za 2022. g.<\/a><\/p>\n<p><a href=\"http:\/\/knjiznice.nsk.hr\/vela-luka\/wp-content\/uploads\/sites\/114\/2023\/01\/Godisnje-izvjesce-2022..pdf\">Godi\u0161nje izvje\u0161\u0107e 2022. g.<\/a><\/p>\n<p><a href=\"http:\/\/knjiznice.nsk.hr\/vela-luka\/wp-content\/uploads\/sites\/114\/2023\/03\/Financijski-plan-za-2023.-g.-sa-projekcijama-za-2024.-g.-i-2025.-g..pdf\">Financijski plan za 2023. g. s projekcijama za 2024. g. i 2025. g.<\/a><\/p>\n<p><a href=\"http:\/\/knjiznice.nsk.hr\/vela-luka\/wp-content\/uploads\/sites\/114\/2023\/04\/Natjecaj-za-izbor-i-imenovanje-ravnatelja.pdf\">Natje\u010daj za izbor i imenovanje ravnatelja<\/a><\/p>\n<p><a href=\"http:\/\/knjiznice.nsk.hr\/vela-luka\/wp-content\/uploads\/sites\/114\/2023\/10\/Kopija-Ispis-izvrsenja-proracuna-knjiznica.pdf\">Izvr\u0161enje prora\u010duna 01-06\/2023<\/a><\/p>\n<p><a href=\"http:\/\/knjiznice.nsk.hr\/vela-luka\/wp-content\/uploads\/sites\/114\/2023\/10\/Obrazlozenje-Narodna-knjiznica.pdf\">Obrazlo\u017eenje Izvje\u0161taja o izvr\u0161enju financijskog plana 01-06\/2023<\/a><\/p>\n<p><a href=\"http:\/\/knjiznice.nsk.hr\/vela-luka\/wp-content\/uploads\/sites\/114\/2023\/12\/Pravilnik-o-provedbi-postupaka-jednostavne-nabave.pdf\">Pravilnik o provedbi postupaka jednostavne nabave<\/a><\/p>\n<p><a href=\"http:\/\/knjiznice.nsk.hr\/vela-luka\/wp-content\/uploads\/sites\/114\/2024\/01\/Izvjesce-o-provedbi-Zakona-o-pravu-na-pristup-informacijama-za-2023.-g..pdf\">Izvje\u0161\u0107e o provedbi Zakona o pravu na pristup informacijama za 2023. g.<\/a><\/p>\n<p><a href=\"http:\/\/knjiznice.nsk.hr\/vela-luka\/wp-content\/uploads\/sites\/114\/2024\/01\/ReportProjekcijaPlanaProracuna_EURO.pdf\">Financijski plan za 2024.g. s projekcijama za 2025.g. i 2026.g.<\/a><\/p>\n<p><a href=\"http:\/\/knjiznice.nsk.hr\/vela-luka\/wp-content\/uploads\/sites\/114\/2024\/01\/proracunSV.pdf\">Godi\u0161nji financijski izvje\u0161taj za 2023.g.<\/a><\/p>\n<p><a href=\"http:\/\/knjiznice.nsk.hr\/vela-luka\/wp-content\/uploads\/sites\/114\/2024\/01\/Kopija-Potvrda-23.pdf\">Potvrda o preuzetom financijskom izvje\u0161taju za 2023.g.<\/a><\/p>\n<p><a href=\"http:\/\/knjiznice.nsk.hr\/vela-luka\/wp-content\/uploads\/sites\/114\/2024\/01\/BILJESKA-UZ-FI.pdf\">Bilje\u0161ke uz financijske izvje\u0161taje za 2023. g.<\/a><\/p>\n<p><a href=\"http:\/\/knjiznice.nsk.hr\/vela-luka\/wp-content\/uploads\/sites\/114\/2024\/01\/Scan.pdf\">Referentna stranica Godi\u0161njeg financijskog izvje\u0161taja za 2023. g.<\/a><\/p>\n<p><a href=\"http:\/\/knjiznice.nsk.hr\/vela-luka\/wp-content\/uploads\/sites\/114\/2024\/03\/Obrazlozenje-Godisnjeg-izvjestaja-o-izvrsenju-financijskog-plana-za-2023.docx\">Obrazlo\u017eenje Godi\u0161njeg izvje\u0161taja o izvr\u0161enju financijskog plana za 2023<\/a><\/p>\n<p><a href=\"http:\/\/knjiznice.nsk.hr\/vela-luka\/wp-content\/uploads\/sites\/114\/2024\/03\/Godisnji-izvjestaj-o-izvrsenju-financijskog-plana-za-2023..pdf\">Godi\u0161nji izvje\u0161taj o izvr\u0161enju financijskog plana za 2023.<\/a><\/p>\n<p><a href=\"http:\/\/knjiznice.nsk.hr\/vela-luka\/wp-content\/uploads\/sites\/114\/2024\/06\/Natjecaj-za-radno-mjesto-knjiznicar.pdf\">Natje\u010daj za radno mjesto knji\u017eni\u010dar<\/a><\/p>\n<p><a href=\"http:\/\/knjiznice.nsk.hr\/vela-luka\/wp-content\/uploads\/sites\/114\/2024\/07\/REBALANS-FINANCIJSKOG-PLANA.pdf\">Rebalans Financijskog plana<\/a><\/p>\n<p><a href=\"http:\/\/knjiznice.nsk.hr\/vela-luka\/wp-content\/uploads\/sites\/114\/2024\/08\/Izvjesce-o-trosenju-sredstava-sijecanj-2024.pdf\">Izvje\u0161\u0107e o tro\u0161enju sredstava- sije\u010danj 2024<\/a><\/p>\n<p><a href=\"http:\/\/knjiznice.nsk.hr\/vela-luka\/wp-content\/uploads\/sites\/114\/2024\/08\/Izvjesce-o-trosenju-sredstava-veljaca-2024..pdf\">Izvje\u0161\u0107e o tro\u0161enju sredstava &#8211; velja\u010da 2024.<\/a><\/p>\n<p><a href=\"http:\/\/knjiznice.nsk.hr\/vela-luka\/wp-content\/uploads\/sites\/114\/2024\/08\/Izvjesce-o-trosenju-sredstava-ozujak-2024..pdf\">Izvje\u0161\u0107e o tro\u0161enju sredstava- o\u017eujak 2024.<\/a><\/p>\n<p><a href=\"http:\/\/knjiznice.nsk.hr\/vela-luka\/wp-content\/uploads\/sites\/114\/2024\/08\/Izvjesce-o-trosenju-sredstava-travanj-2024..pdf\">Izvje\u0161\u0107e o tro\u0161enju sredstava- travanj 2024.<\/a><\/p>\n<p><a href=\"http:\/\/knjiznice.nsk.hr\/vela-luka\/wp-content\/uploads\/sites\/114\/2024\/08\/Izvjesce-o-trosenju-sredstava-svibanj-2024..pdf\">Izvje\u0161\u0107e o tro\u0161enju sredstava- svibanj 2024.<\/a><\/p>\n<p><a href=\"http:\/\/knjiznice.nsk.hr\/vela-luka\/wp-content\/uploads\/sites\/114\/2024\/08\/Izvjesce-o-trosenju-sredstava-lipanj-2024..pdf\">Izvje\u0161\u0107e o tro\u0161enju sredstava- lipanj 2024.<\/a><\/p>\n<p><a href=\"http:\/\/knjiznice.nsk.hr\/vela-luka\/wp-content\/uploads\/sites\/114\/2024\/08\/Izvjesce-o-trosenju-sredstava-srpanj-2024..pdf\">Izvje\u0161\u0107e o tro\u0161enju sredstava- srpanj 2024.<\/a><\/p>\n<p><a href=\"http:\/\/knjiznice.nsk.hr\/vela-luka\/wp-content\/uploads\/sites\/114\/2024\/09\/Izvjesce-o-trosenju-sredstava-kolovoz-2024..pdf\">Izvje\u0161\u0107e o tro\u0161enju sredstava- kolovoz 2024.<\/a><\/p>\n<p><a href=\"http:\/\/knjiznice.nsk.hr\/vela-luka\/wp-content\/uploads\/sites\/114\/2024\/10\/Izvjesce-o-trosenju-sredstava-rujan-2024..pdf\">Izvje\u0161\u0107e o tro\u0161enju sredstava- rujan 2024.<\/a><\/p>\n<p><a href=\"http:\/\/knjiznice.nsk.hr\/vela-luka\/wp-content\/uploads\/sites\/114\/2024\/11\/Izvjesce-o-trosenju-sredstava-listopad-2024..pdf\">Izvje\u0161\u0107e o tro\u0161enju sredstava- listopad 2024.<\/a><\/p>\n<p><a href=\"http:\/\/knjiznice.nsk.hr\/vela-luka\/wp-content\/uploads\/sites\/114\/2024\/12\/Izvjesce-o-trosenju-sredstava-studeni-2024..pdf\">Izvje\u0161\u0107e o tro\u0161enju sredstava- studeni 2024.<\/a><\/p>\n<p><a href=\"http:\/\/knjiznice.nsk.hr\/vela-luka\/wp-content\/uploads\/sites\/114\/2025\/01\/Izvjesce-o-trosenju-sredstava-prosinac-2024.-1.pdf\">Izvje\u0161\u0107e o tro\u0161enju sredstava- prosinac 2024.<\/a><\/p>\n<p><a href=\"http:\/\/knjiznice.nsk.hr\/vela-luka\/wp-content\/uploads\/sites\/114\/2025\/02\/Izvjesce-o-trosenju-sredstava-sijecanj-2025..pdf\">Izvje\u0161\u0107e o tro\u0161enju sredstava- sije\u010danj 2025.<\/a><\/p>\n<p><a href=\"http:\/\/knjiznice.nsk.hr\/vela-luka\/wp-content\/uploads\/sites\/114\/2025\/03\/Izvjesce-o-trosenju-sredstava-veljaca-2025..pdf\">Izvje\u0161\u0107e o tro\u0161enju sredstava- velja\u010da 2025.<\/a><\/p>\n<p><a href=\"http:\/\/knjiznice.nsk.hr\/vela-luka\/wp-content\/uploads\/sites\/114\/2025\/08\/Izvjesce-o-trosenju-sredstava-ozujak-2025..pdf\">Izvje\u0161\u0107e o tro\u0161enju sredstava- o\u017eujak 2025.<\/a><\/p>\n<p><a href=\"http:\/\/knjiznice.nsk.hr\/vela-luka\/wp-content\/uploads\/sites\/114\/2025\/08\/Izvjesce-o-trosenju-sredstava-travanj-2025..pdf\">Izvje\u0161\u0107e o tro\u0161enju sredstava- travanj 2025.<\/a><\/p>\n<p><a href=\"http:\/\/knjiznice.nsk.hr\/vela-luka\/wp-content\/uploads\/sites\/114\/2025\/08\/Izvjesce-o-trosenju-sredstava-svibanj-2025.-1.pdf\">Izvje\u0161\u0107e o tro\u0161enju sredstava- svibanj 2025.<\/a><\/p>\n<p><a href=\"http:\/\/knjiznice.nsk.hr\/vela-luka\/wp-content\/uploads\/sites\/114\/2025\/08\/Izvjesce-o-trosenju-sredstava-lipanj-2025..pdf\">Izvje\u0161\u0107e o tro\u0161enju sredstava- lipanj 2025.<\/a><\/p>\n<p><a href=\"http:\/\/knjiznice.nsk.hr\/vela-luka\/wp-content\/uploads\/sites\/114\/2025\/08\/Izvjesce-o-trosenju-sredstava-srpanj-2025..pdf\">Izvje\u0161\u0107e o tro\u0161enju sredstava- srpanj 2025.<\/a><\/p>\n<p><a href=\"http:\/\/knjiznice.nsk.hr\/vela-luka\/wp-content\/uploads\/sites\/114\/2025\/10\/Izvjesce-o-trosenju-sredstava-kolovoz-2025..pdf\">Izvje\u0161\u0107e o tro\u0161enju sredstava- kolovoz 2025.<\/a><\/p>\n<p><a href=\"http:\/\/knjiznice.nsk.hr\/vela-luka\/wp-content\/uploads\/sites\/114\/2025\/10\/Izvjesce-o-trosenju-sredstava-rujan-2025..pdf\">Izvje\u0161\u0107e o tro\u0161enju sredstava- rujan 2025.<\/a><\/p>\n<p><a href=\"http:\/\/knjiznice.nsk.hr\/vela-luka\/wp-content\/uploads\/sites\/114\/2025\/11\/Izvjesce-o-trosenju-sredstava-listopad-2025_-1.pdf\">Izvje\u0161\u0107e o tro\u0161enju sredstava- listopad 2025._<\/a><\/p>\n<p><a href=\"http:\/\/knjiznice.nsk.hr\/vela-luka\/wp-content\/uploads\/sites\/114\/2026\/01\/Izvjesce-o-trosenju-sredstava-studeni-2025..pdf\">Izvje\u0161\u0107e o tro\u0161enju sredstava- studeni 2025.<\/a><\/p>\n<p><a href=\"http:\/\/knjiznice.nsk.hr\/vela-luka\/wp-content\/uploads\/sites\/114\/2026\/01\/Izvjesce-o-trosenju-sredstava-prosinac-2025..pdf\">Izvje\u0161\u0107e o tro\u0161enju sredstava- prosinac 2025.<\/a><\/p>\n<p><a href=\"http:\/\/knjiznice.nsk.hr\/vela-luka\/wp-content\/uploads\/sites\/114\/2024\/11\/Polugodisnji-izvjestaj-o-izvrsenju-financijskog-plana-01-06-2024.docx\">Polugodi\u0161nji izvje\u0161taj o izvr\u0161enju financijskog plana 01-06 2024<\/a><\/p>\n<p><a href=\"http:\/\/knjiznice.nsk.hr\/vela-luka\/wp-content\/uploads\/sites\/114\/2024\/11\/Ispis-izvrsenja-proracuna-01-06-2024..pdf\">Ispis izvr\u0161enja prora\u010duna 01-06 2024.<\/a><\/p>\n<p><a href=\"http:\/\/knjiznice.nsk.hr\/vela-luka\/wp-content\/uploads\/sites\/114\/2025\/01\/obrazlozenje-knjiznica.docx\">Obrazlo\u017eenje uz II. izmjene i dopune Financijskog plana za 2024.g.<\/a><\/p>\n<p><a href=\"http:\/\/knjiznice.nsk.hr\/vela-luka\/wp-content\/uploads\/sites\/114\/2025\/01\/sazetak.pdf\">Sa\u017eetak uz II. izmjene i dopune Financijskog plana za 2024.g.<\/a><\/p>\n<p><a href=\"http:\/\/knjiznice.nsk.hr\/vela-luka\/wp-content\/uploads\/sites\/114\/2025\/01\/rebalans-ver1.pdf\">Rebalans<\/a><\/p>\n<p><a href=\"http:\/\/knjiznice.nsk.hr\/vela-luka\/wp-content\/uploads\/sites\/114\/2025\/01\/SAZETAK.pdf\">Sa\u017eetak Financijskog plana za 2025.g s projekcijama za 2026. i 2027.g<\/a><\/p>\n<p><a href=\"http:\/\/knjiznice.nsk.hr\/vela-luka\/wp-content\/uploads\/sites\/114\/2025\/01\/opci-i-posebni-dio-knjiznica.pdf\">Op\u0107i i posebni dio Financijskog plana za 2025.g.<\/a><\/p>\n<p><a href=\"http:\/\/knjiznice.nsk.hr\/vela-luka\/wp-content\/uploads\/sites\/114\/2025\/01\/Obrazlozenje-knjiznica.doc\">Obrazlo\u017eenje uz Financijski plan Narodne knji\u017enice &#8220;\u0160ime Vu\u010deti\u0107&#8221; za 2025.g.<\/a><\/p>\n<p><a href=\"http:\/\/knjiznice.nsk.hr\/vela-luka\/wp-content\/uploads\/sites\/114\/2025\/01\/Referentna-stranica-knjiznica-2024..pdf\">Referentna stranica knji\u017enica 2024. g.<\/a><\/p>\n<p><a href=\"http:\/\/knjiznice.nsk.hr\/vela-luka\/wp-content\/uploads\/sites\/114\/2025\/01\/Biljeska-uz-Financijski-izvjestaj-2024..doc\">Bilje\u0161ka uz Financijski izvje\u0161taj za 2024.g.<\/a><\/p>\n<p><a href=\"http:\/\/Godi\u0161nji izvje\u0161taj o izvr\u0161enju Financijskog plana za 2024.g.\">Godi\u0161nji izvje\u0161taj o izvr\u0161enju Financijskog plana za 2024.g.<\/a><\/p>\n<p><a href=\"http:\/\/knjiznice.nsk.hr\/vela-luka\/wp-content\/uploads\/sites\/114\/2025\/01\/Potvrda-o-ucitanom-Financijskom-izvjestaju-2024..pdf\">Potvrda o u\u010ditanom Financijskom izvje\u0161taju za 2024.g.<\/a><\/p>\n<p><a href=\"http:\/\/knjiznice.nsk.hr\/vela-luka\/wp-content\/uploads\/sites\/114\/2025\/02\/Godisnje_izvjesce.pdf\">Izvje\u0161taj o provedbi Zakona o pravu na pristup informacijama za 2024. g.<\/a><\/p>\n<p><a href=\"http:\/\/knjiznice.nsk.hr\/vela-luka\/wp-content\/uploads\/sites\/114\/2025\/08\/Obrazlozenje-Godisnjeg-izvjestaja-o-izvrsenju-financijskog-plana-za-2024.docx\">Obrazlo\u017eenje Godi\u0161njeg izvje\u0161taja o izvr\u0161enju financijskog plana za 2024.g.<\/a><\/p>\n<p><a href=\"http:\/\/knjiznice.nsk.hr\/vela-luka\/wp-content\/uploads\/sites\/114\/2025\/10\/Polugodisnji-izvjestaj-o-izvrsenju-financijskog-plana-za-2025.-g.-1.pdf\">Polugodi\u0161nji izvje\u0161taj o izvr\u0161enju financijskog plana za 2025. g.<\/a><\/p>\n<p><a href=\"http:\/\/knjiznice.nsk.hr\/vela-luka\/wp-content\/uploads\/sites\/114\/2025\/10\/OBRAZLOZENJE-UZ-POLUGODISNJI-IZVJESTAJ-O-IZVRSENJU-FINANCIJSKOG-PLANA-ZA-NK.docx\">Obrazlo\u017eenje uz Polugodi\u0161nji izvje\u0161taj o izvr\u0161enju financijskog plana za 2025.g.<\/a><\/p>\n<p><a href=\"http:\/\/knjiznice.nsk.hr\/vela-luka\/wp-content\/uploads\/sites\/114\/2025\/12\/Knjiznica-2.-IZMJENE-I-DOPUNE-FINANCIJSKOG-PLANA-ZA-2025.pdf\">Rebalans<\/a><\/p>\n<p><a href=\"http:\/\/knjiznice.nsk.hr\/vela-luka\/wp-content\/uploads\/sites\/114\/2026\/01\/Obrasci_financijskih_izvjestaja_v_8.3.0-00000003.pdf\">Financijski izvje\u0161taj za 2025.<\/a><\/p>\n<p><a href=\"http:\/\/knjiznice.nsk.hr\/vela-luka\/wp-content\/uploads\/sites\/114\/2026\/01\/Biljeska uz Financijski izvje\u0161taj za 2025.\">Bilje\u0161ka uz Financijski izvje\u0161taj za 2025.&nbsp;<\/a><\/p>\n<p><a href=\"http:\/\/knjiznice.nsk.hr\/vela-luka\/wp-content\/uploads\/sites\/114\/2026\/01\/Godisnje_izvjesce-1.pdf\">Izvje\u0161\u0107e o provedbi Zakona o pravu na pristup informacijama za 2025. g.<\/a><\/p>\n<p>&nbsp;<\/p>\n<p>&nbsp;<\/p>\n<p>&nbsp;<\/p>\n<p>&nbsp;<\/p>\n","protected":false},"excerpt":{"rendered":"<p>Statut knji\u017enice Godis\u030cnji financijski izvjes\u030ctaj za 2019. Godi\u0161nje izvje\u0161\u0107e 2019. Godi\u0161nji financijski izvje\u0161taj za 2020. g. Bilje\u0161ka uz Financijsko izvje\u0161\u0107e za 2020. g. Godi\u0161nje izvje\u0161\u0107e 2020 Godi\u0161nji financijski izvje\u0161taj za [&hellip;]<\/p>\n","protected":false},"author":108,"featured_media":0,"parent":0,"menu_order":0,"comment_status":"closed","ping_status":"closed","template":"","meta":{"ngg_post_thumbnail":0},"yoast_head":"<!-- This site is optimized with the Yoast SEO plugin v16.4 - https:\/\/yoast.com\/wordpress\/plugins\/seo\/ -->\n<meta name=\"robots\" content=\"index, follow, max-snippet:-1, max-image-preview:large, max-video-preview:-1\" \/>\n<link rel=\"canonical\" href=\"http:\/\/knjiznice.nsk.hr\/vela-luka\/dokumenti\/\" \/>\n<meta property=\"og:locale\" content=\"hr_HR\" \/>\n<meta property=\"og:type\" content=\"article\" \/>\n<meta property=\"og:title\" content=\"Dokumenti - Narodna knji\u017enica &quot;\u0160ime Vu\u010deti\u0107&quot;\" \/>\n<meta property=\"og:description\" content=\"Statut knji\u017enice Godis\u030cnji financijski izvjes\u030ctaj za 2019. Godi\u0161nje izvje\u0161\u0107e 2019. Godi\u0161nji financijski izvje\u0161taj za 2020. g. Bilje\u0161ka uz Financijsko izvje\u0161\u0107e za 2020. g. Godi\u0161nje izvje\u0161\u0107e 2020 Godi\u0161nji financijski izvje\u0161taj za [&hellip;]\" \/>\n<meta property=\"og:url\" content=\"http:\/\/knjiznice.nsk.hr\/vela-luka\/dokumenti\/\" \/>\n<meta property=\"og:site_name\" content=\"Narodna knji\u017enica &quot;\u0160ime Vu\u010deti\u0107&quot;\" \/>\n<meta property=\"article:modified_time\" content=\"2026-01-28T22:28:40+00:00\" \/>\n<meta name=\"twitter:card\" content=\"summary_large_image\" \/>\n<meta name=\"twitter:label1\" content=\"Procijenjeno vrijeme \u010ditanja\" \/>\n\t<meta name=\"twitter:data1\" content=\"3 minute\" \/>\n<script type=\"application\/ld+json\" class=\"yoast-schema-graph\">{\"@context\":\"https:\/\/schema.org\",\"@graph\":[{\"@type\":\"WebSite\",\"@id\":\"https:\/\/knjiznice.nsk.hr\/vela-luka\/#website\",\"url\":\"https:\/\/knjiznice.nsk.hr\/vela-luka\/\",\"name\":\"Narodna knji\\u017enica \\\"\\u0160ime Vu\\u010deti\\u0107\\\"\",\"description\":\"\",\"potentialAction\":[{\"@type\":\"SearchAction\",\"target\":\"https:\/\/knjiznice.nsk.hr\/vela-luka\/?s={search_term_string}\",\"query-input\":\"required name=search_term_string\"}],\"inLanguage\":\"hr\"},{\"@type\":\"WebPage\",\"@id\":\"http:\/\/knjiznice.nsk.hr\/vela-luka\/dokumenti\/#webpage\",\"url\":\"http:\/\/knjiznice.nsk.hr\/vela-luka\/dokumenti\/\",\"name\":\"Dokumenti - Narodna knji\\u017enica \\\"\\u0160ime Vu\\u010deti\\u0107\\\"\",\"isPartOf\":{\"@id\":\"https:\/\/knjiznice.nsk.hr\/vela-luka\/#website\"},\"datePublished\":\"2020-02-14T14:30:29+00:00\",\"dateModified\":\"2026-01-28T22:28:40+00:00\",\"breadcrumb\":{\"@id\":\"http:\/\/knjiznice.nsk.hr\/vela-luka\/dokumenti\/#breadcrumb\"},\"inLanguage\":\"hr\",\"potentialAction\":[{\"@type\":\"ReadAction\",\"target\":[\"http:\/\/knjiznice.nsk.hr\/vela-luka\/dokumenti\/\"]}]},{\"@type\":\"BreadcrumbList\",\"@id\":\"http:\/\/knjiznice.nsk.hr\/vela-luka\/dokumenti\/#breadcrumb\",\"itemListElement\":[{\"@type\":\"ListItem\",\"position\":1,\"item\":{\"@type\":\"WebPage\",\"@id\":\"https:\/\/knjiznice.nsk.hr\/vela-luka\/\",\"url\":\"https:\/\/knjiznice.nsk.hr\/vela-luka\/\",\"name\":\"Po\\u010detna stranica\"}},{\"@type\":\"ListItem\",\"position\":2,\"item\":{\"@id\":\"http:\/\/knjiznice.nsk.hr\/vela-luka\/dokumenti\/#webpage\"}}]}]}<\/script>\n<!-- \/ Yoast SEO plugin. -->","_links":{"self":[{"href":"https:\/\/knjiznice.nsk.hr\/vela-luka\/wp-json\/wp\/v2\/pages\/27"}],"collection":[{"href":"https:\/\/knjiznice.nsk.hr\/vela-luka\/wp-json\/wp\/v2\/pages"}],"about":[{"href":"https:\/\/knjiznice.nsk.hr\/vela-luka\/wp-json\/wp\/v2\/types\/page"}],"author":[{"embeddable":true,"href":"https:\/\/knjiznice.nsk.hr\/vela-luka\/wp-json\/wp\/v2\/users\/108"}],"replies":[{"embeddable":true,"href":"https:\/\/knjiznice.nsk.hr\/vela-luka\/wp-json\/wp\/v2\/comments?post=27"}],"version-history":[{"count":64,"href":"https:\/\/knjiznice.nsk.hr\/vela-luka\/wp-json\/wp\/v2\/pages\/27\/revisions"}],"predecessor-version":[{"id":426,"href":"https:\/\/knjiznice.nsk.hr\/vela-luka\/wp-json\/wp\/v2\/pages\/27\/revisions\/426"}],"wp:attachment":[{"href":"https:\/\/knjiznice.nsk.hr\/vela-luka\/wp-json\/wp\/v2\/media?parent=27"}],"curies":[{"name":"wp","href":"https:\/\/api.w.org\/{rel}","templated":true}]}}