{"id":80,"date":"2020-09-10T08:39:28","date_gmt":"2020-09-10T08:39:28","guid":{"rendered":"http:\/\/knjiznice.nsk.hr\/ston\/?page_id=80"},"modified":"2023-10-10T11:25:27","modified_gmt":"2023-10-10T11:25:27","slug":"zakoni-i-pravilnici","status":"publish","type":"page","link":"https:\/\/knjiznice.nsk.hr\/ston\/zakoni-i-pravilnici\/","title":{"rendered":"Zakoni i pravilnici"},"content":{"rendered":"<h5>Zakoni<\/h5>\n<ul>\n<li>Zakon o knji\u017enicama i knji\u017eni\u010dnoj djelatnosti (<a href=\"https:\/\/narodne-novine.nn.hr\/clanci\/sluzbeni\/2019_02_17_356.html\" target=\"_blank\" rel=\"noopener\">NN 17\/19<\/a>,&nbsp;<a href=\"https:\/\/narodne-novine.nn.hr\/clanci\/sluzbeni\/2019_10_98_1945.html\" target=\"_blank\" rel=\"noopener\">NN 98\/2019<\/a>)<\/li>\n<li>Zakon o ustanovama (<a href=\"http:\/\/www.nn.hr\/clanci\/sluzbeno\/1993\/1548.htm\" target=\"_blank\" rel=\"noopener\">NN 76\/93,<\/a>&nbsp;<a href=\"http:\/\/www.nn.hr\/clanci\/sluzbeno\/1997\/0427.htm\" target=\"_blank\" rel=\"noopener\">29\/97<\/a>,&nbsp;<a href=\"https:\/\/narodne-novine.nn.hr\/clanci\/sluzbeni\/1999_05_47_924.html\" target=\"_blank\" rel=\"noopener\">NN 47\/1999<\/a>,&nbsp;<a href=\"https:\/\/narodne-novine.nn.hr\/clanci\/sluzbeni\/2008_03_35_1142.html\" target=\"_blank\" rel=\"noopener\">NN 35\/2008<\/a>,&nbsp;<a href=\"https:\/\/narodne-novine.nn.hr\/clanci\/sluzbeni\/2019_12_127_2562.html\" target=\"_blank\" rel=\"noopener\">NN 127\/2019<\/a>)<\/li>\n<li>Zakon o upravljanju javnim ustanovama u kulturi (<a href=\"http:\/\/www.nn.hr\/clanci\/sluzbeno\/2001\/1611.htm\" target=\"_blank\" rel=\"noopener\">NN 96\/2001<\/a>,&nbsp;<a href=\"https:\/\/narodne-novine.nn.hr\/clanci\/sluzbeni\/2019_10_98_1949.html\" target=\"_blank\" rel=\"noopener\">NN 98\/2019<\/a>)<\/li>\n<li>Zakon o financiranju javnih potreba u kulturi (<a href=\"https:\/\/www.zakon.hr\/z\/539\/Zakon-o-financiranju-javnih-potreba-u-kulturi\" target=\"_blank\" rel=\"noopener\">NN 47\/1990, NN 27\/93, NN 38\/2009<\/a>)<\/li>\n<li>Zakon o za\u0161titi i o\u010duvanju kulturnih dobara (<a href=\"http:\/\/www.nn.hr\/clanci\/sluzbeno\/1999\/1284.htm\">NN 69\/99<\/a>,&nbsp;<a href=\"https:\/\/narodne-novine.nn.hr\/clanci\/sluzbeni\/2003_09_151_2180.html\">NN 151\/2003<\/a>,&nbsp;<a href=\"https:\/\/narodne-novine.nn.hr\/clanci\/sluzbeni\/2003_10_157_2256.html\">NN 157\/2003<\/a>,&nbsp;<a href=\"https:\/\/narodne-novine.nn.hr\/clanci\/sluzbeni\/2009_07_87_2130.html\">NN 87\/2009<\/a>,&nbsp;<a href=\"https:\/\/narodne-novine.nn.hr\/clanci\/sluzbeni\/2010_07_88_2464.html\">NN 88\/2010<\/a>,&nbsp;<a href=\"https:\/\/narodne-novine.nn.hr\/clanci\/sluzbeni\/2011_06_61_1366.html\">NN 61\/2011<\/a>,&nbsp;<a href=\"https:\/\/narodne-novine.nn.hr\/clanci\/sluzbeni\/2012_02_25_636.html\">NN 25\/2012<\/a>,&nbsp;<a href=\"https:\/\/narodne-novine.nn.hr\/clanci\/sluzbeni\/2012_12_136_2883.html\">NN 136\/2012<\/a>,&nbsp;<a href=\"https:\/\/narodne-novine.nn.hr\/clanci\/sluzbeni\/2013_12_157_3296.html\">NN 157\/2013<\/a>,&nbsp;<a href=\"https:\/\/narodne-novine.nn.hr\/clanci\/sluzbeni\/2014_12_152_2865.html\">NN 152\/2014<\/a>,&nbsp;<a href=\"https:\/\/narodne-novine.nn.hr\/clanci\/sluzbeni\/2015_09_98_1897.html\">NN 98\/2015<\/a>,&nbsp;<a href=\"https:\/\/narodne-novine.nn.hr\/clanci\/sluzbeni\/2017_05_44_1000.html\">NN 44\/2017<\/a>,&nbsp;<a href=\"https:\/\/narodne-novine.nn.hr\/clanci\/sluzbeni\/2018_10_90_1756.html\">NN 90\/2018<\/a>)<\/li>\n<li>Zakon o odgoju i obrazovanju u osnovnoj i srednjoj \u0161koli (<a href=\"http:\/\/narodne-novine.nn.hr\/clanci\/sluzbeni\/2008_07_87_2789.html\">NN 87\/08<\/a>,&nbsp;<a href=\"https:\/\/narodne-novine.nn.hr\/clanci\/sluzbeni\/2009_07_86_2125.html\">NN 86\/2009<\/a>,&nbsp;<a href=\"https:\/\/narodne-novine.nn.hr\/clanci\/sluzbeni\/2010_07_92_2593.html\">NN 92\/2010<\/a>,&nbsp;<a href=\"https:\/\/narodne-novine.nn.hr\/clanci\/sluzbeni\/2010_09_105_2839.html\">NN 105\/2010<\/a>,&nbsp;<a href=\"https:\/\/narodne-novine.nn.hr\/clanci\/sluzbeni\/2011_08_90_1927.html\">NN 90\/2011<\/a>,&nbsp;<a href=\"https:\/\/narodne-novine.nn.hr\/clanci\/sluzbeni\/2012_01_5_76.html\">NN 5\/2012<\/a>,&nbsp;<a href=\"https:\/\/narodne-novine.nn.hr\/clanci\/sluzbeni\/2012_02_16_442.html\">NN 16\/2012<\/a>,&nbsp;<a href=\"https:\/\/narodne-novine.nn.hr\/clanci\/sluzbeni\/2012_07_86_1967.html\">NN 86\/2012<\/a>,&nbsp;<a href=\"https:\/\/narodne-novine.nn.hr\/clanci\/sluzbeni\/2012_11_126_2705.html\">NN 126\/2012<\/a>,&nbsp;<a href=\"https:\/\/narodne-novine.nn.hr\/clanci\/sluzbeni\/2013_07_94_2131.html\">NN 94\/2013<\/a>,&nbsp;<a href=\"https:\/\/narodne-novine.nn.hr\/clanci\/sluzbeni\/2014_12_152_2864.html\">NN 152\/2014<\/a>,&nbsp;<a href=\"https:\/\/narodne-novine.nn.hr\/clanci\/sluzbeni\/2017_01_7_210.html\">NN 7\/2017<\/a>,&nbsp;<a href=\"https:\/\/narodne-novine.nn.hr\/clanci\/sluzbeni\/2018_07_68_1398.html\">NN 68\/2018<\/a>,&nbsp;<a href=\"https:\/\/narodne-novine.nn.hr\/clanci\/sluzbeni\/2019_10_98_1956.html\">NN 98\/2019<\/a>)<\/li>\n<li>Zakon o pravu na pristup informacijama (<a href=\"https:\/\/narodne-novine.nn.hr\/clanci\/sluzbeni\/2013_02_25_403.html\" target=\"_blank\" rel=\"noopener\">NN 25\/13,&nbsp;85\/15,&nbsp;69\/22<\/a>)<\/li>\n<\/ul>\n<h5>Pravilnici<\/h5>\n<ul>\n<li>Pravilnik o uvjetima i na\u010dinu stjecanja stru\u010dnih zvanja u knji\u017eni\u010darskoj struci (<a href=\"https:\/\/narodne-novine.nn.hr\/clanci\/sluzbeni\/2011_03_28_584.html\" target=\"_blank\" rel=\"noopener\">NN 28\/211<\/a>,&nbsp;<a href=\"https:\/\/narodne-novine.nn.hr\/clanci\/sluzbeni\/2014_02_16_333.html\" target=\"_blank\" rel=\"noopener\">NN 16\/14<\/a>,&nbsp;<a href=\"https:\/\/narodne-novine.nn.hr\/clanci\/sluzbeni\/2014_05_60_1133.html\" target=\"_blank\" rel=\"noopener\">NN 60\/14<\/a>,&nbsp;<a href=\"https:\/\/narodne-novine.nn.hr\/clanci\/sluzbeni\/full\/2017_05_47_1105.html\" target=\"_blank\" rel=\"noopener\">NN 47\/17<\/a>)<\/li>\n<li>Pravilnik o mati\u010dnoj djelatnosti knji\u017enica u Republici Hrvatskoj (<a href=\"http:\/\/www.nn.hr\/clanci\/sluzbeno\/2001\/0715.htm\" target=\"_blank\" rel=\"noopener\">NN 43\/01<\/a>)<\/li>\n<li>Pravilnik o reviziji i otpisu knji\u017eni\u010dne gra\u0111e (<a href=\"https:\/\/narodne-novine.nn.hr\/clanci\/sluzbeni\/2023_03_27_452.html\" target=\"_blank\" rel=\"noopener\">NN 21\/02<\/a>)<\/li>\n<li>Pravilnik o Upisniku knji\u017enica i knji\u017enica u sastavu (<a href=\"http:\/\/www.nn.hr\/clanci\/sluzbeno\/1998\/1716.htm\" target=\"_blank\" rel=\"noopener\">NN 139\/98<\/a>,&nbsp;<a href=\"https:\/\/narodne-novine.nn.hr\/clanci\/sluzbeni\/full\/2017_03_25_559.html\" target=\"_blank\" rel=\"noopener\">NN 25\/17<\/a>)<\/li>\n<li>Pravilnik o za\u0161titi knji\u017ene gra\u0111e &nbsp;(<a href=\"https:\/\/narodne-novine.nn.hr\/clanci\/sluzbeni\/2005_04_52_1001.html\" target=\"_blank\" rel=\"noopener\">NN 52\/05<\/a>)&nbsp;<\/li>\n<li>Pravilnik o uvjetima i na\u010dinu stjecanja stru\u010dnih zvanja u knji\u017eni\u010darskoj struci (<a href=\"http:\/\/narodne-novine.nn.hr\/clanci\/sluzbeni\/2011_03_28_584.html\" target=\"_blank\" rel=\"noopener\">NN 28\/11)<\/a><\/li>\n<\/ul>\n<h5>Standardi<\/h5>\n<ul>\n<li>Standardi za narodne knji\u017enice u Republici Hrvatskoj sa standardima za pokretne knji\u017enice-bibliobuse (<a href=\"https:\/\/narodne-novine.nn.hr\/clanci\/sluzbeni\/2021_09_103_1834.html\" target=\"_blank\" rel=\"noopener\">NN 58\/99<\/a>)<\/li>\n<\/ul>\n<h5>Me\u0111unarodni dokumenti<\/h5>\n<ul>\n<li><a href=\"https:\/\/www.hkdrustvo.hr\/datoteke\/4388\" target=\"_blank\" rel=\"noopener\">UNESCO-v Manifest za narodne knji\u017enice <\/a><\/li>\n<li><a href=\"http:\/\/knjiznice.nsk.hr\/ston\/wp-content\/uploads\/sites\/12\/2023\/10\/Kopenhaska_deklaracija-1.pdf\" target=\"_blank\" rel=\"noopener\">Kopenha\u0161ka_deklaracija<\/a><\/li>\n<li><a href=\"http:\/\/www.hkdrustvo.hr\/hkdnovosti\/clanak\/210\" target=\"_blank\" rel=\"noopener\">Knji\u017eni\u010dna politika za Europu &#8211; Be\u010dka deklaracija<\/a><\/li>\n<li><a href=\"https:\/\/repository.ifla.org\/bitstream\/123456789\/1432\/1\/ifla-statement-on-libraries-and-intellectual-freedom-hr.pdf\" target=\"_blank\" rel=\"noopener\">Knji\u017enice i intelektualna sloboda, izjava IFLA\/FAIFE<\/a><\/li>\n<li><a href=\"http:\/\/www.ifla.org\/files\/assets\/libraries-for-children-and-ya\/publications\/guidelines-for-childrens-libraries-services-hr.pdf\" target=\"_blank\" rel=\"noopener\">IFLA-ine smjernice za knji\u017eni\u010dne usluge za djecu<\/a><\/li>\n<li><a href=\"http:\/\/www.hkdrustvo.hr\/hkdnovosti\/clanak\/209\" target=\"_blank\" rel=\"noopener\">IFLA-ina izjava o transparentnosti, kvalitetnom upravljanju i antikorupciji<\/a><\/li>\n<li><a href=\"http:\/\/www.hkdrustvo.hr\/hkdnovosti\/clanak\/647\" target=\"_blank\" rel=\"noopener\">IFLA-in eti\u010dki kodeks za knji\u017eni\u010dare i druge informacijske stru\u010dnjake<\/a><\/li>\n<\/ul>\n","protected":false},"excerpt":{"rendered":"<p>Zakoni Zakon o knji\u017enicama i knji\u017eni\u010dnoj djelatnosti (NN 17\/19,&nbsp;NN 98\/2019) Zakon o ustanovama (NN 76\/93,&nbsp;29\/97,&nbsp;NN 47\/1999,&nbsp;NN 35\/2008,&nbsp;NN 127\/2019) Zakon o upravljanju javnim ustanovama u kulturi (NN 96\/2001,&nbsp;NN 98\/2019) Zakon o financiranju javnih potreba u kulturi (NN 47\/1990, NN 27\/93, NN 38\/2009) Zakon o za\u0161titi i o\u010duvanju kulturnih dobara (NN 69\/99,&nbsp;NN 151\/2003,&nbsp;NN 157\/2003,&nbsp;NN 87\/2009,&nbsp;NN 88\/2010,&nbsp;NN 61\/2011,&nbsp;NN [&hellip;]<\/p>\n","protected":false},"author":55,"featured_media":0,"parent":0,"menu_order":0,"comment_status":"closed","ping_status":"closed","template":"","meta":{"ngg_post_thumbnail":0},"yoast_head":"<!-- This site is optimized with the Yoast SEO plugin v16.4 - https:\/\/yoast.com\/wordpress\/plugins\/seo\/ -->\n<meta name=\"robots\" content=\"index, follow, max-snippet:-1, max-image-preview:large, max-video-preview:-1\" \/>\n<link rel=\"canonical\" href=\"https:\/\/knjiznice.nsk.hr\/ston\/zakoni-i-pravilnici\/\" \/>\n<meta property=\"og:locale\" content=\"hr_HR\" \/>\n<meta property=\"og:type\" content=\"article\" \/>\n<meta property=\"og:title\" content=\"Zakoni i pravilnici &ndash; Narodna knji\u017enica Ston\" \/>\n<meta property=\"og:description\" content=\"Zakoni Zakon o knji\u017enicama i knji\u017eni\u010dnoj djelatnosti (NN 17\/19,&nbsp;NN 98\/2019) Zakon o ustanovama (NN 76\/93,&nbsp;29\/97,&nbsp;NN 47\/1999,&nbsp;NN 35\/2008,&nbsp;NN 127\/2019) Zakon o upravljanju javnim ustanovama u kulturi (NN 96\/2001,&nbsp;NN 98\/2019) Zakon o financiranju javnih potreba u kulturi (NN 47\/1990, NN 27\/93, NN 38\/2009) Zakon o za\u0161titi i o\u010duvanju kulturnih dobara (NN 69\/99,&nbsp;NN 151\/2003,&nbsp;NN 157\/2003,&nbsp;NN 87\/2009,&nbsp;NN 88\/2010,&nbsp;NN 61\/2011,&nbsp;NN [&hellip;]\" \/>\n<meta property=\"og:url\" content=\"https:\/\/knjiznice.nsk.hr\/ston\/zakoni-i-pravilnici\/\" \/>\n<meta property=\"og:site_name\" content=\"Narodna knji\u017enica Ston\" \/>\n<meta property=\"article:modified_time\" content=\"2023-10-10T11:25:27+00:00\" \/>\n<meta name=\"twitter:label1\" content=\"Procijenjeno vrijeme \u010ditanja\" \/>\n\t<meta name=\"twitter:data1\" content=\"2 minute\" \/>\n<script type=\"application\/ld+json\" class=\"yoast-schema-graph\">{\"@context\":\"https:\/\/schema.org\",\"@graph\":[{\"@type\":\"WebSite\",\"@id\":\"https:\/\/knjiznice.nsk.hr\/ston\/#website\",\"url\":\"https:\/\/knjiznice.nsk.hr\/ston\/\",\"name\":\"Narodna knji\\u017enica Ston\",\"description\":\"\",\"potentialAction\":[{\"@type\":\"SearchAction\",\"target\":\"https:\/\/knjiznice.nsk.hr\/ston\/?s={search_term_string}\",\"query-input\":\"required name=search_term_string\"}],\"inLanguage\":\"hr\"},{\"@type\":\"WebPage\",\"@id\":\"https:\/\/knjiznice.nsk.hr\/ston\/zakoni-i-pravilnici\/#webpage\",\"url\":\"https:\/\/knjiznice.nsk.hr\/ston\/zakoni-i-pravilnici\/\",\"name\":\"Zakoni i pravilnici &ndash; Narodna knji\\u017enica Ston\",\"isPartOf\":{\"@id\":\"https:\/\/knjiznice.nsk.hr\/ston\/#website\"},\"datePublished\":\"2020-09-10T08:39:28+00:00\",\"dateModified\":\"2023-10-10T11:25:27+00:00\",\"breadcrumb\":{\"@id\":\"https:\/\/knjiznice.nsk.hr\/ston\/zakoni-i-pravilnici\/#breadcrumb\"},\"inLanguage\":\"hr\",\"potentialAction\":[{\"@type\":\"ReadAction\",\"target\":[\"https:\/\/knjiznice.nsk.hr\/ston\/zakoni-i-pravilnici\/\"]}]},{\"@type\":\"BreadcrumbList\",\"@id\":\"https:\/\/knjiznice.nsk.hr\/ston\/zakoni-i-pravilnici\/#breadcrumb\",\"itemListElement\":[{\"@type\":\"ListItem\",\"position\":1,\"item\":{\"@type\":\"WebPage\",\"@id\":\"https:\/\/knjiznice.nsk.hr\/ston\/\",\"url\":\"https:\/\/knjiznice.nsk.hr\/ston\/\",\"name\":\"Po\\u010detna stranica\"}},{\"@type\":\"ListItem\",\"position\":2,\"item\":{\"@id\":\"https:\/\/knjiznice.nsk.hr\/ston\/zakoni-i-pravilnici\/#webpage\"}}]}]}<\/script>\n<!-- \/ Yoast SEO plugin. -->","_links":{"self":[{"href":"https:\/\/knjiznice.nsk.hr\/ston\/wp-json\/wp\/v2\/pages\/80"}],"collection":[{"href":"https:\/\/knjiznice.nsk.hr\/ston\/wp-json\/wp\/v2\/pages"}],"about":[{"href":"https:\/\/knjiznice.nsk.hr\/ston\/wp-json\/wp\/v2\/types\/page"}],"author":[{"embeddable":true,"href":"https:\/\/knjiznice.nsk.hr\/ston\/wp-json\/wp\/v2\/users\/55"}],"replies":[{"embeddable":true,"href":"https:\/\/knjiznice.nsk.hr\/ston\/wp-json\/wp\/v2\/comments?post=80"}],"version-history":[{"count":12,"href":"https:\/\/knjiznice.nsk.hr\/ston\/wp-json\/wp\/v2\/pages\/80\/revisions"}],"predecessor-version":[{"id":2752,"href":"https:\/\/knjiznice.nsk.hr\/ston\/wp-json\/wp\/v2\/pages\/80\/revisions\/2752"}],"wp:attachment":[{"href":"https:\/\/knjiznice.nsk.hr\/ston\/wp-json\/wp\/v2\/media?parent=80"}],"curies":[{"name":"wp","href":"https:\/\/api.w.org\/{rel}","templated":true}]}}