{"id":32,"date":"2015-04-16T07:34:37","date_gmt":"2015-04-16T07:34:37","guid":{"rendered":"http:\/\/knjiznice.nsk.hr\/senj\/?page_id=32"},"modified":"2015-04-17T09:11:56","modified_gmt":"2015-04-17T09:11:56","slug":"izvjesce-o-radu-za-2014-godinu-sazeta-verzija","status":"publish","type":"page","link":"https:\/\/knjiznice.nsk.hr\/senj\/izvjesce-o-radu-za-2014-godinu-sazeta-verzija\/","title":{"rendered":"Izvje\u0161\u0107e o radu za 2014. godinu &#8211; sa\u017eeta verzija"},"content":{"rendered":"<p>Klikom na ovu poveznicu mo\u017eete preuzeti sa\u017eetu verziju Izvje\u0161\u0107a o radu za 2014. godinu:<\/p>\n<p><a href=\"http:\/\/knjiznice.nsk.hr\/senj\/wp-content\/uploads\/sites\/60\/2015\/04\/skra\u0107eno-izvje\u0161\u0107e.doc\">skra\u0107eno-izvje\u0161\u0107e<\/a><\/p>\n","protected":false},"excerpt":{"rendered":"<p>Klikom na ovu poveznicu mo\u017eete preuzeti sa\u017eetu verziju Izvje\u0161\u0107a o radu za 2014. godinu: skra\u0107eno-izvje\u0161\u0107e<\/p>\n","protected":false},"author":58,"featured_media":0,"parent":0,"menu_order":0,"comment_status":"closed","ping_status":"closed","template":"","meta":{"ngg_post_thumbnail":0},"yoast_head":"<!-- This site is optimized with the Yoast SEO plugin v16.4 - https:\/\/yoast.com\/wordpress\/plugins\/seo\/ -->\n<meta name=\"robots\" content=\"index, follow, max-snippet:-1, max-image-preview:large, max-video-preview:-1\" \/>\n<link rel=\"canonical\" href=\"http:\/\/knjiznice.nsk.hr\/senj\/izvjesce-o-radu-za-2014-godinu-sazeta-verzija\/\" \/>\n<meta property=\"og:locale\" content=\"hr_HR\" \/>\n<meta property=\"og:type\" content=\"article\" \/>\n<meta property=\"og:title\" content=\"Izvje\u0161\u0107e o radu za 2014. godinu - sa\u017eeta verzija - Gradska knji\u017enica Senj\" \/>\n<meta property=\"og:description\" content=\"Klikom na ovu poveznicu mo\u017eete preuzeti sa\u017eetu verziju Izvje\u0161\u0107a o radu za 2014. godinu: skra\u0107eno-izvje\u0161\u0107e\" \/>\n<meta property=\"og:url\" content=\"http:\/\/knjiznice.nsk.hr\/senj\/izvjesce-o-radu-za-2014-godinu-sazeta-verzija\/\" \/>\n<meta property=\"og:site_name\" content=\"Gradska knji\u017enica Senj\" \/>\n<meta property=\"article:publisher\" content=\"http:\/\/facebook.com\/Gradska-knji%c5%benica-SENJ\" \/>\n<meta property=\"article:modified_time\" content=\"2015-04-17T09:11:56+00:00\" \/>\n<script type=\"application\/ld+json\" class=\"yoast-schema-graph\">{\"@context\":\"https:\/\/schema.org\",\"@graph\":[{\"@type\":\"WebSite\",\"@id\":\"https:\/\/knjiznice.nsk.hr\/senj\/#website\",\"url\":\"https:\/\/knjiznice.nsk.hr\/senj\/\",\"name\":\"Gradska knji\\u017enica Senj\",\"description\":\"S vama od 1835. godine\",\"potentialAction\":[{\"@type\":\"SearchAction\",\"target\":\"https:\/\/knjiznice.nsk.hr\/senj\/?s={search_term_string}\",\"query-input\":\"required name=search_term_string\"}],\"inLanguage\":\"hr\"},{\"@type\":\"WebPage\",\"@id\":\"http:\/\/knjiznice.nsk.hr\/senj\/izvjesce-o-radu-za-2014-godinu-sazeta-verzija\/#webpage\",\"url\":\"http:\/\/knjiznice.nsk.hr\/senj\/izvjesce-o-radu-za-2014-godinu-sazeta-verzija\/\",\"name\":\"Izvje\\u0161\\u0107e o radu za 2014. godinu - sa\\u017eeta verzija - Gradska knji\\u017enica Senj\",\"isPartOf\":{\"@id\":\"https:\/\/knjiznice.nsk.hr\/senj\/#website\"},\"datePublished\":\"2015-04-16T07:34:37+00:00\",\"dateModified\":\"2015-04-17T09:11:56+00:00\",\"breadcrumb\":{\"@id\":\"http:\/\/knjiznice.nsk.hr\/senj\/izvjesce-o-radu-za-2014-godinu-sazeta-verzija\/#breadcrumb\"},\"inLanguage\":\"hr\",\"potentialAction\":[{\"@type\":\"ReadAction\",\"target\":[\"http:\/\/knjiznice.nsk.hr\/senj\/izvjesce-o-radu-za-2014-godinu-sazeta-verzija\/\"]}]},{\"@type\":\"BreadcrumbList\",\"@id\":\"http:\/\/knjiznice.nsk.hr\/senj\/izvjesce-o-radu-za-2014-godinu-sazeta-verzija\/#breadcrumb\",\"itemListElement\":[{\"@type\":\"ListItem\",\"position\":1,\"item\":{\"@type\":\"WebPage\",\"@id\":\"https:\/\/knjiznice.nsk.hr\/senj\/\",\"url\":\"https:\/\/knjiznice.nsk.hr\/senj\/\",\"name\":\"Po\\u010detna stranica\"}},{\"@type\":\"ListItem\",\"position\":2,\"item\":{\"@id\":\"http:\/\/knjiznice.nsk.hr\/senj\/izvjesce-o-radu-za-2014-godinu-sazeta-verzija\/#webpage\"}}]}]}<\/script>\n<!-- \/ Yoast SEO plugin. -->","_links":{"self":[{"href":"https:\/\/knjiznice.nsk.hr\/senj\/wp-json\/wp\/v2\/pages\/32"}],"collection":[{"href":"https:\/\/knjiznice.nsk.hr\/senj\/wp-json\/wp\/v2\/pages"}],"about":[{"href":"https:\/\/knjiznice.nsk.hr\/senj\/wp-json\/wp\/v2\/types\/page"}],"author":[{"embeddable":true,"href":"https:\/\/knjiznice.nsk.hr\/senj\/wp-json\/wp\/v2\/users\/58"}],"replies":[{"embeddable":true,"href":"https:\/\/knjiznice.nsk.hr\/senj\/wp-json\/wp\/v2\/comments?post=32"}],"version-history":[{"count":4,"href":"https:\/\/knjiznice.nsk.hr\/senj\/wp-json\/wp\/v2\/pages\/32\/revisions"}],"predecessor-version":[{"id":88,"href":"https:\/\/knjiznice.nsk.hr\/senj\/wp-json\/wp\/v2\/pages\/32\/revisions\/88"}],"wp:attachment":[{"href":"https:\/\/knjiznice.nsk.hr\/senj\/wp-json\/wp\/v2\/media?parent=32"}],"curies":[{"name":"wp","href":"https:\/\/api.w.org\/{rel}","templated":true}]}}