{"id":27,"date":"2015-04-16T07:27:18","date_gmt":"2015-04-16T07:27:18","guid":{"rendered":"http:\/\/knjiznice.nsk.hr\/senj\/?page_id=27"},"modified":"2026-03-13T08:16:01","modified_gmt":"2026-03-13T08:16:01","slug":"gk-senj-info","status":"publish","type":"page","link":"https:\/\/knjiznice.nsk.hr\/senj\/gk-senj-info\/","title":{"rendered":"Gradska knji\u017enica Senj &#8211; info"},"content":{"rendered":"<p><strong>GRADSKA KNJI\u017dNICA SENJ-SERVISNE INFORMACIJE<\/strong><\/p>\n<p>-Adresa: Trg Cilnica 11, 53270 SENJ<\/p>\n<p>-Tel: 053-881-108<\/p>\n<p>-Mail: <a href=\"mailto:gradska.knjiznica.senj@gs.t-com.hr\">gradska.knjiznica.senj@gs.t-com.hr<\/a><\/p>\n<p>-web: <a href=\"http:\/\/knjiznice.nsk.hr\/senj\/\">http:\/\/knjiznice.nsk.hr\/senj\/<\/a><\/p>\n<p>-facebook stranica:<\/p>\n<p>https:\/\/web.facebook.com\/Gradska-knji\u017enica-SENJ<\/p>\n<p>-web katalog &#8211; <a href=\"http:\/\/gk-senj.zaki.com.hr\">http:\/\/gk-senj.zaki.com.hr<\/a><\/p>\n<p><em>Radno vrijeme:<\/em><\/p>\n<ul>\n<li>Ponedjeljak-7-13 h<\/li>\n<li>Utorak-7-13 h<\/li>\n<li>Srijeda-7-13 h<\/li>\n<li>\u010cetvrtak-14 -19 h<\/li>\n<p>(ljeto: 15-20 h)<\/p>\n<li>Petak-7-13 h<\/li>\n<p> \t&lt;<\/p>\n<p><strong>USLUGE I DJELATNOSTI<\/strong><\/p>\n<p>-Nabava, obrada i pru\u017eanje svih vrsta informacija na svim medijima-knjige, novine, \u010dasopisi, CD, DVD..<\/p>\n<p>-Informacijsko opismenjivanje, pomo\u0107 i savjetovanje pri odabiru \u017eeljene knji\u017eni\u010dne gra\u0111e<\/p>\n<p>-Rezervacija gra\u0111e i naru\u010divanje gra\u0111e<\/p>\n<p>-Nakladni\u010dka djelatnost<\/p>\n<p>-Omogu\u0107ivanje pristupa internetu i pou\u010davanje kako pravilno pretra\u017eivati internet<\/p>\n<p>-Organizacija knji\u017eevnih ve\u010deri i promocija knji\u017eevnih djela<\/p>\n<p>-Organizacija izlo\u017ebi likovnih radova i fotografija<\/p>\n<p>-Organizacija predavanja razne tematike-medicinske, sportske, psiholo\u0161ke, biblioterapeutske..<\/p>\n<p>-Radionice za djecu i mlade<\/p>\n<p>-Radioemisije posve\u0107ene knjizi i \u010ditanju<\/p>\n<p>-Vo\u0111enje grupnih obilazaka knji\u017enice<\/p>\n<p>-Organizacija i svih ostalih vrsta kulturnih, informativnih i edukacijskih doga\u0111aja.<\/p>\n<p>GK SENJ-STATISTIKA ZA 2025. GODINU:<br \/>\nBroj \u010dlanova: 660<br \/>\nKnji\u017eni fond: 20 001  svezak<br \/>\nPosudba: 16 531<\/p>\n<p><u>Obrada gra\u0111e:<\/u><u>&nbsp;<\/u><u><br \/>\n<\/u>&#8211; ra\u010dunalni program ZAKI (od svibnja 2015.)<br \/>\n&#8211; web stranica-link na web katalog (http:\/\/gk-senj.zaki.com.hr)<\/p>\n<p><strong>ZAPOSLENICI:<\/strong><\/p>\n<p>Ana Prpi\u0107 Rogi\u0107, prof. i dipl. bibl.-ravnatelj<\/p>\n<p>Ivana Podol\u0161ak, prof. i dipl.bibl<\/p>\n<p>Sandra Prpi\u0107, pom.knji\u017e.<\/p>\n<p>Igor Bettle, pom. knji\u017e. (ogranci)<\/p>\n<p><strong>ODJELI:<\/strong><\/p>\n<p>Odjel za odrasle, Odjel za djecu i mlade\u017e, \u010citaonica dnevnog tiska, Studijska \u010ditaonica,<\/p>\n<p>Odjel informatike i Informacijsko &#8211; referentni odjel<\/p>\n<p><strong>OGRANAK SVETI JURAJ:<\/strong><\/p>\n<p>Adresa: Selo 23, 53284 Sveti Juraj<\/p>\n<p><strong>OGRANAK KRASNO:<\/strong><\/p>\n<p>Adresa: Krasno polje bb, 53274&nbsp; Krasno<\/p>\n<p>&nbsp;<\/p>\n<p>&nbsp;<\/p>\n<p>&nbsp;<\/p>\n<p>&nbsp;<\/p>\n<p>&nbsp;<\/p>\n<p>&nbsp;<\/p>\n<p>&nbsp;<\/p>\n<p>&nbsp;<\/p>\n<p>&nbsp;<\/p>\n<p>&nbsp;<\/p>\n<p>&nbsp;<\/p>\n<p>&nbsp;<\/p>\n<p>&nbsp;<\/p>\n","protected":false},"excerpt":{"rendered":"<p>GRADSKA KNJI\u017dNICA SENJ-SERVISNE INFORMACIJE -Adresa: Trg Cilnica 11, 53270 SENJ -Tel: 053-881-108 -Mail: gradska.knjiznica.senj@gs.t-com.hr -web: http:\/\/knjiznice.nsk.hr\/senj\/ -facebook stranica: https:\/\/web.facebook.com\/Gradska-knji\u017enica-SENJ -web katalog &#8211; http:\/\/gk-senj.zaki.com.hr Radno vrijeme: Ponedjeljak-7-13 h Utorak-7-13 h Srijeda-7-13 h \u010cetvrtak-14 -19 h (ljeto: 15-20 h) Petak-7-13 h &lt; USLUGE I DJELATNOSTI -Nabava, obrada i pru\u017eanje svih vrsta informacija na svim medijima-knjige, novine, \u010dasopisi, [&hellip;]<\/p>\n","protected":false},"author":58,"featured_media":0,"parent":0,"menu_order":0,"comment_status":"closed","ping_status":"closed","template":"","meta":{"ngg_post_thumbnail":0},"yoast_head":"<!-- This site is optimized with the Yoast SEO plugin v16.4 - https:\/\/yoast.com\/wordpress\/plugins\/seo\/ -->\n<meta name=\"robots\" content=\"index, follow, max-snippet:-1, max-image-preview:large, max-video-preview:-1\" \/>\n<link rel=\"canonical\" href=\"http:\/\/knjiznice.nsk.hr\/senj\/gk-senj-info\/\" \/>\n<meta property=\"og:locale\" content=\"hr_HR\" \/>\n<meta property=\"og:type\" content=\"article\" \/>\n<meta property=\"og:title\" content=\"Gradska knji\u017enica Senj - info - Gradska knji\u017enica Senj\" \/>\n<meta property=\"og:description\" content=\"GRADSKA KNJI\u017dNICA SENJ-SERVISNE INFORMACIJE -Adresa: Trg Cilnica 11, 53270 SENJ -Tel: 053-881-108 -Mail: gradska.knjiznica.senj@gs.t-com.hr -web: http:\/\/knjiznice.nsk.hr\/senj\/ -facebook stranica: https:\/\/web.facebook.com\/Gradska-knji\u017enica-SENJ -web katalog &#8211; http:\/\/gk-senj.zaki.com.hr Radno vrijeme: Ponedjeljak-7-13 h Utorak-7-13 h Srijeda-7-13 h \u010cetvrtak-14 -19 h (ljeto: 15-20 h) Petak-7-13 h &lt; USLUGE I DJELATNOSTI -Nabava, obrada i pru\u017eanje svih vrsta informacija na svim medijima-knjige, novine, \u010dasopisi, [&hellip;]\" \/>\n<meta property=\"og:url\" content=\"http:\/\/knjiznice.nsk.hr\/senj\/gk-senj-info\/\" \/>\n<meta property=\"og:site_name\" content=\"Gradska knji\u017enica Senj\" \/>\n<meta property=\"article:publisher\" content=\"http:\/\/facebook.com\/Gradska-knji%c5%benica-SENJ\" \/>\n<meta property=\"article:modified_time\" content=\"2026-03-13T08:16:01+00:00\" \/>\n<meta name=\"twitter:label1\" content=\"Procijenjeno vrijeme \u010ditanja\" \/>\n\t<meta name=\"twitter:data1\" content=\"1 minuta\" \/>\n<script type=\"application\/ld+json\" class=\"yoast-schema-graph\">{\"@context\":\"https:\/\/schema.org\",\"@graph\":[{\"@type\":\"WebSite\",\"@id\":\"https:\/\/knjiznice.nsk.hr\/senj\/#website\",\"url\":\"https:\/\/knjiznice.nsk.hr\/senj\/\",\"name\":\"Gradska knji\\u017enica Senj\",\"description\":\"S vama od 1835. godine\",\"potentialAction\":[{\"@type\":\"SearchAction\",\"target\":\"https:\/\/knjiznice.nsk.hr\/senj\/?s={search_term_string}\",\"query-input\":\"required name=search_term_string\"}],\"inLanguage\":\"hr\"},{\"@type\":\"WebPage\",\"@id\":\"http:\/\/knjiznice.nsk.hr\/senj\/gk-senj-info\/#webpage\",\"url\":\"http:\/\/knjiznice.nsk.hr\/senj\/gk-senj-info\/\",\"name\":\"Gradska knji\\u017enica Senj - info - Gradska knji\\u017enica Senj\",\"isPartOf\":{\"@id\":\"https:\/\/knjiznice.nsk.hr\/senj\/#website\"},\"datePublished\":\"2015-04-16T07:27:18+00:00\",\"dateModified\":\"2026-03-13T08:16:01+00:00\",\"breadcrumb\":{\"@id\":\"http:\/\/knjiznice.nsk.hr\/senj\/gk-senj-info\/#breadcrumb\"},\"inLanguage\":\"hr\",\"potentialAction\":[{\"@type\":\"ReadAction\",\"target\":[\"http:\/\/knjiznice.nsk.hr\/senj\/gk-senj-info\/\"]}]},{\"@type\":\"BreadcrumbList\",\"@id\":\"http:\/\/knjiznice.nsk.hr\/senj\/gk-senj-info\/#breadcrumb\",\"itemListElement\":[{\"@type\":\"ListItem\",\"position\":1,\"item\":{\"@type\":\"WebPage\",\"@id\":\"https:\/\/knjiznice.nsk.hr\/senj\/\",\"url\":\"https:\/\/knjiznice.nsk.hr\/senj\/\",\"name\":\"Po\\u010detna stranica\"}},{\"@type\":\"ListItem\",\"position\":2,\"item\":{\"@id\":\"http:\/\/knjiznice.nsk.hr\/senj\/gk-senj-info\/#webpage\"}}]}]}<\/script>\n<!-- \/ Yoast SEO plugin. -->","_links":{"self":[{"href":"https:\/\/knjiznice.nsk.hr\/senj\/wp-json\/wp\/v2\/pages\/27"}],"collection":[{"href":"https:\/\/knjiznice.nsk.hr\/senj\/wp-json\/wp\/v2\/pages"}],"about":[{"href":"https:\/\/knjiznice.nsk.hr\/senj\/wp-json\/wp\/v2\/types\/page"}],"author":[{"embeddable":true,"href":"https:\/\/knjiznice.nsk.hr\/senj\/wp-json\/wp\/v2\/users\/58"}],"replies":[{"embeddable":true,"href":"https:\/\/knjiznice.nsk.hr\/senj\/wp-json\/wp\/v2\/comments?post=27"}],"version-history":[{"count":23,"href":"https:\/\/knjiznice.nsk.hr\/senj\/wp-json\/wp\/v2\/pages\/27\/revisions"}],"predecessor-version":[{"id":3348,"href":"https:\/\/knjiznice.nsk.hr\/senj\/wp-json\/wp\/v2\/pages\/27\/revisions\/3348"}],"wp:attachment":[{"href":"https:\/\/knjiznice.nsk.hr\/senj\/wp-json\/wp\/v2\/media?parent=27"}],"curies":[{"name":"wp","href":"https:\/\/api.w.org\/{rel}","templated":true}]}}