{"id":2274,"date":"2021-03-12T10:08:33","date_gmt":"2021-03-12T10:08:33","guid":{"rendered":"http:\/\/knjiznice.nsk.hr\/senj\/?page_id=2274"},"modified":"2021-03-12T10:08:33","modified_gmt":"2021-03-12T10:08:33","slug":"politika-privatnosti","status":"publish","type":"page","link":"https:\/\/knjiznice.nsk.hr\/senj\/politika-privatnosti\/","title":{"rendered":"POLITIKA PRIVATNOSTI"},"content":{"rendered":"<p>Politika privatnosti<br \/>\nSa\u017eetak politike<br \/>\nU Gradskoj Knji\u017enici Senj privatnost pojedinaca \u0107e se uvijek po\u0161tivati u skladu s zakonima, Op\u0107om uredbom EU i organizacijskim na\u010delima privatnosti utvr\u0111eni ovom politikom. Osobni podatci zaposlenika i interesnih partnera sa kojima raspola\u017eemo ne smiju se staviti na raspolaganje tre\u0107im pravnim i fizi\u010dkim osobama bez pristanka ispitanika. O svakoj eventualnoj pogre\u0161ci Gradske Knji\u017enice Senj u za\u0161titi osobnih podataka biti \u0107e obavije\u0161teni ispitanik i AZOP, a Gradska Knji\u017enica Senj \u0107e poduzeti sve raspolo\u017eive mjere  da se smanji negativni u\u010dinak po ispitanika.<\/p>\n<p>Uvod<br \/>\nU Gradskoj Knji\u017enici Senj svi podaci koje pribavljamo, obra\u0111ujemo, pohranjujemo ili prenosimo, a koji se odnose na pojedince (ispitanike), moraju biti primjereno za\u0161ti\u0107eni od neovla\u0161tenog pristupa ili zlonamjernih promjena. Kod pribavljanja, pohranjivanja, obrade ili prijenosa informacija koje se odnose na ispitanika, moramo u svakom trenutku po\u0161tivati njihove \u017eelje i prava na privatnost. Svi zaposlenici u Gradskoj Knji\u017enici Senj koji na bilo koji na\u010din dolaze u kontakt s podacima ispitanika upoznati su sa svim pravilima za\u0161tite privatnosti pojedinca a imaju obvezu potpisati Izjavu o tajnosti u kojoj se obvezuju na odgovornost u slu\u010daju njihovog doprinosa povredi podataka ispitanika.<\/p>\n<p>Ciljevi za\u0161tite privatnosti<br \/>\n1.\tGradska Knji\u017enica Senj \u0107e:<br \/>\na.\tkoristiti metode koje omogu\u0107avaju razumijevanje rizika privatnosti ispitanika za podataka koji se obra\u0111uju.<br \/>\nb.\tpoduzeti sve mjere za\u0161tite osobnih podataka ispitanika u smislu za\u0161tite njegove privatnosti.<br \/>\nc.\tsa\u010duvati integritet osobnih podataka ispitanika.<br \/>\nd.\tdosljedno promjenjivati utvr\u0111ena na\u010dela privatnosti ispitanika.<br \/>\ne.\tosigurati da se dosljedno provodi Kodeks pona\u0161anja voditelja i izvr\u0161itelja obrade,<br \/>\nf.\tosigurati da privatnost ne\u0107e negativno utjecati na prihva\u0107anje proizvoda ili usluge od strane korisnika<\/p>\n<p>Na\u010dela privatnosti<br \/>\n1.\tProvest \u0107e se procjena u\u010dinka na privatnost za sve sustave ili procese uklju\u010dene u pribavljanje, rukovanje ili pohranjivanje osobnih podataka.<br \/>\n2.\tZaposlenici \u0107e biti svjesni  i odgovorni za pridr\u017eavanje zahtjeva za privatnost primjenljivih na njihovu ulogu.<br \/>\n3.\tOsigurat \u0107e se financiranje odgovaraju\u0107ih aktivnosti nadzora privatnosti u operativnim procesima i procesima upravljanja projektom.<br \/>\n4.\tIzvje\u0161taji o statusu za\u0161tite podataka bit \u0107e na raspolaganju svima u organizaciji.<br \/>\n5.\tRizici obrade podataka \u0107e se pratiti i poduzimat \u0107e se radnje kad promjene donose rizike koji nisu prihvatljivi.<br \/>\n6.\tIzradit \u0107e se kriteriji za klasifikaciju i prihvatljivost rizika i prema njima \u0107e se postupati u obradi podataka ispitanika.<br \/>\n7.\tNe\u0107e se tolerirati situacije koje mogu organizaciju dovesti u kr\u0161enje zakona i propisa.<\/p>\n<p>Odgovornosti<br \/>\nMatricom odgovornosti definiraju se odgovornosti rukovodilaca za provo\u0111enje za\u0161tite privatnosti na svim razinama  upravljanja u organizaciji.<br \/>\nSvi rukovoditelji iz matrice odgovornosti su odgovorni osigurati da zaposlenici koji rade pod njihovim nadzorom \u0161tite informacije u skladu sa standardima organizacije.<br \/>\nSlu\u017ebenik za za\u0161titu savjetuje rukovodstvo o na\u010dinu provo\u0111enja privatnosti u podru\u010dju njihove odgovornosti, pru\u017ea specijalisti\u010dku podr\u0161ku zaposlenicima organizacije i osigurava raspolo\u017eivost izvje\u0161taja o statusu privatnosti.<br \/>\nSvaki rukovodilac i zaposlenik ima odgovornost za privatnost kao dio obavljanja svog posla.<\/p>\n<p>Primjena<br \/>\nSve pojedina\u010dne politike koje su u vezi s privatno\u0161\u0107u njihova na\u010dela i smjernice \u010dine sastavni dio ove politike.<br \/>\nOva politika i njene odrednice, danom objavljivanja,  postaje obavezom svakog zaposlenika u Gradskoj Knji\u017enici Senj. Svako njeno nepo\u0161tivanje ili zaobila\u017eenje smatrat \u0107e se povredom radne du\u017enosti.<\/p>\n<p>Mjesto __Senj_________<br \/>\nDatum _____12.3.2021._______<br \/>\nZa voditelja obrade<br \/>\n_____Ana Prpi\u0107 Rogi\u0107_______________<\/p>\n","protected":false},"excerpt":{"rendered":"<p>Politika privatnosti Sa\u017eetak politike U Gradskoj Knji\u017enici Senj privatnost pojedinaca \u0107e se uvijek po\u0161tivati u skladu s zakonima, Op\u0107om uredbom EU i organizacijskim na\u010delima privatnosti utvr\u0111eni ovom politikom. Osobni podatci zaposlenika i interesnih partnera sa kojima raspola\u017eemo ne smiju se staviti na raspolaganje tre\u0107im pravnim i fizi\u010dkim osobama bez pristanka ispitanika. O svakoj eventualnoj pogre\u0161ci [&hellip;]<\/p>\n","protected":false},"author":58,"featured_media":0,"parent":0,"menu_order":0,"comment_status":"closed","ping_status":"closed","template":"","meta":{"ngg_post_thumbnail":0},"yoast_head":"<!-- This site is optimized with the Yoast SEO plugin v16.4 - https:\/\/yoast.com\/wordpress\/plugins\/seo\/ -->\n<meta name=\"robots\" content=\"index, follow, max-snippet:-1, max-image-preview:large, max-video-preview:-1\" \/>\n<link rel=\"canonical\" href=\"https:\/\/knjiznice.nsk.hr\/senj\/politika-privatnosti\/\" \/>\n<meta property=\"og:locale\" content=\"hr_HR\" \/>\n<meta property=\"og:type\" content=\"article\" \/>\n<meta property=\"og:title\" content=\"POLITIKA PRIVATNOSTI - Gradska knji\u017enica Senj\" \/>\n<meta property=\"og:description\" content=\"Politika privatnosti Sa\u017eetak politike U Gradskoj Knji\u017enici Senj privatnost pojedinaca \u0107e se uvijek po\u0161tivati u skladu s zakonima, Op\u0107om uredbom EU i organizacijskim na\u010delima privatnosti utvr\u0111eni ovom politikom. Osobni podatci zaposlenika i interesnih partnera sa kojima raspola\u017eemo ne smiju se staviti na raspolaganje tre\u0107im pravnim i fizi\u010dkim osobama bez pristanka ispitanika. O svakoj eventualnoj pogre\u0161ci [&hellip;]\" \/>\n<meta property=\"og:url\" content=\"https:\/\/knjiznice.nsk.hr\/senj\/politika-privatnosti\/\" \/>\n<meta property=\"og:site_name\" content=\"Gradska knji\u017enica Senj\" \/>\n<meta property=\"article:publisher\" content=\"http:\/\/facebook.com\/Gradska-knji%c5%benica-SENJ\" \/>\n<meta name=\"twitter:label1\" content=\"Procijenjeno vrijeme \u010ditanja\" \/>\n\t<meta name=\"twitter:data1\" content=\"3 minute\" \/>\n<script type=\"application\/ld+json\" class=\"yoast-schema-graph\">{\"@context\":\"https:\/\/schema.org\",\"@graph\":[{\"@type\":\"WebSite\",\"@id\":\"https:\/\/knjiznice.nsk.hr\/senj\/#website\",\"url\":\"https:\/\/knjiznice.nsk.hr\/senj\/\",\"name\":\"Gradska knji\\u017enica Senj\",\"description\":\"S vama od 1835. godine\",\"potentialAction\":[{\"@type\":\"SearchAction\",\"target\":\"https:\/\/knjiznice.nsk.hr\/senj\/?s={search_term_string}\",\"query-input\":\"required name=search_term_string\"}],\"inLanguage\":\"hr\"},{\"@type\":\"WebPage\",\"@id\":\"https:\/\/knjiznice.nsk.hr\/senj\/politika-privatnosti\/#webpage\",\"url\":\"https:\/\/knjiznice.nsk.hr\/senj\/politika-privatnosti\/\",\"name\":\"POLITIKA PRIVATNOSTI - Gradska knji\\u017enica Senj\",\"isPartOf\":{\"@id\":\"https:\/\/knjiznice.nsk.hr\/senj\/#website\"},\"datePublished\":\"2021-03-12T10:08:33+00:00\",\"dateModified\":\"2021-03-12T10:08:33+00:00\",\"breadcrumb\":{\"@id\":\"https:\/\/knjiznice.nsk.hr\/senj\/politika-privatnosti\/#breadcrumb\"},\"inLanguage\":\"hr\",\"potentialAction\":[{\"@type\":\"ReadAction\",\"target\":[\"https:\/\/knjiznice.nsk.hr\/senj\/politika-privatnosti\/\"]}]},{\"@type\":\"BreadcrumbList\",\"@id\":\"https:\/\/knjiznice.nsk.hr\/senj\/politika-privatnosti\/#breadcrumb\",\"itemListElement\":[{\"@type\":\"ListItem\",\"position\":1,\"item\":{\"@type\":\"WebPage\",\"@id\":\"https:\/\/knjiznice.nsk.hr\/senj\/\",\"url\":\"https:\/\/knjiznice.nsk.hr\/senj\/\",\"name\":\"Po\\u010detna stranica\"}},{\"@type\":\"ListItem\",\"position\":2,\"item\":{\"@id\":\"https:\/\/knjiznice.nsk.hr\/senj\/politika-privatnosti\/#webpage\"}}]}]}<\/script>\n<!-- \/ Yoast SEO plugin. -->","_links":{"self":[{"href":"https:\/\/knjiznice.nsk.hr\/senj\/wp-json\/wp\/v2\/pages\/2274"}],"collection":[{"href":"https:\/\/knjiznice.nsk.hr\/senj\/wp-json\/wp\/v2\/pages"}],"about":[{"href":"https:\/\/knjiznice.nsk.hr\/senj\/wp-json\/wp\/v2\/types\/page"}],"author":[{"embeddable":true,"href":"https:\/\/knjiznice.nsk.hr\/senj\/wp-json\/wp\/v2\/users\/58"}],"replies":[{"embeddable":true,"href":"https:\/\/knjiznice.nsk.hr\/senj\/wp-json\/wp\/v2\/comments?post=2274"}],"version-history":[{"count":1,"href":"https:\/\/knjiznice.nsk.hr\/senj\/wp-json\/wp\/v2\/pages\/2274\/revisions"}],"predecessor-version":[{"id":2275,"href":"https:\/\/knjiznice.nsk.hr\/senj\/wp-json\/wp\/v2\/pages\/2274\/revisions\/2275"}],"wp:attachment":[{"href":"https:\/\/knjiznice.nsk.hr\/senj\/wp-json\/wp\/v2\/media?parent=2274"}],"curies":[{"name":"wp","href":"https:\/\/api.w.org\/{rel}","templated":true}]}}