{"id":1719,"date":"2018-12-10T10:55:08","date_gmt":"2018-12-10T10:55:08","guid":{"rendered":"http:\/\/knjiznice.nsk.hr\/senj\/?page_id=1719"},"modified":"2018-12-10T10:55:08","modified_gmt":"2018-12-10T10:55:08","slug":"izvjesce-o-radu-za-2016-godinu-skracena-verzija","status":"publish","type":"page","link":"https:\/\/knjiznice.nsk.hr\/senj\/izvjesce-o-radu-za-2016-godinu-skracena-verzija\/","title":{"rendered":"IZVJE\u0160\u0106E O RADU ZA 2016. godinu-skra\u0107ena verzija"},"content":{"rendered":"<p>\u2022\tSTANJE FONDA, NABAVA I OTPIS<br \/>\n-I po broju knjiga i po nabavi i otpisu zadovoljavamo standarde struke.<br \/>\n-Fond na koncu godine-30 719 knjiga<br \/>\n-Nabava gra\u0111e-2016.god-nabavljeno 1057 knjiga i 41 jedinica elektr.gra\u0111e.<br \/>\n-Periodika-nabavljano-15 naslova<br \/>\n-Otpisano 1111 jedinica<br \/>\n\u2022\tOBRADA GRA\u0110E<br \/>\nOtkako smo 2015. godine uveli knji\u017eni\u010dni program Zaki, na\u0161e poslovanje je unaprije\u0111eno na svim razinama. Uz to \u0161to koristimo zajedni\u010dku bazu Zaki kataloga za obradu gra\u0111e, i na\u0161i djelatnici sudjeluju u kreiranju iste.<br \/>\nUz to, odli\u010dno funkcioniraju i rado se koriste i na\u0161i online katalozi -korisnici mogu pregledavati fond iz naslonja\u010da, a posje\u0107ena je i na\u0161a web i facebook stranica.<br \/>\nOd samog uvo\u0111enja 2015. g. koje smo postigli apliciranjem i tako dobili besplatnu platformu pa nadalje sami odr\u017eavamo i a\u017euriramo web stranicu. Na taj na\u010din \u0161tedimo gradski novac jer bi u protivnom za odr\u017eavanje bilo potrebno izdvajati barem 20.000,00 kn godi\u0161nje.<br \/>\n\u2022\t\u010cLANOVI I CIRKULACIJA<br \/>\n-Senj-528, Jurjevo-65, Krasno-44, ukupno-637<br \/>\n-Veliki broj posudbi (preko 20 000) te vrlo dobar odaziv gra\u0111ana na doga\u0111anja (oko 1500 gra\u0111ana) daju izvrsne statistike o godi\u0161njoj cirkulaciji gra\u0111e i korisnika u na\u0161oj knji\u017enici.<br \/>\n\u2022\tPROSTOR<br \/>\nSve donedavno Knji\u017enicu je mu\u010dio problem nedostatka skladi\u0161nog prostora \u0161to je uvelike ote\u017eavalo poslovanje Knji\u017enice.<br \/>\nNovost i pobolj\u0161anje: S rje\u0161avanjem problema skladi\u0161ta krenulo se jo\u0161 u 2015. godini kada nam je grad ustupio prostor na Trgu Cilnica 12, a u potpunosti je rije\u0161en u 2016. godini. Naime, prostor je bio pun vlage i zapu\u0161ten te neopremljen za skladi\u0161tenje knjiga pa smo aplicirali na program Ministarstva kulture Program kulturnog razvitka za 2016. godinu-investicijski program: ure\u0111enje knji\u017enice te pro\u0161li na natje\u010daju kojim nam je Ministarstvo kulture sufinanciralo radove sanacije, izolacije i opremanja prostora s 50.000,00 kuna. Projekt \u201eAdaptacija skladi\u0161nog prostora Gradske knji\u017enice Senj\u201c ukupno je stajao 96.413,74 kune te je ostatak financijske konstrukcije pokrio Osniva\u010d Knji\u017enice. Gra\u0111a sa svih dislociranih spremi\u0161ta je povu\u010dena u novo skladi\u0161te i ve\u0107 se intenzivno radi na njezinom sortiranju i slaganju.<br \/>\n\u2022\tOPREMA<br \/>\nVe\u0107inu planiranih osvje\u017eenja i obnova opreme izvr\u0161ili smo kroz 2016. godinu. Naime, ve\u0107ina informati\u010dke opreme bila je zastarjela pa smo se javili na dva natje\u010daja na kojima smo uspje\u0161no dobili sredstva za nabavu nove opreme za sredi\u0161njicu i ogranke.<br \/>\nNa natje\u010daju Ministarstva kulture Program kulturnog razvitka za 2016. godinu-Program informatizacije: nabava ra\u010dunalne opreme \u2013 dobili smo 10.000,00 kuna, a od Grada jo\u0161 2.000 kn. Uz to, tvrtka DM raspisala je povodom 20. godi\u0161njice djelovanja u Hrvatskoj  natje\u010daj Jer sve smo to mi kojom je \u017eeljela pomo\u0107i razvoju lokalnih zajednica. Od 2000 prijavljenih programa iz cijele Hrvatske, 40 je odabrano, a me\u0111u njima i projekt Gradske knji\u017enice Senj kojim smo dobili opremu u vrijednosti od 43.750,00 kn. Tako\u0111er, ekonomi\u010dnim poslovanjem te preraspodjelom sredstava osigurali smo sredstva za nabavku potrebnog namje\u0161taja.<br \/>\n\u2022\tPROGRAM KULTURNIH DOGA\u0110ANJA<br \/>\nUz primarne knji\u017eni\u010darske poslove, va\u017ean naglasak Gradska knji\u017enica Senj stavlja na kulturni program i doga\u0111anja u svojoj ustanovi. Organiziramo sve vrste doga\u0111aja od kulturnih, edukacijskih, savjetodavnih do informacijskih sadr\u017eaja za djecu, tinejd\u017eere i odrasle s ciljem poticanja kulture knjige i \u010ditanja te oboga\u0107ivanja kulturne ponude u na\u0161em gradu. Namjera nam je da se posjetitelji u na\u0161im prostorima osje\u0107aju ugodno, da se obrazuju, informiraju i u\u017eivaju u kulturi, ali i da Knji\u017enica bude mjesto dru\u017eenja, susreta i dobrih vibracija. Broj posjetitelja kroz godinu svjedo\u010di da u tome uspijevamo i da su na\u0161i gra\u0111ani prepoznali Knji\u017enicu kao Dnevni boravak grada.<br \/>\nU 2016. godini organizirali smo 49 doga\u0111aja koje je posjetilo oko 1500 ljudi kojima se od srca zahvaljujemo na posjeti, pa\u017enji i dru\u017eenju. Otvarali smo izlo\u017ebe raznih tematika, radili edukacijske programe za vrti\u0107arce, osnovce i gimnazijalce, organizirali smo knji\u017eevne ve\u010deri i knji\u017eevna jutra, organizirali smo koncerte, predavanja raznih vrsta, obilje\u017eavali va\u017ene datume i godi\u0161njice, odr\u017eavali akcije prigodnog i humanitarnog karaktera, ma\u0161karali se, organizirali kino predstave, ugo\u0161\u0107avali i predstavljali svoju knji\u017enicu brojnih skupinama, radili radionice raznih profila, nagra\u0111ivali korisnike. Aktivno smo obilje\u017eili Dan Grada, No\u0107 knjige i Mjesec hrvatske knjige te bili prisutni u svim gradskim doga\u0111anjima kroz godinu u koje smo se uklju\u010divali svojim aktivnostima i programima i na taj na\u010din dali svoj obol gradskim manifestacijama.<br \/>\nPri organizaciji doga\u0111aja vodimo se mi\u0161lju da zadr\u017eimo one projekte koji su se pokazali uspje\u0161nima te ih u\u010dinimo tradicionalnima, ali da i kontinuiramo radimo na uvo\u0111enju novih programa kako bih uvijek bilo ne\u0161to novo i svje\u017ee u na\u0161oj ponudi za velike i male posjetitelje.<br \/>\nOd ve\u0107 ustaljenih dugogodi\u0161njih programa koji su uspje\u0161no za\u017eivjeli izdvajamo:<br \/>\n-Biblioterapijske radionice, ma\u0161karane fotoizlo\u017ebe, edukacijske programi za gimnazijalce, filmska lektirna jutra, kostimirano-edukativni knji\u017eevni satovi, nagra\u0111ivanje naj\u010dita\u010dima , ljetne i bo\u017ei\u0107ne radionice za djecu te razne knji\u017eevne ve\u010deri, promocije knjiga, izlo\u017ebe, predavanja raznih tematika i obilasci knji\u017enice.<br \/>\nU 2016. od novih programa koje smo uveli izdvajamo:Knji\u017eevno jutro u kafi\u0107u-\u201eDobro, jutro Senju grade, koncert u No\u0107i knjige i ugo\u0161\u0107avanje poznatih knji\u017eevnika.<br \/>\nPri organizaciji doga\u0111aja odli\u010dno sura\u0111ujemo sa svim ustanovama, udrugama i institucijama na lokalnoj, \u017eupanijskoj i dr\u017eavnoj razini. Sve doga\u0111aje propagiramo plakatima, lecima, preko portala, novima, radija i putem na\u0161e web i facebook stranice. Uz to, kroz godinu u suradnji s Radio Senjom kreiramo emisiju Knji\u017enica u eteru &#8211; radioemisiju u kojoj knji\u017enica obavje\u0161tava gra\u0111ane o svojim aktivnostima i te najavljuje predstoje\u0107a doga\u0111anja.<br \/>\n\u2022\tFINANCIJSKO POSLOVANJE<br \/>\nPoslovali smo pozitivno te sukladno planovima i zakonima, a godinu smo zaklju\u010dili  podmiriv\u0161i sve obaveze i ra\u010dune i bez odstupanja od predvi\u0111enog plana i programa.<br \/>\nPored sredstava Osniva\u010da i vlastitih sredstva, dodatnim smo naporima osigurali sredstva i iz ostalih izvora:-100.000 kuna -Ministarstvo kulture\/43.750  kn &#8211; tvrtka DM te<br \/>\n-3.800  kuna-otkup autorskih prava za roman Crvenokosa Zora i njezina dru\u017eina-tvrtka Selan<br \/>\n\u2022\tZAKLJU\u010cAK<br \/>\nU 2016. godini poslovali smo i radili prema zakonu i struci i godinu uspje\u0161no priveli kraju.<br \/>\nIz izvje\u0161\u0107a je evidentan napredak i pobolj\u0161anje na mnogim poljima. U narednom periodu planiramo odr\u017eavati kvalitetu rada, poslovanja i usluga dr\u017ee\u0107i nivo koji smo postavili u 2015.i 2016. godini. Uz to, u 2017. godini planiramo raditi na daljnjem usavr\u0161avanju i napredovanju na raznim poljima.<br \/>\nProtekle godine knji\u017eni\u010dno osoblje trudilo se zadovoljiti zahtjeve zajednice za knji\u017eni\u010dnom gra\u0111om, kulturnim i edukacijskim sadr\u017eajima, za pristupom novim tehnologijama te za informacijskim opismenjavanjem . Obim  fonda, broj korisnika, broj posudbi, kao i velika posje\u0107enost u knji\u017enici govore o  zadovoljnim  korisnicima koji prepoznaju svoju knji\u017enicu kao va\u017ean kulturni centar u gradu. Trudit \u0107emo se da tako bude i ubudu\u0107e.<\/p>\n","protected":false},"excerpt":{"rendered":"<p>\u2022 STANJE FONDA, NABAVA I OTPIS -I po broju knjiga i po nabavi i otpisu zadovoljavamo standarde struke. -Fond na koncu godine-30 719 knjiga -Nabava gra\u0111e-2016.god-nabavljeno 1057 knjiga i 41 jedinica elektr.gra\u0111e. -Periodika-nabavljano-15 naslova -Otpisano 1111 jedinica \u2022 OBRADA GRA\u0110E Otkako smo 2015. godine uveli knji\u017eni\u010dni program Zaki, na\u0161e poslovanje je unaprije\u0111eno na svim razinama. [&hellip;]<\/p>\n","protected":false},"author":58,"featured_media":0,"parent":0,"menu_order":0,"comment_status":"closed","ping_status":"closed","template":"","meta":{"ngg_post_thumbnail":0},"yoast_head":"<!-- This site is optimized with the Yoast SEO plugin v16.4 - https:\/\/yoast.com\/wordpress\/plugins\/seo\/ -->\n<meta name=\"robots\" content=\"index, follow, max-snippet:-1, max-image-preview:large, max-video-preview:-1\" \/>\n<link rel=\"canonical\" href=\"https:\/\/knjiznice.nsk.hr\/senj\/izvjesce-o-radu-za-2016-godinu-skracena-verzija\/\" \/>\n<meta property=\"og:locale\" content=\"hr_HR\" \/>\n<meta property=\"og:type\" content=\"article\" \/>\n<meta property=\"og:title\" content=\"IZVJE\u0160\u0106E O RADU ZA 2016. godinu-skra\u0107ena verzija - Gradska knji\u017enica Senj\" \/>\n<meta property=\"og:description\" content=\"\u2022 STANJE FONDA, NABAVA I OTPIS -I po broju knjiga i po nabavi i otpisu zadovoljavamo standarde struke. -Fond na koncu godine-30 719 knjiga -Nabava gra\u0111e-2016.god-nabavljeno 1057 knjiga i 41 jedinica elektr.gra\u0111e. -Periodika-nabavljano-15 naslova -Otpisano 1111 jedinica \u2022 OBRADA GRA\u0110E Otkako smo 2015. godine uveli knji\u017eni\u010dni program Zaki, na\u0161e poslovanje je unaprije\u0111eno na svim razinama. [&hellip;]\" \/>\n<meta property=\"og:url\" content=\"https:\/\/knjiznice.nsk.hr\/senj\/izvjesce-o-radu-za-2016-godinu-skracena-verzija\/\" \/>\n<meta property=\"og:site_name\" content=\"Gradska knji\u017enica Senj\" \/>\n<meta property=\"article:publisher\" content=\"http:\/\/facebook.com\/Gradska-knji%c5%benica-SENJ\" \/>\n<meta name=\"twitter:label1\" content=\"Procijenjeno vrijeme \u010ditanja\" \/>\n\t<meta name=\"twitter:data1\" content=\"6 minuta\" \/>\n<script type=\"application\/ld+json\" class=\"yoast-schema-graph\">{\"@context\":\"https:\/\/schema.org\",\"@graph\":[{\"@type\":\"WebSite\",\"@id\":\"http:\/\/knjiznice.nsk.hr\/senj\/#website\",\"url\":\"http:\/\/knjiznice.nsk.hr\/senj\/\",\"name\":\"Gradska knji\\u017enica Senj\",\"description\":\"S vama od 1835. godine\",\"potentialAction\":[{\"@type\":\"SearchAction\",\"target\":\"http:\/\/knjiznice.nsk.hr\/senj\/?s={search_term_string}\",\"query-input\":\"required name=search_term_string\"}],\"inLanguage\":\"hr\"},{\"@type\":\"WebPage\",\"@id\":\"https:\/\/knjiznice.nsk.hr\/senj\/izvjesce-o-radu-za-2016-godinu-skracena-verzija\/#webpage\",\"url\":\"https:\/\/knjiznice.nsk.hr\/senj\/izvjesce-o-radu-za-2016-godinu-skracena-verzija\/\",\"name\":\"IZVJE\\u0160\\u0106E O RADU ZA 2016. godinu-skra\\u0107ena verzija - Gradska knji\\u017enica Senj\",\"isPartOf\":{\"@id\":\"http:\/\/knjiznice.nsk.hr\/senj\/#website\"},\"datePublished\":\"2018-12-10T10:55:08+00:00\",\"dateModified\":\"2018-12-10T10:55:08+00:00\",\"breadcrumb\":{\"@id\":\"https:\/\/knjiznice.nsk.hr\/senj\/izvjesce-o-radu-za-2016-godinu-skracena-verzija\/#breadcrumb\"},\"inLanguage\":\"hr\",\"potentialAction\":[{\"@type\":\"ReadAction\",\"target\":[\"https:\/\/knjiznice.nsk.hr\/senj\/izvjesce-o-radu-za-2016-godinu-skracena-verzija\/\"]}]},{\"@type\":\"BreadcrumbList\",\"@id\":\"https:\/\/knjiznice.nsk.hr\/senj\/izvjesce-o-radu-za-2016-godinu-skracena-verzija\/#breadcrumb\",\"itemListElement\":[{\"@type\":\"ListItem\",\"position\":1,\"item\":{\"@type\":\"WebPage\",\"@id\":\"http:\/\/knjiznice.nsk.hr\/senj\/\",\"url\":\"http:\/\/knjiznice.nsk.hr\/senj\/\",\"name\":\"Po\\u010detna stranica\"}},{\"@type\":\"ListItem\",\"position\":2,\"item\":{\"@id\":\"https:\/\/knjiznice.nsk.hr\/senj\/izvjesce-o-radu-za-2016-godinu-skracena-verzija\/#webpage\"}}]}]}<\/script>\n<!-- \/ Yoast SEO plugin. -->","_links":{"self":[{"href":"https:\/\/knjiznice.nsk.hr\/senj\/wp-json\/wp\/v2\/pages\/1719"}],"collection":[{"href":"https:\/\/knjiznice.nsk.hr\/senj\/wp-json\/wp\/v2\/pages"}],"about":[{"href":"https:\/\/knjiznice.nsk.hr\/senj\/wp-json\/wp\/v2\/types\/page"}],"author":[{"embeddable":true,"href":"https:\/\/knjiznice.nsk.hr\/senj\/wp-json\/wp\/v2\/users\/58"}],"replies":[{"embeddable":true,"href":"https:\/\/knjiznice.nsk.hr\/senj\/wp-json\/wp\/v2\/comments?post=1719"}],"version-history":[{"count":1,"href":"https:\/\/knjiznice.nsk.hr\/senj\/wp-json\/wp\/v2\/pages\/1719\/revisions"}],"predecessor-version":[{"id":1720,"href":"https:\/\/knjiznice.nsk.hr\/senj\/wp-json\/wp\/v2\/pages\/1719\/revisions\/1720"}],"wp:attachment":[{"href":"https:\/\/knjiznice.nsk.hr\/senj\/wp-json\/wp\/v2\/media?parent=1719"}],"curies":[{"name":"wp","href":"https:\/\/api.w.org\/{rel}","templated":true}]}}