{"id":1717,"date":"2018-12-10T10:54:23","date_gmt":"2018-12-10T10:54:23","guid":{"rendered":"http:\/\/knjiznice.nsk.hr\/senj\/?page_id=1717"},"modified":"2018-12-10T10:54:23","modified_gmt":"2018-12-10T10:54:23","slug":"izvjesce-o-radu-za-2017-g-skracena-verzija","status":"publish","type":"page","link":"https:\/\/knjiznice.nsk.hr\/senj\/izvjesce-o-radu-za-2017-g-skracena-verzija\/","title":{"rendered":"IZVJE\u0160\u0106E O RADU ZA 2017.g-skra\u0107ena verzija"},"content":{"rendered":"<p>\u2022\tSTANJE FONDA, NABAVA I OTPIS<br \/>\n-I po broju knjiga i po nabavi i otpisu zadovoljavamo standarde struke.<br \/>\n-Fond na koncu godine-29 751: SENJ-22 903, SV.JURAJ-4421, KRASNO-2427<br \/>\n-Nabava gra\u0111e-2017.god-nabavljeno 1183 knjiga i 46 jedinica elektr.gra\u0111e.<br \/>\n-Periodika-nabavljano-24 naslova \u010dasopisa te 5 naslova dnevnih novina.<br \/>\n-Otpisano -1756 jedinica<br \/>\n\u2022\tOBRADA GRA\u0110E-ra\u010dunalni program Zaki<br \/>\nOtkako smo 2015. godine uveli knji\u017eni\u010dni program Zaki, na\u0161e poslovanje je unaprije\u0111eno na svim razinama. Uz to, odli\u010dno funkcioniraju i rado se koriste i na\u0161i online katalozi u sklopu na\u0161ih web kanala informiranja-internetske stranice i facebook stranice koje smo samostalno isposlovali te sami odr\u017eavamo i osvje\u017eavamo. Tako\u0111er, lani je oformljen i Odjel za pretra\u017eivanje na\u0161eg fonda u prostorijama knji\u017enice. To je dio namijenjen korisnicima koji \u017eele du\u017ee i detaljnije pretra\u017eivati na\u0161 katalog. Kutak je opremljen radnim stolom, ra\u010dunalom i uputama za kori\u0161tenje kataloga. Ovaj projekt dobro slu\u017ei u\u010denicima, studentima te znanstvenim istra\u017eiva\u010dima koji \u017eele detaljno istra\u017eiti pojedinu tematiku.<br \/>\n\u2022\t\u010cLANOVI KNJI\u017dNICE U 2017. GODINI I CIRKULACIJA GRA\u0110E<br \/>\n-653 \u010dlanova: SENJ-546; SVETI JURAJ-67; KRASNO-40<br \/>\n-Veliki broj posudbi (17523) te vrlo dobar odaziv gra\u0111ana na doga\u0111anja (oko 1500 gra\u0111ana) daju izvrsne statistike o godi\u0161njoj cirkulaciji gra\u0111e i korisnika u na\u0161oj knji\u017enici.<br \/>\n\u2022\tPROSTOR<br \/>\nNedavnom uspje\u0161nom provedbom projekta \u201eAdaptacija skladi\u0161nog prostora Gradske knji\u017enice Senj\u201c koji je ukupno stajao 96.413,74 kn uz pomo\u0107 Ministarstva kulture i Osniva\u010da opremili smo i stavili u funkciju moderno novo skladi\u0161te neophodno za primjerenu pohranu knji\u017ene gra\u0111e.<br \/>\nZadovoljni smo \u0161to je problem skladi\u0161tenja gra\u0111e rije\u0161en, no u Knji\u017enici se nametnula jo\u0161 jedna potreba koju bi u budu\u0107nosti trebalo namiriti na zadovoljstvo djelatnika i korisnika ustanove.<br \/>\nDok je veli\u010dina prostora u ograncima zadovoljavaju\u0107a, u senjskoj knji\u017enici se javila potreba pro\u0161irenja dijela predvi\u0111enog za doga\u0111aje koji su posje\u0107eni te prosor postaje premalen za tu namjenu. U tom smislu predla\u017eemo, ukoliko bude u mogu\u0107nosti, da se prostor u neposrednoj blizini Knji\u017enice, koji je trenutno u privatnom vlasni\u0161tvu otkupi i dade Knji\u017enici na kori\u0161tenje. OPREMA<br \/>\nKnji\u017enica raspola\u017ee knji\u017eni\u010darskom, uredskom i informati\u010dkom opremom koju redovito popisuje, odr\u017eava i u skladu s mogu\u0107nostima obnavlja. Ve\u0107inu planiranih osvje\u017eenja i obnova opreme izvr\u0161ili smo kroz 2016.  i 2017. godinu javljaju\u0107i se na razne natje\u010daje na kojima smo uspje\u0161no dobili sredstva za nabavu nove opreme za sredi\u0161njicu i ogranke, a isto planiramo i ubudu\u0107e kako bismo rasteretili gradski prora\u010dun i namaknuli sredstva za opremu i iz drugih izvora.<br \/>\n\u2022\tFINANCIJSKO POSLOVANJE<br \/>\nPoslovali smo pozitivno te sukladno planovima i zakonima.<br \/>\nNa\u0161i primici u 2017. godini bili su 528.201,00 kn, a rashodi 528.123,00 kune od \u010dega je 79.037,00 kuna utro\u0161eno za nabavu nefinancijske imovine. Ostvaren je ukupan vi\u0161ak prihoda poslovanja u iznosu od 78 kuna.<br \/>\nPored sredstava Osniva\u010da i vlastitih sredstva, dodatnim smo naporima osigurali sredstva i iz ostalih izvora:-40.000,00 kuna za nabavu knji\u017ene i neknji\u017ene gra\u0111e-Ministarstvo kulture te<br \/>\n-10.000,00 kuna za nabavku informati\u010dke opreme-Ministarstvo kulture<br \/>\n\u2022\tPROGRAM KULTURNIH DOGA\u0110ANJA<br \/>\nUz primarne knji\u017eni\u010darske poslove, va\u017ean naglasak Gradska knji\u017enica Senj stavlja na kulturni program i doga\u0111anja u svojoj ustanovi. Organiziramo sve vrste doga\u0111aja od kulturnih, edukacijskih, savjetodavnih do informacijskih sadr\u017eaja za djecu, tinejd\u017eere i odrasle s ciljem poticanja kulture knjige i \u010ditanja te oboga\u0107ivanja kulturne ponude u na\u0161em gradu.<br \/>\nU 2017. godini organizirali smo razna doga\u0111anja za sve uzraste i interese na\u0161ih sugra\u0111ana. Tako\u0111er, aktivno smo obilje\u017eili Dan Grada, No\u0107 knjige i Mjesec hrvatske knjige te bili prisutni u svim gradskim doga\u0111anjima kroz godinu u koje smo se uklju\u010divali svojim aktivnostima i programima i na taj na\u010din dali svoj obol gradskim manifestacijama.<br \/>\nKroz pripremu i realizaciju doga\u0111anja aktivno i dobro sura\u0111ujemo sa svim ustanovama, udrugama i institucijama na lokalnoj, \u017eupanijskoj i dr\u017eavnoj razini. Sve doga\u0111aje propagiramo plakatima, lecima, preko portala, novina, radija i putem na\u0161e web i facebook stranice. Uz to, kroz godinu u suradnji s Radio Senjom kreiramo seriju emisija Knji\u017enica u eteru &#8211; radioemisija u kojima Gradska knji\u017enica Senj obavje\u0161tava gra\u0111ane o svojim aktivnostima i novitetima te najavljuje predstoje\u0107a doga\u0111anja.<br \/>\n\u2022\tZAKLJU\u010cAK<br \/>\nGradska knji\u017enica Senj sve je poslove u 2017. godini izvr\u0161avala u skladu sa zakonima i strukom te po\u0161tuju\u0107i Standarde za narodne knji\u017enice Republike Hrvatske. Uz teku\u0107e knji\u017eni\u010darske poslove i aktivnu nabavu gra\u0111e, odr\u017eali smo i niz osmi\u0161ljenih i posje\u0107enih kulturnih i edukacijskih doga\u0111aja. Bili smo aktivni u kulturnom i dru\u0161tvenom \u017eivotu Grada te transparentni putem svih vrsta medija za sugra\u0111ane i \u0161iru javnost. Brzo i efikasno smo ispunjavali zahtjeve zajednice za knji\u017eni\u010dnom gra\u0111om, kulturnim i edukacijskim sadr\u017eajima, za pristupom novim tehnologijama te za informacijskim opismenjavanjem. Uspje\u0161nim apliciranjem na natje\u010daje radili smo na daljnjoj obnovi opreme i gra\u0111e u na\u0161oj ustanovi i njenim ograncima. Tako\u0111er, uz suradnike uspje\u0161no smo priveli kraju veliki projekt izdavanja i promocije knjige Crvenokosa Zora i njezina dru\u017eina na hrvatskom jeziku. Uz to,  poslovali smo pozitivno, a financijsku godinu smo zaklju\u010dili  podmiriv\u0161i sve obaveze i bez odstupanja od predvi\u0111enog plana i programa.<br \/>\nU narednom periodu planiramo odr\u017eavati kvalitetu rada, poslovanja i usluga dr\u017ee\u0107i nivo koji smo postavili. Uz to, u 2018. godini planiramo raditi na daljnjem usavr\u0161avanju i pobolj\u0161avanju nekih segmenata rada. Primjerice, planiramo:<br \/>\n-izvr\u0161iti reviziju kompletnog fonda,<br \/>\n-nastaviti raditi na osvje\u017eavanju i izradi novih akata i pravilnika ustanove,<br \/>\n-nastaviti raditi na daljnjem uvo\u0111enju novih i zanimljivih doga\u0111aja uz njegovanje projekata koji su se pokazali uspje\u0161nima,<br \/>\n-nastaviti aplicirati na razne natje\u010daje Grada, Ministarstva te iz ostalih raspolo\u017eivih izvora,<br \/>\n-dotisnuti jo\u0161 primjeraka romana Crvenokosa Zora i njezina dru\u017eina te u suradnji s Turisti\u010dkom zajednicom Grada Senja i ostalim partnerima nastaviti razvijati zanimljivu kulturno-turisti\u010dku pri\u010du o Zori,<br \/>\n-oli\u010diti prostor te raditi na daljnjem osvje\u017eavanju i obnovi ra\u010dunalne i uredske opreme.<br \/>\nObim  fonda, broj korisnika, broj posu\u0111enih jedinica knji\u017ene i neknji\u017ene  gra\u0111e, kao i velika posje\u0107enost u knji\u017enici govore o  zadovoljnim  korisnicima koji prepoznaju svoju knji\u017enicu kao kvalitetan kulturni centar u gradu pod Nehajem. Trudit \u0107emo se da tako bude i ubudu\u0107e.<\/p>\n<p>Ravnateljica Ana Prpi\u0107 Rogi\u0107<\/p>\n","protected":false},"excerpt":{"rendered":"<p>\u2022 STANJE FONDA, NABAVA I OTPIS -I po broju knjiga i po nabavi i otpisu zadovoljavamo standarde struke. -Fond na koncu godine-29 751: SENJ-22 903, SV.JURAJ-4421, KRASNO-2427 -Nabava gra\u0111e-2017.god-nabavljeno 1183 knjiga i 46 jedinica elektr.gra\u0111e. -Periodika-nabavljano-24 naslova \u010dasopisa te 5 naslova dnevnih novina. -Otpisano -1756 jedinica \u2022 OBRADA GRA\u0110E-ra\u010dunalni program Zaki Otkako smo 2015. godine [&hellip;]<\/p>\n","protected":false},"author":58,"featured_media":0,"parent":0,"menu_order":0,"comment_status":"closed","ping_status":"closed","template":"","meta":{"ngg_post_thumbnail":0},"yoast_head":"<!-- This site is optimized with the Yoast SEO plugin v16.4 - https:\/\/yoast.com\/wordpress\/plugins\/seo\/ -->\n<meta name=\"robots\" content=\"index, follow, max-snippet:-1, max-image-preview:large, max-video-preview:-1\" \/>\n<link rel=\"canonical\" href=\"https:\/\/knjiznice.nsk.hr\/senj\/izvjesce-o-radu-za-2017-g-skracena-verzija\/\" \/>\n<meta property=\"og:locale\" content=\"hr_HR\" \/>\n<meta property=\"og:type\" content=\"article\" \/>\n<meta property=\"og:title\" content=\"IZVJE\u0160\u0106E O RADU ZA 2017.g-skra\u0107ena verzija - Gradska knji\u017enica Senj\" \/>\n<meta property=\"og:description\" content=\"\u2022 STANJE FONDA, NABAVA I OTPIS -I po broju knjiga i po nabavi i otpisu zadovoljavamo standarde struke. -Fond na koncu godine-29 751: SENJ-22 903, SV.JURAJ-4421, KRASNO-2427 -Nabava gra\u0111e-2017.god-nabavljeno 1183 knjiga i 46 jedinica elektr.gra\u0111e. -Periodika-nabavljano-24 naslova \u010dasopisa te 5 naslova dnevnih novina. -Otpisano -1756 jedinica \u2022 OBRADA GRA\u0110E-ra\u010dunalni program Zaki Otkako smo 2015. godine [&hellip;]\" \/>\n<meta property=\"og:url\" content=\"https:\/\/knjiznice.nsk.hr\/senj\/izvjesce-o-radu-za-2017-g-skracena-verzija\/\" \/>\n<meta property=\"og:site_name\" content=\"Gradska knji\u017enica Senj\" \/>\n<meta property=\"article:publisher\" content=\"http:\/\/facebook.com\/Gradska-knji%c5%benica-SENJ\" \/>\n<meta name=\"twitter:label1\" content=\"Procijenjeno vrijeme \u010ditanja\" \/>\n\t<meta name=\"twitter:data1\" content=\"5 minuta\" \/>\n<script type=\"application\/ld+json\" class=\"yoast-schema-graph\">{\"@context\":\"https:\/\/schema.org\",\"@graph\":[{\"@type\":\"WebSite\",\"@id\":\"https:\/\/knjiznice.nsk.hr\/senj\/#website\",\"url\":\"https:\/\/knjiznice.nsk.hr\/senj\/\",\"name\":\"Gradska knji\\u017enica Senj\",\"description\":\"S vama od 1835. godine\",\"potentialAction\":[{\"@type\":\"SearchAction\",\"target\":\"https:\/\/knjiznice.nsk.hr\/senj\/?s={search_term_string}\",\"query-input\":\"required name=search_term_string\"}],\"inLanguage\":\"hr\"},{\"@type\":\"WebPage\",\"@id\":\"https:\/\/knjiznice.nsk.hr\/senj\/izvjesce-o-radu-za-2017-g-skracena-verzija\/#webpage\",\"url\":\"https:\/\/knjiznice.nsk.hr\/senj\/izvjesce-o-radu-za-2017-g-skracena-verzija\/\",\"name\":\"IZVJE\\u0160\\u0106E O RADU ZA 2017.g-skra\\u0107ena verzija - Gradska knji\\u017enica Senj\",\"isPartOf\":{\"@id\":\"https:\/\/knjiznice.nsk.hr\/senj\/#website\"},\"datePublished\":\"2018-12-10T10:54:23+00:00\",\"dateModified\":\"2018-12-10T10:54:23+00:00\",\"breadcrumb\":{\"@id\":\"https:\/\/knjiznice.nsk.hr\/senj\/izvjesce-o-radu-za-2017-g-skracena-verzija\/#breadcrumb\"},\"inLanguage\":\"hr\",\"potentialAction\":[{\"@type\":\"ReadAction\",\"target\":[\"https:\/\/knjiznice.nsk.hr\/senj\/izvjesce-o-radu-za-2017-g-skracena-verzija\/\"]}]},{\"@type\":\"BreadcrumbList\",\"@id\":\"https:\/\/knjiznice.nsk.hr\/senj\/izvjesce-o-radu-za-2017-g-skracena-verzija\/#breadcrumb\",\"itemListElement\":[{\"@type\":\"ListItem\",\"position\":1,\"item\":{\"@type\":\"WebPage\",\"@id\":\"https:\/\/knjiznice.nsk.hr\/senj\/\",\"url\":\"https:\/\/knjiznice.nsk.hr\/senj\/\",\"name\":\"Po\\u010detna stranica\"}},{\"@type\":\"ListItem\",\"position\":2,\"item\":{\"@id\":\"https:\/\/knjiznice.nsk.hr\/senj\/izvjesce-o-radu-za-2017-g-skracena-verzija\/#webpage\"}}]}]}<\/script>\n<!-- \/ Yoast SEO plugin. -->","_links":{"self":[{"href":"https:\/\/knjiznice.nsk.hr\/senj\/wp-json\/wp\/v2\/pages\/1717"}],"collection":[{"href":"https:\/\/knjiznice.nsk.hr\/senj\/wp-json\/wp\/v2\/pages"}],"about":[{"href":"https:\/\/knjiznice.nsk.hr\/senj\/wp-json\/wp\/v2\/types\/page"}],"author":[{"embeddable":true,"href":"https:\/\/knjiznice.nsk.hr\/senj\/wp-json\/wp\/v2\/users\/58"}],"replies":[{"embeddable":true,"href":"https:\/\/knjiznice.nsk.hr\/senj\/wp-json\/wp\/v2\/comments?post=1717"}],"version-history":[{"count":1,"href":"https:\/\/knjiznice.nsk.hr\/senj\/wp-json\/wp\/v2\/pages\/1717\/revisions"}],"predecessor-version":[{"id":1718,"href":"https:\/\/knjiznice.nsk.hr\/senj\/wp-json\/wp\/v2\/pages\/1717\/revisions\/1718"}],"wp:attachment":[{"href":"https:\/\/knjiznice.nsk.hr\/senj\/wp-json\/wp\/v2\/media?parent=1717"}],"curies":[{"name":"wp","href":"https:\/\/api.w.org\/{rel}","templated":true}]}}