{"id":1715,"date":"2018-12-10T10:52:57","date_gmt":"2018-12-10T10:52:57","guid":{"rendered":"http:\/\/knjiznice.nsk.hr\/senj\/?page_id=1715"},"modified":"2018-12-10T10:52:57","modified_gmt":"2018-12-10T10:52:57","slug":"plan-nabave-gradske-knjiznice-senj-za-2018-godinu","status":"publish","type":"page","link":"https:\/\/knjiznice.nsk.hr\/senj\/plan-nabave-gradske-knjiznice-senj-za-2018-godinu\/","title":{"rendered":"PLAN NABAVE GRADSKE KNJI\u017dNICE SENJ ZA 2018. GODINU"},"content":{"rendered":"<p>PLAN NABAVE GRADSKE KNJI\u017dNICE SENJ ZA 2018. GODINU<br \/>\nPlaniramo nabavljati sve vrste knji\u017ene i neknji\u017ene gra\u0111e za sredi\u0161njicu u Senju kao i za ogranke u Krasnu i Svetom Jurju.<br \/>\n-Knji\u017ena gra\u0111a-slikovice, lektira, knji\u017eevnost za djecu i mlade, beletristika za odrasle, publicistika, popularna psihologija, znanost, referentna gra\u0111a, zavi\u010dajna gra\u0111a;<br \/>\n-AV- gra\u0111a-DVD-i;<br \/>\n-Periodika-dnevni tisak, tjednici i mjese\u010dnici.<\/p>\n<p>A)DETALJNO SPECIFICIRANI TRO\u0160KOVNIK ZA IZVR\u0160ENJE JEDNOGODI\u0160NJEG PROGRAMA: KNJI\u017dNA I NEKNJI\u017dNA GRA\u0110A-PREDVI\u0110ENA NABAVA:<br \/>\n-KNJI\u017dNA GRA\u0110A-PREDVI\u0110ENO NABAVITI 900 svezaka-58. 000,00 kn:<br \/>\nslikovnice-5.000,00 kn<br \/>\nlektira-10.000,00 kn<br \/>\nknji\u017eevnost za djecu i mlade-2.000,00 kn<br \/>\nbeletristika- 23.000,00 kn<br \/>\npublicistika-4.000,00 kn<br \/>\npopularna psihologija-2.000,00 kn<br \/>\nznanost-4.000,00 kn<br \/>\nreferentna gra\u0111a-3.000,00 kn<br \/>\nzavi\u010dajna gra\u0111a-5.000,00 kn<br \/>\n-NEKNJI\u017dNA GRA\u0110A-22.000,00 kn:<br \/>\nAV GRA\u0110A-PREDVI\u0110ENA NABAVA 20 NOVIH JEDINICA-2.000,00  kn<br \/>\nPERIODIKA-PREDVI\u0110ENO NABAVLJATI 29 NASLOVA-20.000,00 kn<br \/>\nUKUPNO: 80.000,00 kn<br \/>\nOd toga:<br \/>\n1.\tSredstva Ministarstva kulture:<br \/>\nSlikovnice-3.000,00 kn<br \/>\nLektira-7.000,00 kn<br \/>\nknji\u017eevnost za djecu i mlade-1.000,00 kn<br \/>\nbeletristika- 11.000,00 kn<br \/>\npublicistika-2.000,00 kn<br \/>\npopularna psihologija-1.000,00 kn<br \/>\nznanost-2.000,00 kn<br \/>\nreferentna gra\u0111a-1.000,00 kn<br \/>\nzavi\u010dajna gra\u0111a-1.000,00 kn<br \/>\n-AV GRA\u0110A-1.000,00  kn<br \/>\n-PERIODIKA-10.000,00 kn<br \/>\nUkupno: 40.000,00 kn<br \/>\n2.\tSredstva Grada Senja:<br \/>\nSlikovnice-2.000,00 kn<br \/>\nLektira-3.000,00 kn<br \/>\nknji\u017eevnost za djecu i mlade-1.000,00 kn<br \/>\nbeletristika- 12.000,00 kn<br \/>\npublicistika-2.000,00 kn<br \/>\npopularna psihologija-1.000,00 kn<br \/>\nznanost-2.000,00 kn<br \/>\nreferentna gra\u0111a-2.000,00 kn<br \/>\nzavi\u010dajna gra\u0111a-4.000,00 kn<br \/>\n-AV GRA\u0110A-1.000,00  kn<br \/>\n-PERIODIKA-10.000,00 kn<br \/>\nUkupno: 40.000,00 kn<\/p>\n<p>B)NAKLADNI\u010cKA DJELATNOST-<br \/>\ndotisak knjige \u201eCrvenokosa Zora i njezina dru\u017eina\u201c-12.000 kn<\/p>\n<p>Ravnateljice Gradske knji\u017enice Senj<br \/>\nAna Prpi\u0107 Rogi\u0107, prof.i dipl.bibl.<\/p>\n","protected":false},"excerpt":{"rendered":"<p>PLAN NABAVE GRADSKE KNJI\u017dNICE SENJ ZA 2018. GODINU Planiramo nabavljati sve vrste knji\u017ene i neknji\u017ene gra\u0111e za sredi\u0161njicu u Senju kao i za ogranke u Krasnu i Svetom Jurju. -Knji\u017ena gra\u0111a-slikovice, lektira, knji\u017eevnost za djecu i mlade, beletristika za odrasle, publicistika, popularna psihologija, znanost, referentna gra\u0111a, zavi\u010dajna gra\u0111a; -AV- gra\u0111a-DVD-i; -Periodika-dnevni tisak, tjednici i mjese\u010dnici. [&hellip;]<\/p>\n","protected":false},"author":58,"featured_media":0,"parent":0,"menu_order":0,"comment_status":"closed","ping_status":"closed","template":"","meta":{"ngg_post_thumbnail":0},"yoast_head":"<!-- This site is optimized with the Yoast SEO plugin v16.4 - https:\/\/yoast.com\/wordpress\/plugins\/seo\/ -->\n<meta name=\"robots\" content=\"index, follow, max-snippet:-1, max-image-preview:large, max-video-preview:-1\" \/>\n<link rel=\"canonical\" href=\"https:\/\/knjiznice.nsk.hr\/senj\/plan-nabave-gradske-knjiznice-senj-za-2018-godinu\/\" \/>\n<meta property=\"og:locale\" content=\"hr_HR\" \/>\n<meta property=\"og:type\" content=\"article\" \/>\n<meta property=\"og:title\" content=\"PLAN NABAVE GRADSKE KNJI\u017dNICE SENJ ZA 2018. GODINU - Gradska knji\u017enica Senj\" \/>\n<meta property=\"og:description\" content=\"PLAN NABAVE GRADSKE KNJI\u017dNICE SENJ ZA 2018. GODINU Planiramo nabavljati sve vrste knji\u017ene i neknji\u017ene gra\u0111e za sredi\u0161njicu u Senju kao i za ogranke u Krasnu i Svetom Jurju. -Knji\u017ena gra\u0111a-slikovice, lektira, knji\u017eevnost za djecu i mlade, beletristika za odrasle, publicistika, popularna psihologija, znanost, referentna gra\u0111a, zavi\u010dajna gra\u0111a; -AV- gra\u0111a-DVD-i; -Periodika-dnevni tisak, tjednici i mjese\u010dnici. [&hellip;]\" \/>\n<meta property=\"og:url\" content=\"https:\/\/knjiznice.nsk.hr\/senj\/plan-nabave-gradske-knjiznice-senj-za-2018-godinu\/\" \/>\n<meta property=\"og:site_name\" content=\"Gradska knji\u017enica Senj\" \/>\n<meta property=\"article:publisher\" content=\"http:\/\/facebook.com\/Gradska-knji%c5%benica-SENJ\" \/>\n<meta name=\"twitter:label1\" content=\"Procijenjeno vrijeme \u010ditanja\" \/>\n\t<meta name=\"twitter:data1\" content=\"1 minuta\" \/>\n<script type=\"application\/ld+json\" class=\"yoast-schema-graph\">{\"@context\":\"https:\/\/schema.org\",\"@graph\":[{\"@type\":\"WebSite\",\"@id\":\"https:\/\/knjiznice.nsk.hr\/senj\/#website\",\"url\":\"https:\/\/knjiznice.nsk.hr\/senj\/\",\"name\":\"Gradska knji\\u017enica Senj\",\"description\":\"S vama od 1835. godine\",\"potentialAction\":[{\"@type\":\"SearchAction\",\"target\":\"https:\/\/knjiznice.nsk.hr\/senj\/?s={search_term_string}\",\"query-input\":\"required name=search_term_string\"}],\"inLanguage\":\"hr\"},{\"@type\":\"WebPage\",\"@id\":\"https:\/\/knjiznice.nsk.hr\/senj\/plan-nabave-gradske-knjiznice-senj-za-2018-godinu\/#webpage\",\"url\":\"https:\/\/knjiznice.nsk.hr\/senj\/plan-nabave-gradske-knjiznice-senj-za-2018-godinu\/\",\"name\":\"PLAN NABAVE GRADSKE KNJI\\u017dNICE SENJ ZA 2018. GODINU - Gradska knji\\u017enica Senj\",\"isPartOf\":{\"@id\":\"https:\/\/knjiznice.nsk.hr\/senj\/#website\"},\"datePublished\":\"2018-12-10T10:52:57+00:00\",\"dateModified\":\"2018-12-10T10:52:57+00:00\",\"breadcrumb\":{\"@id\":\"https:\/\/knjiznice.nsk.hr\/senj\/plan-nabave-gradske-knjiznice-senj-za-2018-godinu\/#breadcrumb\"},\"inLanguage\":\"hr\",\"potentialAction\":[{\"@type\":\"ReadAction\",\"target\":[\"https:\/\/knjiznice.nsk.hr\/senj\/plan-nabave-gradske-knjiznice-senj-za-2018-godinu\/\"]}]},{\"@type\":\"BreadcrumbList\",\"@id\":\"https:\/\/knjiznice.nsk.hr\/senj\/plan-nabave-gradske-knjiznice-senj-za-2018-godinu\/#breadcrumb\",\"itemListElement\":[{\"@type\":\"ListItem\",\"position\":1,\"item\":{\"@type\":\"WebPage\",\"@id\":\"https:\/\/knjiznice.nsk.hr\/senj\/\",\"url\":\"https:\/\/knjiznice.nsk.hr\/senj\/\",\"name\":\"Po\\u010detna stranica\"}},{\"@type\":\"ListItem\",\"position\":2,\"item\":{\"@id\":\"https:\/\/knjiznice.nsk.hr\/senj\/plan-nabave-gradske-knjiznice-senj-za-2018-godinu\/#webpage\"}}]}]}<\/script>\n<!-- \/ Yoast SEO plugin. -->","_links":{"self":[{"href":"https:\/\/knjiznice.nsk.hr\/senj\/wp-json\/wp\/v2\/pages\/1715"}],"collection":[{"href":"https:\/\/knjiznice.nsk.hr\/senj\/wp-json\/wp\/v2\/pages"}],"about":[{"href":"https:\/\/knjiznice.nsk.hr\/senj\/wp-json\/wp\/v2\/types\/page"}],"author":[{"embeddable":true,"href":"https:\/\/knjiznice.nsk.hr\/senj\/wp-json\/wp\/v2\/users\/58"}],"replies":[{"embeddable":true,"href":"https:\/\/knjiznice.nsk.hr\/senj\/wp-json\/wp\/v2\/comments?post=1715"}],"version-history":[{"count":1,"href":"https:\/\/knjiznice.nsk.hr\/senj\/wp-json\/wp\/v2\/pages\/1715\/revisions"}],"predecessor-version":[{"id":1716,"href":"https:\/\/knjiznice.nsk.hr\/senj\/wp-json\/wp\/v2\/pages\/1715\/revisions\/1716"}],"wp:attachment":[{"href":"https:\/\/knjiznice.nsk.hr\/senj\/wp-json\/wp\/v2\/media?parent=1715"}],"curies":[{"name":"wp","href":"https:\/\/api.w.org\/{rel}","templated":true}]}}