{"version":"1.0","provider_name":"Gradska knji\u017enica Senj","provider_url":"https:\/\/knjiznice.nsk.hr\/senj","title":"NAJAVA PROMOCIJE KNJIGE EDE POPOVI\u0106A \"\u010cOVJEK I PLANINA\" - Gradska knji\u017enica Senj","type":"rich","width":600,"height":338,"html":"<blockquote class=\"wp-embedded-content\"><a href=\"https:\/\/knjiznice.nsk.hr\/senj\/promocija-knjige-ede-popovica-covjek-i-planina\/\">NAJAVA PROMOCIJE KNJIGE EDE POPOVI\u0106A &#8220;\u010cOVJEK I PLANINA&#8221;<\/a><\/blockquote>\n<script type='text\/javascript'>\n<!--\/\/--><![CDATA[\/\/><!--\n\t\t\/*! This file is auto-generated *\/\n\t\t!function(c,d){\"use strict\";var e=!1,n=!1;if(d.querySelector)if(c.addEventListener)e=!0;if(c.wp=c.wp||{},!c.wp.receiveEmbedMessage)if(c.wp.receiveEmbedMessage=function(e){var t=e.data;if(t)if(t.secret||t.message||t.value)if(!\/[^a-zA-Z0-9]\/.test(t.secret)){for(var r,a,i,s=d.querySelectorAll('iframe[data-secret=\"'+t.secret+'\"]'),n=d.querySelectorAll('blockquote[data-secret=\"'+t.secret+'\"]'),o=0;o<n.length;o++)n[o].style.display=\"none\";for(o=0;o<s.length;o++)if(r=s[o],e.source===r.contentWindow){if(r.removeAttribute(\"style\"),\"height\"===t.message){if(1e3<(i=parseInt(t.value,10)))i=1e3;else if(~~i<200)i=200;r.height=i}if(\"link\"===t.message)if(a=d.createElement(\"a\"),i=d.createElement(\"a\"),a.href=r.getAttribute(\"src\"),i.href=t.value,i.host===a.host)if(d.activeElement===r)c.top.location.href=t.value}}},e)c.addEventListener(\"message\",c.wp.receiveEmbedMessage,!1),d.addEventListener(\"DOMContentLoaded\",t,!1),c.addEventListener(\"load\",t,!1);function t(){if(!n){n=!0;for(var e,t,r=-1!==navigator.appVersion.indexOf(\"MSIE 10\"),a=!!navigator.userAgent.match(\/Trident.*rv:11\\.\/),i=d.querySelectorAll(\"iframe.wp-embedded-content\"),s=0;s<i.length;s++){if(!(e=i[s]).getAttribute(\"data-secret\"))t=Math.random().toString(36).substr(2,10),e.src+=\"#?secret=\"+t,e.setAttribute(\"data-secret\",t);if(r||a)(t=e.cloneNode(!0)).removeAttribute(\"security\"),e.parentNode.replaceChild(t,e)}}}}(window,document);\n\/\/--><!]]>\n<\/script><iframe sandbox=\"allow-scripts\" security=\"restricted\" src=\"https:\/\/knjiznice.nsk.hr\/senj\/promocija-knjige-ede-popovica-covjek-i-planina\/embed\/\" width=\"600\" height=\"338\" title=\"&#8220;NAJAVA PROMOCIJE KNJIGE EDE POPOVI\u0106A &#8220;\u010cOVJEK I PLANINA&#8221;&#8221; &#8212; Gradska knji\u017enica Senj\" frameborder=\"0\" marginwidth=\"0\" marginheight=\"0\" scrolling=\"no\" class=\"wp-embedded-content\"><\/iframe>","thumbnail_url":"http:\/\/knjiznice.nsk.hr\/senj\/wp-content\/uploads\/sites\/60\/2019\/04\/IMG_20190403_102756.jpg.resized.jpg","thumbnail_width":537,"thumbnail_height":480,"description":"U SKLOPU NO\u0106I KNJIGE GRADSKA KNJI\u017dNICA SENJ I NACIONALNI PARK SJEVERNI VELEBIT SA ZADOVOLJSTVOM VAS POZIVANJU NA PROMOCIJU KNJIGE EDE POPOVI\u0106A \u201e\u010cOVJEK I PLANINA\u201c Kratki uvod u sjeverni Velebit Gradska knji\u017enica Senj, \u010detvrtak, 25.travnja 2019.g, 18 h Edo Popovi\u0107, istaknuti hrvatski knji\u017eevnik i zaljubljenik u na\u0161 Velebit predstavit \u0107e nam svoju tre\u0107u knjigu posve\u0107enu najve\u0107oj [&hellip;]"}

Gradska knjižnica Senj

NAJAVA PROMOCIJE KNJIGE EDE POPOVIĆA "ČOVJEK I PLANINA" - Gradska knjižnica Senj

<blockquote class="wp-embedded-content"><a href="https://knjiznice.nsk.hr/senj/promocija-knjige-ede-popovica-covjek-i-planina/">NAJAVA PROMOCIJE KNJIGE EDE POPOVIĆA &#8220;ČOVJEK I PLANINA&#8221;</a></blockquote>
<script type='text/javascript'>
<!--//--><![CDATA[//><!--
		/*! This file is auto-generated */
		!function(c,d){"use strict";var e=!1,n=!1;if(d.querySelector)if(c.addEventListener)e=!0;if(c.wp=c.wp||{},!c.wp.receiveEmbedMessage)if(c.wp.receiveEmbedMessage=function(e){var t=e.data;if(t)if(t.secret||t.message||t.value)if(!/[^a-zA-Z0-9]/.test(t.secret)){for(var r,a,i,s=d.querySelectorAll('iframe[data-secret="'+t.secret+'"]'),n=d.querySelectorAll('blockquote[data-secret="'+t.secret+'"]'),o=0;o<n.length;o++)n[o].style.display="none";for(o=0;o<s.length;o++)if(r=s[o],e.source===r.contentWindow){if(r.removeAttribute("style"),"height"===t.message){if(1e3<(i=parseInt(t.value,10)))i=1e3;else if(~~i<200)i=200;r.height=i}if("link"===t.message)if(a=d.createElement("a"),i=d.createElement("a"),a.href=r.getAttribute("src"),i.href=t.value,i.host===a.host)if(d.activeElement===r)c.top.location.href=t.value}}},e)c.addEventListener("message",c.wp.receiveEmbedMessage,!1),d.addEventListener("DOMContentLoaded",t,!1),c.addEventListener("load",t,!1);function t(){if(!n){n=!0;for(var e,t,r=-1!==navigator.appVersion.indexOf("MSIE 10"),a=!!navigator.userAgent.match(/Trident.*rv:11\./),i=d.querySelectorAll("iframe.wp-embedded-content"),s=0;s<i.length;s++){if(!(e=i[s]).getAttribute("data-secret"))t=Math.random().toString(36).substr(2,10),e.src+="#?secret="+t,e.setAttribute("data-secret",t);if(r||a)(t=e.cloneNode(!0)).removeAttribute("security"),e.parentNode.replaceChild(t,e)}}}}(window,document);
//--><!]]>
</script><iframe sandbox="allow-scripts" security="restricted" src="https://knjiznice.nsk.hr/senj/promocija-knjige-ede-popovica-covjek-i-planina/embed/" width="600" height="338" title="&#8220;NAJAVA PROMOCIJE KNJIGE EDE POPOVIĆA &#8220;ČOVJEK I PLANINA&#8221;&#8221; &#8212; Gradska knjižnica Senj" frameborder="0" marginwidth="0" marginheight="0" scrolling="no" class="wp-embedded-content"></iframe>

U SKLOPU NOĆI KNJIGE GRADSKA KNJIŽNICA SENJ I NACIONALNI PARK SJEVERNI VELEBIT SA ZADOVOLJSTVOM VAS POZIVANJU NA PROMOCIJU KNJIGE EDE POPOVIĆA „ČOVJEK I PLANINA“ Kratki uvod u sjeverni Velebit Gradska knjižnica Senj, četvrtak, 25.travnja 2019.g, 18 h Edo Popović, istaknuti hrvatski književnik i zaljubljenik u naš Velebit predstavit će nam svoju treću knjigu posvećenu najvećoj [&hellip;]
