{"id":334,"date":"2015-04-30T06:17:54","date_gmt":"2015-04-30T06:17:54","guid":{"rendered":"http:\/\/knjiznice.nsk.hr\/porec\/?page_id=334"},"modified":"2015-04-30T06:50:06","modified_gmt":"2015-04-30T06:50:06","slug":"kontakti","status":"publish","type":"page","link":"https:\/\/knjiznice.nsk.hr\/porec\/kontakti\/","title":{"rendered":"Impresum"},"content":{"rendered":"<p>&nbsp;<\/p>\n<p>BOOKtiga: me\u0111unarodni festival pro\u010ditanih knjiga<\/p>\n<p>Urednica stranice: <strong>dr. sc. Irides Zovi\u0107, ravnateljica<\/strong><\/p>\n<p><strong>Gradska knji\u017enica Pore\u010d<\/strong><\/p>\n<p>Trg Marafor 3 52440 Pore\u010d<\/p>\n<p>tel: +385 52 434 196<\/p>\n<p>fax: +385 52 427 549<\/p>\n<p>e-mail: <a href=\"mailto:gradska@knjiznicaporec.hr\">gradska@knjiznicaporec.hr<\/a><\/p>\n<p>http:\/\/knjiznice.nsk.hr\/porec\/kontakti\/<\/p>\n<p>&nbsp;<\/p>\n<p>&nbsp;<\/p>\n<p>&nbsp;<\/p>\n","protected":false},"excerpt":{"rendered":"<p>&nbsp; BOOKtiga: me\u0111unarodni festival pro\u010ditanih knjiga Urednica stranice: dr. sc. Irides Zovi\u0107, ravnateljica Gradska knji\u017enica Pore\u010d Trg Marafor 3 52440 Pore\u010d tel: +385 52 434 196 fax: +385 52 427 549 e-mail: gradska@knjiznicaporec.hr http:\/\/knjiznice.nsk.hr\/porec\/kontakti\/ &nbsp; &nbsp; &nbsp;<\/p>\n","protected":false},"author":39,"featured_media":0,"parent":0,"menu_order":0,"comment_status":"closed","ping_status":"closed","template":"page_landing.php","meta":{"ngg_post_thumbnail":0},"yoast_head":"<!-- This site is optimized with the Yoast SEO plugin v16.4 - https:\/\/yoast.com\/wordpress\/plugins\/seo\/ -->\n<meta name=\"robots\" content=\"index, follow, max-snippet:-1, max-image-preview:large, max-video-preview:-1\" \/>\n<link rel=\"canonical\" href=\"https:\/\/knjiznice.nsk.hr\/porec\/kontakti\/\" \/>\n<meta property=\"og:locale\" content=\"hr_HR\" \/>\n<meta property=\"og:type\" content=\"article\" \/>\n<meta property=\"og:title\" content=\"Impresum - Gradska knji\u017enica Pore\u010d\" \/>\n<meta property=\"og:description\" content=\"&nbsp; BOOKtiga: me\u0111unarodni festival pro\u010ditanih knjiga Urednica stranice: dr. sc. Irides Zovi\u0107, ravnateljica Gradska knji\u017enica Pore\u010d Trg Marafor 3 52440 Pore\u010d tel: +385 52 434 196 fax: +385 52 427 549 e-mail: gradska@knjiznicaporec.hr http:\/\/knjiznice.nsk.hr\/porec\/kontakti\/ &nbsp; &nbsp; &nbsp;\" \/>\n<meta property=\"og:url\" content=\"https:\/\/knjiznice.nsk.hr\/porec\/kontakti\/\" \/>\n<meta property=\"og:site_name\" content=\"Gradska knji\u017enica Pore\u010d\" \/>\n<meta property=\"article:modified_time\" content=\"2015-04-30T06:50:06+00:00\" \/>\n<script type=\"application\/ld+json\" class=\"yoast-schema-graph\">{\"@context\":\"https:\/\/schema.org\",\"@graph\":[{\"@type\":\"WebSite\",\"@id\":\"http:\/\/knjiznice.nsk.hr\/porec\/#website\",\"url\":\"http:\/\/knjiznice.nsk.hr\/porec\/\",\"name\":\"Gradska knji\\u017enica Pore\\u010d\",\"description\":\"\",\"potentialAction\":[{\"@type\":\"SearchAction\",\"target\":\"http:\/\/knjiznice.nsk.hr\/porec\/?s={search_term_string}\",\"query-input\":\"required name=search_term_string\"}],\"inLanguage\":\"hr\"},{\"@type\":\"WebPage\",\"@id\":\"https:\/\/knjiznice.nsk.hr\/porec\/kontakti\/#webpage\",\"url\":\"https:\/\/knjiznice.nsk.hr\/porec\/kontakti\/\",\"name\":\"Impresum - Gradska knji\\u017enica Pore\\u010d\",\"isPartOf\":{\"@id\":\"http:\/\/knjiznice.nsk.hr\/porec\/#website\"},\"datePublished\":\"2015-04-30T06:17:54+00:00\",\"dateModified\":\"2015-04-30T06:50:06+00:00\",\"breadcrumb\":{\"@id\":\"https:\/\/knjiznice.nsk.hr\/porec\/kontakti\/#breadcrumb\"},\"inLanguage\":\"hr\",\"potentialAction\":[{\"@type\":\"ReadAction\",\"target\":[\"https:\/\/knjiznice.nsk.hr\/porec\/kontakti\/\"]}]},{\"@type\":\"BreadcrumbList\",\"@id\":\"https:\/\/knjiznice.nsk.hr\/porec\/kontakti\/#breadcrumb\",\"itemListElement\":[{\"@type\":\"ListItem\",\"position\":1,\"item\":{\"@type\":\"WebPage\",\"@id\":\"http:\/\/knjiznice.nsk.hr\/porec\/\",\"url\":\"http:\/\/knjiznice.nsk.hr\/porec\/\",\"name\":\"Po\\u010detna stranica\"}},{\"@type\":\"ListItem\",\"position\":2,\"item\":{\"@id\":\"https:\/\/knjiznice.nsk.hr\/porec\/kontakti\/#webpage\"}}]}]}<\/script>\n<!-- \/ Yoast SEO plugin. -->","_links":{"self":[{"href":"https:\/\/knjiznice.nsk.hr\/porec\/wp-json\/wp\/v2\/pages\/334"}],"collection":[{"href":"https:\/\/knjiznice.nsk.hr\/porec\/wp-json\/wp\/v2\/pages"}],"about":[{"href":"https:\/\/knjiznice.nsk.hr\/porec\/wp-json\/wp\/v2\/types\/page"}],"author":[{"embeddable":true,"href":"https:\/\/knjiznice.nsk.hr\/porec\/wp-json\/wp\/v2\/users\/39"}],"replies":[{"embeddable":true,"href":"https:\/\/knjiznice.nsk.hr\/porec\/wp-json\/wp\/v2\/comments?post=334"}],"version-history":[{"count":4,"href":"https:\/\/knjiznice.nsk.hr\/porec\/wp-json\/wp\/v2\/pages\/334\/revisions"}],"predecessor-version":[{"id":341,"href":"https:\/\/knjiznice.nsk.hr\/porec\/wp-json\/wp\/v2\/pages\/334\/revisions\/341"}],"wp:attachment":[{"href":"https:\/\/knjiznice.nsk.hr\/porec\/wp-json\/wp\/v2\/media?parent=334"}],"curies":[{"name":"wp","href":"https:\/\/api.w.org\/{rel}","templated":true}]}}