{"id":8431,"date":"2023-07-20T13:56:56","date_gmt":"2023-07-20T11:56:56","guid":{"rendered":"http:\/\/knjiznice.nsk.hr\/ploce\/?page_id=8431"},"modified":"2025-04-08T15:46:17","modified_gmt":"2025-04-08T13:46:17","slug":"citateljski-klub","status":"publish","type":"page","link":"https:\/\/knjiznice.nsk.hr\/ploce\/citateljski-klub\/","title":{"rendered":"\u010citateljski klub"},"content":{"rendered":"<p data-wahfont=\"16\">\u010citateljski klub pokrenuli smo u velja\u010di 2023. Prvi, dogovorni sastanak, bio je otvoren za sve zainteresirane. Knji\u017enica kao inicijator predlo\u017eila je nekoliko modela funkcioniranja Kluba, a jednoglasno je odabran sljede\u0107i: svi \u0107emo \u010ditati istu knjigu po dogovoru, nema voditelja \u2014 svi su \u010dlanovi ravnopravni, sastajat \u0107emo se barem jednom mjese\u010dno, ovisno o mogu\u0107nostima. \u010citat \u0107e se razni \u017eanrovi, bez obzira na osobne preferencije pojedinih \u010dlanova \u2014 cilj je povesti kvalitetnu raspravu nakon pro\u010ditanog, uva\u017eiti tu\u0111a mi\u0161ljenja, upoznati razli\u010dite ukuse\u2026<\/p>\n<p data-wahfont=\"16\">Trenutno nas je osam \u010dlanica, a u svakom trenutku se netko jo\u0161 mo\u017ee pridru\u017eiti. U slu\u010daju da se interes jo\u0161 pove\u0107a, postoji mogu\u0107nost da napravimo i dvije grupe (zbog nabavke dovoljnog broja primjeraka knjige).<\/p>\n<h2 id=\"tablepress-1-name\" class=\"tablepress-table-name tablepress-table-name-id-1\">Najboljih 10 naslova<\/h2>\n<span id=\"tablepress-1-description\" class=\"tablepress-table-description tablepress-table-description-id-1\">Klub s djelovanjem zapo\u010deo 2023., i otpo\u010detka ocjenjujemo pro\u010ditane knjige za \"najboljih 10\" naslova. Ovaj popis ujedno mo\u017eete smatrati i preporukom za \u010ditanje, a na njega ne stavljamo knjige koje su dobile ocjenu ispod 3.<\/span>\n\n<table id=\"tablepress-1\" class=\"tablepress tablepress-id-1\" aria-labelledby=\"tablepress-1-name\" aria-describedby=\"tablepress-1-description\">\n<thead>\n<tr class=\"row-1 odd\">\n\t<th class=\"column-1\">Naslovnica<\/th><th class=\"column-2\">Autor(i)<\/th><th class=\"column-3\">Naslov<\/th><th class=\"column-4\">Ocjena Kluba<\/th>\n<\/tr>\n<\/thead>\n<tbody class=\"row-hover\">\n<tr class=\"row-2 even\">\n\t<td class=\"column-1\"><img src=\"http:\/\/knjiznice.nsk.hr\/ploce\/wp-content\/uploads\/sites\/74\/2024\/01\/mladenka-kostonoga_naslovnica-205x300.jpg\" alt=\"\" width=\"102\" height=\"150\" class=\"alignnone size-medium wp-image-8938\" \/><\/td><td class=\"column-2\">\u017delimir Peri\u0161:<\/td><td class=\"column-3\">Mladenka kostonoga<\/td><td class=\"column-4\">(4.88\/5)<\/td>\n<\/tr>\n<tr class=\"row-3 odd\">\n\t<td class=\"column-1\"><img src=\"http:\/\/knjiznice.nsk.hr\/ploce\/wp-content\/uploads\/sites\/74\/2023\/09\/Olive-Kitteridge_naslovnica-e1694608364148.jpg\" alt=\"\" width=\"100\" height=\"151\" class=\"alignnone size-full wp-image-8585\" \/><\/td><td class=\"column-2\">Elizabeth Strout:<\/td><td class=\"column-3\">Olive Kitteridge<\/td><td class=\"column-4\">(4.8\/5)<\/td>\n<\/tr>\n<tr class=\"row-4 even\">\n\t<td class=\"column-1\"><img src=\"http:\/\/knjiznice.nsk.hr\/ploce\/wp-content\/uploads\/sites\/74\/2023\/09\/Plemeniti-gospodin-u-Moskvi_naslovnica-209x300.jpg\" alt=\"\" width=\"100\" height=\"143\" class=\"alignnone size-medium wp-image-8586\" \/><\/td><td class=\"column-2\">Amor Towles:<\/td><td class=\"column-3\">Plemeniti gospodin u Moskvi<\/td><td class=\"column-4\">(4.67\/5)<\/td>\n<\/tr>\n<tr class=\"row-5 odd\">\n\t<td class=\"column-1\"><img src=\"http:\/\/knjiznice.nsk.hr\/ploce\/wp-content\/uploads\/sites\/74\/2024\/08\/Naslovna-700x1000-1-210x300.jpg\" alt=\"\" width=\"100\" height=\"143\" class=\"alignnone size-medium wp-image-9450\" \/><\/td><td class=\"column-2\">Danijela Crljen:<\/td><td class=\"column-3\">Strah od kupine<\/td><td class=\"column-4\">(4.33\/5)<\/td>\n<\/tr>\n<tr class=\"row-6 even\">\n\t<td class=\"column-1\"><img src=\"http:\/\/knjiznice.nsk.hr\/ploce\/wp-content\/uploads\/sites\/74\/2025\/01\/KLO_FB_194-225x300.jpg\" alt=\"\" width=\"100\" height=\"134\" class=\"alignnone size-medium wp-image-9572\" \/><\/td><td class=\"column-2\">Jordi Lafebre:<\/td><td class=\"column-3\">Usprkos svemu<\/td><td class=\"column-4\">(4.2\/5)<\/td>\n<\/tr>\n<tr class=\"row-7 odd\">\n\t<td class=\"column-1\"><img src=\"http:\/\/knjiznice.nsk.hr\/ploce\/wp-content\/uploads\/sites\/74\/2025\/01\/KLO_FB_220-225x300.jpg\" alt=\"\" width=\"100\" height=\"134\" class=\"alignnone size-medium wp-image-9573\" \/><\/td><td class=\"column-2\">L\u00e9onie Bischoff:<\/td><td class=\"column-3\">Ana\u00efs Nin: Na moru la\u017ei<\/td><td class=\"column-4\">(4.1\/5)<\/td>\n<\/tr>\n<tr class=\"row-8 even\">\n\t<td class=\"column-1\"><img src=\"http:\/\/knjiznice.nsk.hr\/ploce\/wp-content\/uploads\/sites\/74\/2023\/10\/Sutnja-bijeloga-grada_naslovnica-200x300.jpg\" alt=\"\" width=\"100\" height=\"150\" class=\"alignnone size-medium wp-image-8692\" \/><\/td><td class=\"column-2\">Eva Garc\u00eda S\u00e1enz de Urturi:<\/td><td class=\"column-3\">\u0160utnja bijeloga grada<\/td><td class=\"column-4\">(3.71\/5)<\/td>\n<\/tr>\n<tr class=\"row-9 odd\">\n\t<td class=\"column-1\"><img src=\"http:\/\/knjiznice.nsk.hr\/ploce\/wp-content\/uploads\/sites\/74\/2024\/01\/Mater-Dolorosa_-naslovnica-201x300.jpg\" alt=\"\" width=\"101\" height=\"150\" class=\"alignnone size-medium wp-image-8911\" \/><\/td><td class=\"column-2\">Jurica Pavi\u010di\u0107:<\/td><td class=\"column-3\">Mater Dolorosa<\/td><td class=\"column-4\">(3.56\/5)<\/td>\n<\/tr>\n<tr class=\"row-10 even\">\n\t<td class=\"column-1\"><img src=\"http:\/\/knjiznice.nsk.hr\/ploce\/wp-content\/uploads\/sites\/74\/2024\/08\/40ac2244-d22d-4577-aa97-6f2be440d2c9-194x300.jpg\" alt=\"\" width=\"101\" height=\"156\" class=\"alignnone size-medium wp-image-9455\" \/><\/td><td class=\"column-2\">Nick Hornby:<\/td><td class=\"column-3\">Ba\u0161 kao ti<\/td><td class=\"column-4\">(3.4\/5)<\/td>\n<\/tr>\n<tr class=\"row-11 odd\">\n\t<td class=\"column-1\"><img src=\"http:\/\/knjiznice.nsk.hr\/ploce\/wp-content\/uploads\/sites\/74\/2023\/09\/Svekrva_naslovnica-196x300.jpg\" alt=\"\" width=\"100\" height=\"153\" class=\"alignnone size-medium wp-image-8587\" \/><\/td><td class=\"column-2\">Sally Hepworth:<\/td><td class=\"column-3\">Svekrva<\/td><td class=\"column-4\">(3\/5)<\/td>\n<\/tr>\n<\/tbody>\n<\/table>\n<!-- #tablepress-1 from cache -->\n<h4>Pro\u010ditani naslovi u 2025.:<\/h4>\n<ol>\n<li>Milana Vlaovi\u0107: <em>Blato<\/em><\/li>\n<li><em>Trenutno ne \u010ditamo i dobro nam je \ud83d\ude00<\/em><\/li>\n<\/ol>\n<h4>Pro\u010ditani naslovi u 2024.:<\/h4>\n<ol>\n<li>Carsten Henn: <a href=\"http:\/\/knjiznice.nsk.hr\/ploce\/setac-knjiga-ocjena-citateljskog-kluba\/\"><em>\u0160eta\u010d knjiga<\/em><\/a><\/li>\n<li>Elif Shafak: <a href=\"http:\/\/knjiznice.nsk.hr\/ploce\/kopile-istanbula-ocjena-citateljskog-kluba\/\" target=\"_blank\" rel=\"noopener\"><em>Kopile Istanbula<\/em><\/a><\/li>\n<li>Truman Capote: <em>Hladnokrvno ubojstvo<\/em><\/li>\n<li>Bischoff: <a href=\"http:\/\/knjiznice.nsk.hr\/ploce\/anais-nin-na-moru-lazi-usprkos-svemu-ocjene-citateljskog-kluba\/\" target=\"_blank\" rel=\"noopener\"><em>Ana\u00efs Nin: Na moru la\u017ei <\/em><\/a>i\/ili Lafebre: <a href=\"http:\/\/knjiznice.nsk.hr\/ploce\/anais-nin-na-moru-lazi-usprkos-svemu-ocjene-citateljskog-kluba\/\" target=\"_blank\" rel=\"noopener\"><em>Usprkos svemu<\/em><\/a><\/li>\n<li>Danijela Crljen: <a href=\"http:\/\/knjiznice.nsk.hr\/ploce\/strah-od-kupine-ocjena-citateljskog-kluba\/\" target=\"_blank\" rel=\"noopener\"><em>Strah od kupine<\/em><\/a><\/li>\n<li>Nick Hornby: <a href=\"http:\/\/knjiznice.nsk.hr\/ploce\/bas-kao-ti-ocjena-citateljskog-kluba\/\" target=\"_blank\" rel=\"noopener\"><em>Ba\u0161 kao ti<\/em><\/a><\/li>\n<li>John Williams:<em> Stoner<\/em><\/li>\n<li>Terry Pratchett: <em>Mort<\/em><\/li>\n<\/ol>\n<h4>Pro\u010ditani naslovi u 2023.:<\/h4>\n<ol>\n<li>Sally Hepworth: <a href=\"http:\/\/knjiznice.nsk.hr\/ploce\/svekrva-ocjena-citateljskog-kluba\/\" target=\"_blank\" rel=\"noopener\"><em>Svekrva<\/em><\/a><\/li>\n<li>Elizabeth Strout: <a href=\"http:\/\/knjiznice.nsk.hr\/ploce\/olive-kitteridge-ocjena-citateljskog-kluba\/\" target=\"_blank\" rel=\"noopener\"><em>Olive Kitteridge<\/em><\/a><\/li>\n<li>Fredrik Backman: <a href=\"http:\/\/knjiznice.nsk.hr\/ploce\/medvedgrad-ocjena-citateljskog-kluba\/\" target=\"_blank\" rel=\"noopener\"><em>Medvedgrad<\/em><\/a><\/li>\n<li>Amor Towles: <a href=\"http:\/\/knjiznice.nsk.hr\/ploce\/plemeniti-gospodin-u-moskvi-ocjena-citateljskog-kluba\/\" target=\"_blank\" rel=\"noopener\"><em>Plemeniti gospodin u Moskvi<\/em><\/a><\/li>\n<li>Julia Quinn: <a href=\"http:\/\/knjiznice.nsk.hr\/ploce\/zbog-gospodice-bridgerton-ocjena-citateljskog-kluba\/\" target=\"_blank\" rel=\"noopener\"><em>Zbog gospo\u0111ice Bridgerton<\/em><\/a><\/li>\n<li>Eva Garc\u00eda S\u00e1enz de Urturi: <em><a href=\"http:\/\/knjiznice.nsk.hr\/ploce\/sutnja-bijeloga-grada-ocjena-citateljskog-kluba\/\" target=\"_blank\" rel=\"noopener\">\u0160utnja bijeloga grada<\/a><\/em><\/li>\n<li>Jurica Pavi\u010di\u0107: <em><a href=\"http:\/\/knjiznice.nsk.hr\/ploce\/mater-dolorosa-ocjena-citateljskog-kluba\/\">Mater Dolorosa<\/a><\/em><\/li>\n<li>\u017delimir Peri\u0161: <a href=\"http:\/\/knjiznice.nsk.hr\/ploce\/mladenka-kostonoga-ocjena-citateljskog-kluba\/\" target=\"_blank\" rel=\"noopener\"><em>Mladenka kostonoga<\/em><\/a><\/li>\n<\/ol>\n","protected":false},"excerpt":{"rendered":"<p>\u010citateljski klub pokrenuli smo u velja\u010di 2023. Prvi, dogovorni sastanak, bio je otvoren za sve zainteresirane. Knji\u017enica kao inicijator predlo\u017eila je nekoliko modela funkcioniranja Kluba, a jednoglasno je odabran sljede\u0107i: svi \u0107emo \u010ditati istu knjigu po dogovoru, nema voditelja \u2014 svi su \u010dlanovi ravnopravni, sastajat \u0107emo se barem jednom mjese\u010dno, ovisno o mogu\u0107nostima. \u010citat \u0107e [&hellip;]<\/p>\n","protected":false},"author":89,"featured_media":8432,"parent":0,"menu_order":0,"comment_status":"closed","ping_status":"closed","template":"","meta":{"ngg_post_thumbnail":0},"yoast_head":"<!-- This site is optimized with the Yoast SEO plugin v16.4 - https:\/\/yoast.com\/wordpress\/plugins\/seo\/ -->\n<meta name=\"description\" content=\"Cilj je Kluba povesti kvalitetnu raspravu nakon pro\u010ditanog, uva\u017eiti tu\u0111a mi\u0161ljenja, upoznati razli\u010dite ukuse\u2026\" \/>\n<meta name=\"robots\" content=\"index, follow, max-snippet:-1, max-image-preview:large, max-video-preview:-1\" \/>\n<link rel=\"canonical\" href=\"https:\/\/knjiznice.nsk.hr\/ploce\/citateljski-klub\/\" \/>\n<meta property=\"og:locale\" content=\"hr_HR\" \/>\n<meta property=\"og:type\" content=\"article\" \/>\n<meta property=\"og:title\" content=\"\u010citateljski klub - Narodna knji\u017enica Plo\u010de\" \/>\n<meta property=\"og:description\" content=\"Cilj je Kluba povesti kvalitetnu raspravu nakon pro\u010ditanog, uva\u017eiti tu\u0111a mi\u0161ljenja, upoznati razli\u010dite ukuse\u2026\" \/>\n<meta property=\"og:url\" content=\"https:\/\/knjiznice.nsk.hr\/ploce\/citateljski-klub\/\" \/>\n<meta property=\"og:site_name\" content=\"Narodna knji\u017enica Plo\u010de\" \/>\n<meta property=\"article:publisher\" content=\"https:\/\/www.facebook.com\/narodnaknjiznica.ploce\/\" \/>\n<meta property=\"article:modified_time\" content=\"2025-04-08T13:46:17+00:00\" \/>\n<meta property=\"og:image\" content=\"http:\/\/knjiznice.nsk.hr\/ploce\/wp-content\/uploads\/sites\/74\/2023\/07\/instagram_kvadrat_CK.jpg\" \/>\n\t<meta property=\"og:image:width\" content=\"1181\" \/>\n\t<meta property=\"og:image:height\" content=\"1181\" \/>\n<meta name=\"twitter:label1\" content=\"Procijenjeno vrijeme \u010ditanja\" \/>\n\t<meta name=\"twitter:data1\" content=\"1 minuta\" \/>\n<script type=\"application\/ld+json\" class=\"yoast-schema-graph\">{\"@context\":\"https:\/\/schema.org\",\"@graph\":[{\"@type\":\"Organization\",\"@id\":\"http:\/\/knjiznice.nsk.hr\/ploce\/#organization\",\"name\":\"Narodna knji\\u017enica Plo\\u010de\",\"url\":\"http:\/\/knjiznice.nsk.hr\/ploce\/\",\"sameAs\":[\"https:\/\/www.facebook.com\/narodnaknjiznica.ploce\/\"],\"logo\":{\"@type\":\"ImageObject\",\"@id\":\"http:\/\/knjiznice.nsk.hr\/ploce\/#logo\",\"inLanguage\":\"hr\",\"url\":\"http:\/\/knjiznice.nsk.hr\/ploce\/wp-content\/uploads\/sites\/74\/2015\/09\/logo_1.png\",\"contentUrl\":\"http:\/\/knjiznice.nsk.hr\/ploce\/wp-content\/uploads\/sites\/74\/2015\/09\/logo_1.png\",\"width\":861,\"height\":503,\"caption\":\"Narodna knji\\u017enica Plo\\u010de\"},\"image\":{\"@id\":\"http:\/\/knjiznice.nsk.hr\/ploce\/#logo\"}},{\"@type\":\"WebSite\",\"@id\":\"http:\/\/knjiznice.nsk.hr\/ploce\/#website\",\"url\":\"http:\/\/knjiznice.nsk.hr\/ploce\/\",\"name\":\"Narodna knji\\u017enica Plo\\u010de\",\"description\":\"\",\"publisher\":{\"@id\":\"http:\/\/knjiznice.nsk.hr\/ploce\/#organization\"},\"potentialAction\":[{\"@type\":\"SearchAction\",\"target\":\"http:\/\/knjiznice.nsk.hr\/ploce\/?s={search_term_string}\",\"query-input\":\"required name=search_term_string\"}],\"inLanguage\":\"hr\"},{\"@type\":\"ImageObject\",\"@id\":\"https:\/\/knjiznice.nsk.hr\/ploce\/citateljski-klub\/#primaryimage\",\"inLanguage\":\"hr\",\"url\":\"https:\/\/knjiznice.nsk.hr\/ploce\/wp-content\/uploads\/sites\/74\/2023\/07\/instagram_kvadrat_CK.jpg\",\"contentUrl\":\"https:\/\/knjiznice.nsk.hr\/ploce\/wp-content\/uploads\/sites\/74\/2023\/07\/instagram_kvadrat_CK.jpg\",\"width\":1181,\"height\":1181},{\"@type\":\"WebPage\",\"@id\":\"https:\/\/knjiznice.nsk.hr\/ploce\/citateljski-klub\/#webpage\",\"url\":\"https:\/\/knjiznice.nsk.hr\/ploce\/citateljski-klub\/\",\"name\":\"\\u010citateljski klub - Narodna knji\\u017enica Plo\\u010de\",\"isPartOf\":{\"@id\":\"http:\/\/knjiznice.nsk.hr\/ploce\/#website\"},\"primaryImageOfPage\":{\"@id\":\"https:\/\/knjiznice.nsk.hr\/ploce\/citateljski-klub\/#primaryimage\"},\"datePublished\":\"2023-07-20T11:56:56+00:00\",\"dateModified\":\"2025-04-08T13:46:17+00:00\",\"description\":\"Cilj je Kluba povesti kvalitetnu raspravu nakon pro\\u010ditanog, uva\\u017eiti tu\\u0111a mi\\u0161ljenja, upoznati razli\\u010dite ukuse\\u2026\",\"breadcrumb\":{\"@id\":\"https:\/\/knjiznice.nsk.hr\/ploce\/citateljski-klub\/#breadcrumb\"},\"inLanguage\":\"hr\",\"potentialAction\":[{\"@type\":\"ReadAction\",\"target\":[\"https:\/\/knjiznice.nsk.hr\/ploce\/citateljski-klub\/\"]}]},{\"@type\":\"BreadcrumbList\",\"@id\":\"https:\/\/knjiznice.nsk.hr\/ploce\/citateljski-klub\/#breadcrumb\",\"itemListElement\":[{\"@type\":\"ListItem\",\"position\":1,\"item\":{\"@type\":\"WebPage\",\"@id\":\"http:\/\/knjiznice.nsk.hr\/ploce\/\",\"url\":\"http:\/\/knjiznice.nsk.hr\/ploce\/\",\"name\":\"Po\\u010detna stranica\"}},{\"@type\":\"ListItem\",\"position\":2,\"item\":{\"@id\":\"https:\/\/knjiznice.nsk.hr\/ploce\/citateljski-klub\/#webpage\"}}]}]}<\/script>\n<!-- \/ Yoast SEO plugin. -->","_links":{"self":[{"href":"https:\/\/knjiznice.nsk.hr\/ploce\/wp-json\/wp\/v2\/pages\/8431"}],"collection":[{"href":"https:\/\/knjiznice.nsk.hr\/ploce\/wp-json\/wp\/v2\/pages"}],"about":[{"href":"https:\/\/knjiznice.nsk.hr\/ploce\/wp-json\/wp\/v2\/types\/page"}],"author":[{"embeddable":true,"href":"https:\/\/knjiznice.nsk.hr\/ploce\/wp-json\/wp\/v2\/users\/89"}],"replies":[{"embeddable":true,"href":"https:\/\/knjiznice.nsk.hr\/ploce\/wp-json\/wp\/v2\/comments?post=8431"}],"version-history":[{"count":27,"href":"https:\/\/knjiznice.nsk.hr\/ploce\/wp-json\/wp\/v2\/pages\/8431\/revisions"}],"predecessor-version":[{"id":9767,"href":"https:\/\/knjiznice.nsk.hr\/ploce\/wp-json\/wp\/v2\/pages\/8431\/revisions\/9767"}],"wp:featuredmedia":[{"embeddable":true,"href":"https:\/\/knjiznice.nsk.hr\/ploce\/wp-json\/wp\/v2\/media\/8432"}],"wp:attachment":[{"href":"https:\/\/knjiznice.nsk.hr\/ploce\/wp-json\/wp\/v2\/media?parent=8431"}],"curies":[{"name":"wp","href":"https:\/\/api.w.org\/{rel}","templated":true}]}}