{"id":42,"date":"2015-05-14T09:52:04","date_gmt":"2015-05-14T07:52:04","guid":{"rendered":"http:\/\/knjiznice.nsk.hr\/ploce\/?page_id=42"},"modified":"2019-01-29T15:37:28","modified_gmt":"2019-01-29T14:37:28","slug":"o-knjiznici","status":"publish","type":"page","link":"https:\/\/knjiznice.nsk.hr\/ploce\/knjiznica\/o-knjiznici\/","title":{"rendered":"O knji\u017enici"},"content":{"rendered":"<p>Narodna knji\u017enica osnovana je 1964. godine. Od svog osnutka do danas neprekidno djeluje \u0161to je izuzetno zna\u010dajno za Grad Plo\u010de.<br \/>\nKnji\u017enica se do 1970. godine nalazi u Rogotinskoj 5, odakle je preseljena u zgradu Pu\u010dkog otvorenog u\u010dili\u0161ta u \u010dijem sklopu djeluju jo\u0161 i Osnovna glazbena \u0161kola, Likovna radionica te Zavi\u010dajna zbirka. Knji\u017enica i \u010ditaonica su bile smje\u0161tene na prvom katu zgrade.<br \/>\nNakon registracije i upisa u sudski registar na Trgova\u010dkom sudu u Dubrovniku 29. srpnja 2008. godine kao samostalne narodne knji\u017enice, izdvaja se iz sastava Pu\u010dkog otvorenog u\u010dili\u0161ta. Ministarstvo obrane Republike Hrvatske 2007. godine knji\u017enici je dodijelio prostor u sredi\u0161tu grada. U novi prostor knji\u017enica je preselila svoj fond krajem 2010. godine, a s radom je zapo\u010dela po\u010detkom 2011.<br \/>\n\u010clanovi knji\u017enice razli\u010ditog su uzrasta pa stoga ona nastoji zadovoljiti i razli\u010dite \u010ditala\u010dke potrebe, od \u0161kolske lektire, beletristike i stru\u010dnih izdanja.<br \/>\nPo\u010detni knji\u017eni fond bio je oko 1 000 svezaka, a danas ima vi\u0161e od 20 000 svezaka. Osim osnovne knji\u017eni\u010dne i obrazovne djelatnosti Knji\u017enica je nositelj i razli\u010ditih kulturnih doga\u0111anja: knji\u017eevnih ve\u010deri, predstavljanja knjiga, izlo\u017ebi i dje\u010djih kreativnih radionica.<\/p>\n","protected":false},"excerpt":{"rendered":"<p>Narodna knji\u017enica osnovana je 1964. godine. Od svog osnutka do danas neprekidno djeluje \u0161to je izuzetno zna\u010dajno za Grad Plo\u010de. Knji\u017enica se do 1970. godine nalazi u Rogotinskoj 5, odakle je preseljena u zgradu Pu\u010dkog otvorenog u\u010dili\u0161ta u \u010dijem sklopu djeluju jo\u0161 i Osnovna glazbena \u0161kola, Likovna radionica te Zavi\u010dajna zbirka. Knji\u017enica i \u010ditaonica su [&hellip;]<\/p>\n","protected":false},"author":89,"featured_media":0,"parent":132,"menu_order":1,"comment_status":"closed","ping_status":"closed","template":"","meta":{"ngg_post_thumbnail":0},"yoast_head":"<!-- This site is optimized with the Yoast SEO plugin v16.4 - https:\/\/yoast.com\/wordpress\/plugins\/seo\/ -->\n<meta name=\"robots\" content=\"index, follow, max-snippet:-1, max-image-preview:large, max-video-preview:-1\" \/>\n<link rel=\"canonical\" href=\"https:\/\/knjiznice.nsk.hr\/ploce\/knjiznica\/o-knjiznici\/\" \/>\n<meta property=\"og:locale\" content=\"hr_HR\" \/>\n<meta property=\"og:type\" content=\"article\" \/>\n<meta property=\"og:title\" content=\"O knji\u017enici - Narodna knji\u017enica Plo\u010de\" \/>\n<meta property=\"og:description\" content=\"Narodna knji\u017enica osnovana je 1964. godine. Od svog osnutka do danas neprekidno djeluje \u0161to je izuzetno zna\u010dajno za Grad Plo\u010de. Knji\u017enica se do 1970. godine nalazi u Rogotinskoj 5, odakle je preseljena u zgradu Pu\u010dkog otvorenog u\u010dili\u0161ta u \u010dijem sklopu djeluju jo\u0161 i Osnovna glazbena \u0161kola, Likovna radionica te Zavi\u010dajna zbirka. Knji\u017enica i \u010ditaonica su [&hellip;]\" \/>\n<meta property=\"og:url\" content=\"https:\/\/knjiznice.nsk.hr\/ploce\/knjiznica\/o-knjiznici\/\" \/>\n<meta property=\"og:site_name\" content=\"Narodna knji\u017enica Plo\u010de\" \/>\n<meta property=\"article:publisher\" content=\"https:\/\/www.facebook.com\/narodnaknjiznica.ploce\/\" \/>\n<meta property=\"article:modified_time\" content=\"2019-01-29T14:37:28+00:00\" \/>\n<meta name=\"twitter:label1\" content=\"Procijenjeno vrijeme \u010ditanja\" \/>\n\t<meta name=\"twitter:data1\" content=\"1 minuta\" \/>\n<script type=\"application\/ld+json\" class=\"yoast-schema-graph\">{\"@context\":\"https:\/\/schema.org\",\"@graph\":[{\"@type\":\"Organization\",\"@id\":\"http:\/\/knjiznice.nsk.hr\/ploce\/#organization\",\"name\":\"Narodna knji\\u017enica Plo\\u010de\",\"url\":\"http:\/\/knjiznice.nsk.hr\/ploce\/\",\"sameAs\":[\"https:\/\/www.facebook.com\/narodnaknjiznica.ploce\/\"],\"logo\":{\"@type\":\"ImageObject\",\"@id\":\"http:\/\/knjiznice.nsk.hr\/ploce\/#logo\",\"inLanguage\":\"hr\",\"url\":\"http:\/\/knjiznice.nsk.hr\/ploce\/wp-content\/uploads\/sites\/74\/2015\/09\/logo_1.png\",\"contentUrl\":\"http:\/\/knjiznice.nsk.hr\/ploce\/wp-content\/uploads\/sites\/74\/2015\/09\/logo_1.png\",\"width\":861,\"height\":503,\"caption\":\"Narodna knji\\u017enica Plo\\u010de\"},\"image\":{\"@id\":\"http:\/\/knjiznice.nsk.hr\/ploce\/#logo\"}},{\"@type\":\"WebSite\",\"@id\":\"http:\/\/knjiznice.nsk.hr\/ploce\/#website\",\"url\":\"http:\/\/knjiznice.nsk.hr\/ploce\/\",\"name\":\"Narodna knji\\u017enica Plo\\u010de\",\"description\":\"\",\"publisher\":{\"@id\":\"http:\/\/knjiznice.nsk.hr\/ploce\/#organization\"},\"potentialAction\":[{\"@type\":\"SearchAction\",\"target\":\"http:\/\/knjiznice.nsk.hr\/ploce\/?s={search_term_string}\",\"query-input\":\"required name=search_term_string\"}],\"inLanguage\":\"hr\"},{\"@type\":\"WebPage\",\"@id\":\"https:\/\/knjiznice.nsk.hr\/ploce\/knjiznica\/o-knjiznici\/#webpage\",\"url\":\"https:\/\/knjiznice.nsk.hr\/ploce\/knjiznica\/o-knjiznici\/\",\"name\":\"O knji\\u017enici - Narodna knji\\u017enica Plo\\u010de\",\"isPartOf\":{\"@id\":\"http:\/\/knjiznice.nsk.hr\/ploce\/#website\"},\"datePublished\":\"2015-05-14T07:52:04+00:00\",\"dateModified\":\"2019-01-29T14:37:28+00:00\",\"breadcrumb\":{\"@id\":\"https:\/\/knjiznice.nsk.hr\/ploce\/knjiznica\/o-knjiznici\/#breadcrumb\"},\"inLanguage\":\"hr\",\"potentialAction\":[{\"@type\":\"ReadAction\",\"target\":[\"https:\/\/knjiznice.nsk.hr\/ploce\/knjiznica\/o-knjiznici\/\"]}]},{\"@type\":\"BreadcrumbList\",\"@id\":\"https:\/\/knjiznice.nsk.hr\/ploce\/knjiznica\/o-knjiznici\/#breadcrumb\",\"itemListElement\":[{\"@type\":\"ListItem\",\"position\":1,\"item\":{\"@type\":\"WebPage\",\"@id\":\"http:\/\/knjiznice.nsk.hr\/ploce\/\",\"url\":\"http:\/\/knjiznice.nsk.hr\/ploce\/\",\"name\":\"Po\\u010detna stranica\"}},{\"@type\":\"ListItem\",\"position\":2,\"item\":{\"@type\":\"WebPage\",\"@id\":\"http:\/\/knjiznice.nsk.hr\/ploce\/knjiznica\/\",\"url\":\"http:\/\/knjiznice.nsk.hr\/ploce\/knjiznica\/\",\"name\":\"Knji\\u017enica\"}},{\"@type\":\"ListItem\",\"position\":3,\"item\":{\"@id\":\"https:\/\/knjiznice.nsk.hr\/ploce\/knjiznica\/o-knjiznici\/#webpage\"}}]}]}<\/script>\n<!-- \/ Yoast SEO plugin. -->","_links":{"self":[{"href":"https:\/\/knjiznice.nsk.hr\/ploce\/wp-json\/wp\/v2\/pages\/42"}],"collection":[{"href":"https:\/\/knjiznice.nsk.hr\/ploce\/wp-json\/wp\/v2\/pages"}],"about":[{"href":"https:\/\/knjiznice.nsk.hr\/ploce\/wp-json\/wp\/v2\/types\/page"}],"author":[{"embeddable":true,"href":"https:\/\/knjiznice.nsk.hr\/ploce\/wp-json\/wp\/v2\/users\/89"}],"replies":[{"embeddable":true,"href":"https:\/\/knjiznice.nsk.hr\/ploce\/wp-json\/wp\/v2\/comments?post=42"}],"version-history":[{"count":3,"href":"https:\/\/knjiznice.nsk.hr\/ploce\/wp-json\/wp\/v2\/pages\/42\/revisions"}],"predecessor-version":[{"id":45,"href":"https:\/\/knjiznice.nsk.hr\/ploce\/wp-json\/wp\/v2\/pages\/42\/revisions\/45"}],"up":[{"embeddable":true,"href":"https:\/\/knjiznice.nsk.hr\/ploce\/wp-json\/wp\/v2\/pages\/132"}],"wp:attachment":[{"href":"https:\/\/knjiznice.nsk.hr\/ploce\/wp-json\/wp\/v2\/media?parent=42"}],"curies":[{"name":"wp","href":"https:\/\/api.w.org\/{rel}","templated":true}]}}