{"id":33,"date":"2015-05-14T09:43:23","date_gmt":"2015-05-14T09:43:23","guid":{"rendered":"http:\/\/knjiznice.nsk.hr\/ploce\/?page_id=33"},"modified":"2025-03-21T13:28:48","modified_gmt":"2025-03-21T12:28:48","slug":"cjenik","status":"publish","type":"page","link":"https:\/\/knjiznice.nsk.hr\/ploce\/cjenik\/","title":{"rendered":"Cjenik usluga"},"content":{"rendered":"<p><strong>1<\/strong><strong>. \u010cLANARINA<\/strong><\/p>\n<p style=\"padding-left: 40px\"><strong> a) GODI\u0160NJA<\/strong><\/p>\n<ul>\n<li>Odrasli zaposleni \u2013<strong> 11 \u20ac<\/strong><\/li>\n<li>Djeca, u\u010denici, redoviti studenti, nezaposleni, umirovljenici \u2013 <strong>7 \u20ac<\/strong><\/li>\n<li>Obiteljska \u010dlanarina \u2013 <strong>16 \u20ac<\/strong><\/li>\n<\/ul>\n<p style=\"padding-left: 40px\"><strong> b) OSTALE<\/strong><\/p>\n<ul>\n<li>Turisti\u010dka \u010dlanarina (traje 3 mjeseca) \u2013 <strong>4 \u20ac<\/strong><\/li>\n<\/ul>\n<p style=\"padding-left: 40px\"><strong>NAPOMENE:<\/strong><\/p>\n<ul>\n<li>Invalidi i korisnici socijalne iskaznice imaju pravo na <strong>BESPLATNO u\u010dlanjenje<\/strong>.<\/li>\n<li>Godi\u0161nja<strong> \u010dlanarina vrijedi 365 dana od dana upisa<\/strong>. Pravo na povoljniju godi\u0161nju \u010dlanarinu redovni studenti ostvaruju uz predo\u010denje indeksa, umirovljenici uz predo\u010denje zadnjeg odreska od mirovine, nezaposleni uz predo\u010denje potvrde HZZ-a, a invalidi i korisnici socijalne iskaznice odgovaraju\u0107im dokumentom o svom statusu.<\/li>\n<li>Obiteljska \u010dlanarina vrijedi <strong>za vi\u0161e \u010dlanova jedne obitelji.<\/strong><\/li>\n<\/ul>\n<p><strong> 2. ZAKASNINA I OPOMENE*<\/strong><\/p>\n<ul>\n<li>Zakasnina po danu i po jedinici gra\u0111e \u2013 <strong>0,10 \u20ac<\/strong><\/li>\n<li>Maksimalni iznos zakasnine \u2013&nbsp; <strong>20 \u20ac<\/strong><\/li>\n<li>Prva opomena \u2013<strong> 1 \u20ac<\/strong><\/li>\n<li>Druga opomena \u2013<strong> 2 \u20ac<\/strong><\/li>\n<li>Tre\u0107a opomena \u2013<strong> 3 \u20ac<\/strong><\/li>\n<\/ul>\n<p style=\"padding-left: 40px\">* Za nevra\u0107ene knjige i drugu gra\u0111u od dana isteka roka vra\u0107anja, Knji\u017enica upu\u0107uje \u010dlanu prvu opomenu. Druga opomena \u0161alje se nakon 60 dana, a tre\u0107a nakon 90 dana od dana isteka roka vra\u0107anja.<\/p>\n<p><strong> 3. KORI\u0160TENJE RA\u010cUNALA:<\/strong><\/p>\n<ul>\n<li>Ne\u010dlanovi \u2013 30 minuta \u2013 <strong>0,50 \u20ac<\/strong><\/li>\n<li>Ne\u010dlanovi \u2013 60 minuta \u2013 <strong>1 \u20ac<\/strong><\/li>\n<\/ul>\n<p style=\"padding-left: 40px\">Kori\u0161tenje ra\u010dunala za <strong>\u010cLANOVE je BESPLATNO!<\/strong><\/p>\n<p><strong> 4. OSTALO<\/strong><\/p>\n<ul>\n<li>Posudba dopunske knjige \u2013 <strong>0,50 \u20ac<\/strong><\/li>\n<li>Me\u0111uknji\u017eni\u010dna posudba \u2013 <strong>3 \u20ac<\/strong><\/li>\n<li>Izrada nove iskaznice (prilikom prvog upisa se ne napla\u0107uje) \u2013 <strong>1,50 \u20ac<\/strong><\/li>\n<\/ul>\n<p><strong>PRAVILA POSUDBE:<\/strong><\/p>\n<ol>\n<li>a) Najvi\u0161e se mogu posuditi <strong>3 knjige<\/strong>. Posudba dopunske knjige napla\u0107uje se prema va\u017ee\u0107em Cjeniku;<\/li>\n<li>b) Korisnici obiteljske \u010dlanarine mogu posuditi <strong>vi\u0161e od 3 knjige<\/strong> \u2013 upisuje se vi\u0161e \u010dlanova obitelji;<\/li>\n<li>c) Sve knjige posu\u0111uju se na <strong>30 dana<\/strong>;<\/li>\n<li>d) Rok posudbe knjiga mo\u017ee se produ\u017eiti jo\u0161<strong> 2 puta (20+20 dana)<\/strong>, osim lektire i rezerviranih knjiga;<\/li>\n<li>e) Posudba za micro:bit ra\u010dunala i sli\u010dnu opremu (BOSON komplete, micro:Maqueen robote i AQ:bit) iznosi <strong>15 dana<\/strong>. Rok posudbe mo\u017ee se produ\u017eiti jo\u0161 jednom (+ 15 dana). U slu\u010daju da je oprema \u010dlanu potrebna za potrebe sudjelovanja u natje\u010daju ili izrade projekta, mo\u017ee se dopustiti du\u017ei rok posudbe.<\/li>\n<\/ol>\n<p>Ovaj Cjenik primjenjuje se i stupa na snagu 01.01.2023. godine.<\/p>\n","protected":false},"excerpt":{"rendered":"<p>1. \u010cLANARINA a) GODI\u0160NJA Odrasli zaposleni \u2013 11 \u20ac Djeca, u\u010denici, redoviti studenti, nezaposleni, umirovljenici \u2013 7 \u20ac Obiteljska \u010dlanarina \u2013 16 \u20ac b) OSTALE Turisti\u010dka \u010dlanarina (traje 3 mjeseca) \u2013 4 \u20ac NAPOMENE: Invalidi i korisnici socijalne iskaznice imaju pravo na BESPLATNO u\u010dlanjenje. Godi\u0161nja \u010dlanarina vrijedi 365 dana od dana upisa. Pravo na povoljniju [&hellip;]<\/p>\n","protected":false},"author":89,"featured_media":0,"parent":0,"menu_order":2,"comment_status":"closed","ping_status":"closed","template":"","meta":{"ngg_post_thumbnail":0},"yoast_head":"<!-- This site is optimized with the Yoast SEO plugin v16.4 - https:\/\/yoast.com\/wordpress\/plugins\/seo\/ -->\n<meta name=\"description\" content=\"Cjenik usluga i pravila posudbe Narodne knji\u017enice Plo\u010de\" \/>\n<meta name=\"robots\" content=\"index, follow, max-snippet:-1, max-image-preview:large, max-video-preview:-1\" \/>\n<link rel=\"canonical\" href=\"http:\/\/knjiznice.nsk.hr\/ploce\/cjenik\/\" \/>\n<meta property=\"og:locale\" content=\"hr_HR\" \/>\n<meta property=\"og:type\" content=\"article\" \/>\n<meta property=\"og:title\" content=\"Cjenik usluga - Narodna knji\u017enica Plo\u010de\" \/>\n<meta property=\"og:description\" content=\"Cjenik usluga i pravila posudbe Narodne knji\u017enice Plo\u010de\" \/>\n<meta property=\"og:url\" content=\"http:\/\/knjiznice.nsk.hr\/ploce\/cjenik\/\" \/>\n<meta property=\"og:site_name\" content=\"Narodna knji\u017enica Plo\u010de\" \/>\n<meta property=\"article:publisher\" content=\"https:\/\/www.facebook.com\/narodnaknjiznica.ploce\/\" \/>\n<meta property=\"article:modified_time\" content=\"2025-03-21T12:28:48+00:00\" \/>\n<meta name=\"twitter:label1\" content=\"Procijenjeno vrijeme \u010ditanja\" \/>\n\t<meta name=\"twitter:data1\" content=\"2 minute\" \/>\n<script type=\"application\/ld+json\" class=\"yoast-schema-graph\">{\"@context\":\"https:\/\/schema.org\",\"@graph\":[{\"@type\":\"Organization\",\"@id\":\"https:\/\/knjiznice.nsk.hr\/ploce\/#organization\",\"name\":\"Narodna knji\\u017enica Plo\\u010de\",\"url\":\"https:\/\/knjiznice.nsk.hr\/ploce\/\",\"sameAs\":[\"https:\/\/www.facebook.com\/narodnaknjiznica.ploce\/\"],\"logo\":{\"@type\":\"ImageObject\",\"@id\":\"https:\/\/knjiznice.nsk.hr\/ploce\/#logo\",\"inLanguage\":\"hr\",\"url\":\"http:\/\/knjiznice.nsk.hr\/ploce\/wp-content\/uploads\/sites\/74\/2015\/09\/logo_1.png\",\"contentUrl\":\"http:\/\/knjiznice.nsk.hr\/ploce\/wp-content\/uploads\/sites\/74\/2015\/09\/logo_1.png\",\"width\":861,\"height\":503,\"caption\":\"Narodna knji\\u017enica Plo\\u010de\"},\"image\":{\"@id\":\"https:\/\/knjiznice.nsk.hr\/ploce\/#logo\"}},{\"@type\":\"WebSite\",\"@id\":\"https:\/\/knjiznice.nsk.hr\/ploce\/#website\",\"url\":\"https:\/\/knjiznice.nsk.hr\/ploce\/\",\"name\":\"Narodna knji\\u017enica Plo\\u010de\",\"description\":\"\",\"publisher\":{\"@id\":\"https:\/\/knjiznice.nsk.hr\/ploce\/#organization\"},\"potentialAction\":[{\"@type\":\"SearchAction\",\"target\":\"https:\/\/knjiznice.nsk.hr\/ploce\/?s={search_term_string}\",\"query-input\":\"required name=search_term_string\"}],\"inLanguage\":\"hr\"},{\"@type\":\"WebPage\",\"@id\":\"http:\/\/knjiznice.nsk.hr\/ploce\/cjenik\/#webpage\",\"url\":\"http:\/\/knjiznice.nsk.hr\/ploce\/cjenik\/\",\"name\":\"Cjenik usluga - Narodna knji\\u017enica Plo\\u010de\",\"isPartOf\":{\"@id\":\"https:\/\/knjiznice.nsk.hr\/ploce\/#website\"},\"datePublished\":\"2015-05-14T09:43:23+00:00\",\"dateModified\":\"2025-03-21T12:28:48+00:00\",\"description\":\"Cjenik usluga i pravila posudbe Narodne knji\\u017enice Plo\\u010de\",\"breadcrumb\":{\"@id\":\"http:\/\/knjiznice.nsk.hr\/ploce\/cjenik\/#breadcrumb\"},\"inLanguage\":\"hr\",\"potentialAction\":[{\"@type\":\"ReadAction\",\"target\":[\"http:\/\/knjiznice.nsk.hr\/ploce\/cjenik\/\"]}]},{\"@type\":\"BreadcrumbList\",\"@id\":\"http:\/\/knjiznice.nsk.hr\/ploce\/cjenik\/#breadcrumb\",\"itemListElement\":[{\"@type\":\"ListItem\",\"position\":1,\"item\":{\"@type\":\"WebPage\",\"@id\":\"https:\/\/knjiznice.nsk.hr\/ploce\/\",\"url\":\"https:\/\/knjiznice.nsk.hr\/ploce\/\",\"name\":\"Po\\u010detna stranica\"}},{\"@type\":\"ListItem\",\"position\":2,\"item\":{\"@id\":\"http:\/\/knjiznice.nsk.hr\/ploce\/cjenik\/#webpage\"}}]}]}<\/script>\n<!-- \/ Yoast SEO plugin. -->","_links":{"self":[{"href":"https:\/\/knjiznice.nsk.hr\/ploce\/wp-json\/wp\/v2\/pages\/33"}],"collection":[{"href":"https:\/\/knjiznice.nsk.hr\/ploce\/wp-json\/wp\/v2\/pages"}],"about":[{"href":"https:\/\/knjiznice.nsk.hr\/ploce\/wp-json\/wp\/v2\/types\/page"}],"author":[{"embeddable":true,"href":"https:\/\/knjiznice.nsk.hr\/ploce\/wp-json\/wp\/v2\/users\/89"}],"replies":[{"embeddable":true,"href":"https:\/\/knjiznice.nsk.hr\/ploce\/wp-json\/wp\/v2\/comments?post=33"}],"version-history":[{"count":27,"href":"https:\/\/knjiznice.nsk.hr\/ploce\/wp-json\/wp\/v2\/pages\/33\/revisions"}],"predecessor-version":[{"id":9682,"href":"https:\/\/knjiznice.nsk.hr\/ploce\/wp-json\/wp\/v2\/pages\/33\/revisions\/9682"}],"wp:attachment":[{"href":"https:\/\/knjiznice.nsk.hr\/ploce\/wp-json\/wp\/v2\/media?parent=33"}],"curies":[{"name":"wp","href":"https:\/\/api.w.org\/{rel}","templated":true}]}}