{"id":290,"date":"2022-04-08T08:41:51","date_gmt":"2022-04-08T06:41:51","guid":{"rendered":"http:\/\/knjiznice.nsk.hr\/orahovica\/?page_id=290"},"modified":"2025-05-09T12:58:07","modified_gmt":"2025-05-09T10:58:07","slug":"natjecaj-za-ravnatelja","status":"publish","type":"page","link":"https:\/\/knjiznice.nsk.hr\/orahovica\/izvjesce-o-radu\/dokumenti\/natjecaji\/natjecaj-za-ravnatelja\/","title":{"rendered":"Natje\u010daj za ravnatelja"},"content":{"rendered":"<p><a href=\"http:\/\/knjiznice.nsk.hr\/orahovica\/2021\/10\/29\/natjecaj-za-ravnatelja-icu-gkorahovica\/\" rel=\"attachment wp-att-210\">Natje\u010daj za ravnatelja 2021.g.<\/a><\/p>\n<p><strong>Natje\u010daj za ravnatelja 2024.g.:&nbsp;<\/strong><\/p>\n<p><a href=\"http:\/\/knjiznice.nsk.hr\/orahovica\/wp-content\/uploads\/sites\/113\/2024\/07\/Odluka-o-ponistenju-javnog-natjecaja-za-ravnatelja-Gradske-knjiznice-Orahovica.pdf\">Odluka o poni\u0161tenju javnog natje\u010daja za ravnatelja Gradske knji\u017enice Orahovica<\/a><\/p>\n<p><a href=\"http:\/\/knjiznice.nsk.hr\/orahovica\/wp-content\/uploads\/sites\/113\/2024\/05\/Javni-natjecaj-za-ravnatelja-Gradske-knjiznice-Orahovica_17.5.24..pdf\">Javni natje\u010daj za ravnatelja Gradske knji\u017enice Orahovica_17.5.24.<\/a><\/p>\n<p><a href=\"http:\/\/knjiznice.nsk.hr\/orahovica\/wp-content\/uploads\/sites\/113\/2024\/05\/Upute-i-obavijesti-kandidatima.docx\">Upute i obavijesti kandidatima<\/a><\/p>\n<p>Natje\u010daj za ravnatelja 2025. godina:<\/p>\n<p><strong><a href=\"http:\/\/knjiznice.nsk.hr\/orahovica\/wp-content\/uploads\/sites\/113\/2025\/05\/Rjesenje-o-imenovanju-ravnatelja-Gradske-knjiznice-Orahovica.pdf\">Rje\u0161enje o imenovanju ravnatelja Gradske knji\u017enice Orahovica<\/a><\/strong><\/p>\n","protected":false},"excerpt":{"rendered":"<p>Natje\u010daj za ravnatelja 2021.g. Natje\u010daj za ravnatelja 2024.g.:&nbsp; Odluka o poni\u0161tenju javnog natje\u010daja za ravnatelja Gradske knji\u017enice Orahovica Javni natje\u010daj za ravnatelja Gradske knji\u017enice Orahovica_17.5.24. Upute i obavijesti kandidatima Natje\u010daj [&hellip;]<\/p>\n","protected":false},"author":187,"featured_media":0,"parent":209,"menu_order":0,"comment_status":"closed","ping_status":"closed","template":"","meta":{"ngg_post_thumbnail":0},"yoast_head":"<!-- This site is optimized with the Yoast SEO plugin v16.4 - https:\/\/yoast.com\/wordpress\/plugins\/seo\/ -->\n<meta name=\"robots\" content=\"index, follow, max-snippet:-1, max-image-preview:large, max-video-preview:-1\" \/>\n<link rel=\"canonical\" href=\"http:\/\/knjiznice.nsk.hr\/orahovica\/izvjesce-o-radu\/dokumenti\/natjecaji\/natjecaj-za-ravnatelja\/\" \/>\n<meta property=\"og:locale\" content=\"hr_HR\" \/>\n<meta property=\"og:type\" content=\"article\" \/>\n<meta property=\"og:title\" content=\"Natje\u010daj za ravnatelja - Gradska knji\u017enica Orahovica\" \/>\n<meta property=\"og:description\" content=\"Natje\u010daj za ravnatelja 2021.g. Natje\u010daj za ravnatelja 2024.g.:&nbsp; Odluka o poni\u0161tenju javnog natje\u010daja za ravnatelja Gradske knji\u017enice Orahovica Javni natje\u010daj za ravnatelja Gradske knji\u017enice Orahovica_17.5.24. Upute i obavijesti kandidatima Natje\u010daj [&hellip;]\" \/>\n<meta property=\"og:url\" content=\"http:\/\/knjiznice.nsk.hr\/orahovica\/izvjesce-o-radu\/dokumenti\/natjecaji\/natjecaj-za-ravnatelja\/\" \/>\n<meta property=\"og:site_name\" content=\"Gradska knji\u017enica Orahovica\" \/>\n<meta property=\"article:modified_time\" content=\"2025-05-09T10:58:07+00:00\" \/>\n<meta name=\"twitter:card\" content=\"summary_large_image\" \/>\n<meta name=\"twitter:label1\" content=\"Procijenjeno vrijeme \u010ditanja\" \/>\n\t<meta name=\"twitter:data1\" content=\"1 minuta\" \/>\n<script type=\"application\/ld+json\" class=\"yoast-schema-graph\">{\"@context\":\"https:\/\/schema.org\",\"@graph\":[{\"@type\":\"WebSite\",\"@id\":\"http:\/\/knjiznice.nsk.hr\/orahovica\/#website\",\"url\":\"http:\/\/knjiznice.nsk.hr\/orahovica\/\",\"name\":\"Gradska knji\\u017enica Orahovica\",\"description\":\"\\u010citamo s vama od 1877. godine\",\"potentialAction\":[{\"@type\":\"SearchAction\",\"target\":\"http:\/\/knjiznice.nsk.hr\/orahovica\/?s={search_term_string}\",\"query-input\":\"required name=search_term_string\"}],\"inLanguage\":\"hr\"},{\"@type\":\"WebPage\",\"@id\":\"http:\/\/knjiznice.nsk.hr\/orahovica\/izvjesce-o-radu\/dokumenti\/natjecaji\/natjecaj-za-ravnatelja\/#webpage\",\"url\":\"http:\/\/knjiznice.nsk.hr\/orahovica\/izvjesce-o-radu\/dokumenti\/natjecaji\/natjecaj-za-ravnatelja\/\",\"name\":\"Natje\\u010daj za ravnatelja - Gradska knji\\u017enica Orahovica\",\"isPartOf\":{\"@id\":\"http:\/\/knjiznice.nsk.hr\/orahovica\/#website\"},\"datePublished\":\"2022-04-08T06:41:51+00:00\",\"dateModified\":\"2025-05-09T10:58:07+00:00\",\"breadcrumb\":{\"@id\":\"http:\/\/knjiznice.nsk.hr\/orahovica\/izvjesce-o-radu\/dokumenti\/natjecaji\/natjecaj-za-ravnatelja\/#breadcrumb\"},\"inLanguage\":\"hr\",\"potentialAction\":[{\"@type\":\"ReadAction\",\"target\":[\"http:\/\/knjiznice.nsk.hr\/orahovica\/izvjesce-o-radu\/dokumenti\/natjecaji\/natjecaj-za-ravnatelja\/\"]}]},{\"@type\":\"BreadcrumbList\",\"@id\":\"http:\/\/knjiznice.nsk.hr\/orahovica\/izvjesce-o-radu\/dokumenti\/natjecaji\/natjecaj-za-ravnatelja\/#breadcrumb\",\"itemListElement\":[{\"@type\":\"ListItem\",\"position\":1,\"item\":{\"@type\":\"WebPage\",\"@id\":\"http:\/\/knjiznice.nsk.hr\/orahovica\/\",\"url\":\"http:\/\/knjiznice.nsk.hr\/orahovica\/\",\"name\":\"Po\\u010detna stranica\"}},{\"@type\":\"ListItem\",\"position\":2,\"item\":{\"@type\":\"WebPage\",\"@id\":\"http:\/\/knjiznice.nsk.hr\/orahovica\/izvjesce-o-radu\/\",\"url\":\"http:\/\/knjiznice.nsk.hr\/orahovica\/izvjesce-o-radu\/\",\"name\":\"Izvje\\u0161taji o radu\"}},{\"@type\":\"ListItem\",\"position\":3,\"item\":{\"@type\":\"WebPage\",\"@id\":\"http:\/\/knjiznice.nsk.hr\/orahovica\/izvjesce-o-radu\/dokumenti\/\",\"url\":\"http:\/\/knjiznice.nsk.hr\/orahovica\/izvjesce-o-radu\/dokumenti\/\",\"name\":\"DOKUMENTI\"}},{\"@type\":\"ListItem\",\"position\":4,\"item\":{\"@type\":\"WebPage\",\"@id\":\"http:\/\/knjiznice.nsk.hr\/orahovica\/izvjesce-o-radu\/dokumenti\/natjecaji\/\",\"url\":\"http:\/\/knjiznice.nsk.hr\/orahovica\/izvjesce-o-radu\/dokumenti\/natjecaji\/\",\"name\":\"Natje\\u010daji\"}},{\"@type\":\"ListItem\",\"position\":5,\"item\":{\"@id\":\"http:\/\/knjiznice.nsk.hr\/orahovica\/izvjesce-o-radu\/dokumenti\/natjecaji\/natjecaj-za-ravnatelja\/#webpage\"}}]}]}<\/script>\n<!-- \/ Yoast SEO plugin. -->","_links":{"self":[{"href":"https:\/\/knjiznice.nsk.hr\/orahovica\/wp-json\/wp\/v2\/pages\/290"}],"collection":[{"href":"https:\/\/knjiznice.nsk.hr\/orahovica\/wp-json\/wp\/v2\/pages"}],"about":[{"href":"https:\/\/knjiznice.nsk.hr\/orahovica\/wp-json\/wp\/v2\/types\/page"}],"author":[{"embeddable":true,"href":"https:\/\/knjiznice.nsk.hr\/orahovica\/wp-json\/wp\/v2\/users\/187"}],"replies":[{"embeddable":true,"href":"https:\/\/knjiznice.nsk.hr\/orahovica\/wp-json\/wp\/v2\/comments?post=290"}],"version-history":[{"count":6,"href":"https:\/\/knjiznice.nsk.hr\/orahovica\/wp-json\/wp\/v2\/pages\/290\/revisions"}],"predecessor-version":[{"id":555,"href":"https:\/\/knjiznice.nsk.hr\/orahovica\/wp-json\/wp\/v2\/pages\/290\/revisions\/555"}],"up":[{"embeddable":true,"href":"https:\/\/knjiznice.nsk.hr\/orahovica\/wp-json\/wp\/v2\/pages\/209"}],"wp:attachment":[{"href":"https:\/\/knjiznice.nsk.hr\/orahovica\/wp-json\/wp\/v2\/media?parent=290"}],"curies":[{"name":"wp","href":"https:\/\/api.w.org\/{rel}","templated":true}]}}