{"id":94,"date":"2019-01-22T08:26:20","date_gmt":"2019-01-22T08:26:20","guid":{"rendered":"http:\/\/knjiznice.nsk.hr\/majur\/?page_id=94"},"modified":"2026-01-26T13:08:38","modified_gmt":"2026-01-26T13:08:38","slug":"pravo-na-pristup-informacijama","status":"publish","type":"page","link":"https:\/\/knjiznice.nsk.hr\/majur\/pravo-na-pristup-informacijama\/","title":{"rendered":"Pravo na pristup informacijama"},"content":{"rendered":"<h5><strong>SLU\u017dBENIK ZA INFORMIRANJE<\/strong><\/h5>\n<p><strong>Suzana Tumurad<\/strong><\/p>\n<p><strong>Telefon<\/strong>: 044\/ 858 064<\/p>\n<p><strong>Faks<\/strong>: 044\/ 858 064<\/p>\n<p><strong>E-mail<\/strong>: nkc_majur@net.hr<\/p>\n<p><strong>Radno vrijeme<\/strong>: ponedjeljak-petak od 7:00 do 15:00 sati<\/p>\n<p><a href=\"http:\/\/knjiznice.nsk.hr\/majur\/wp-content\/uploads\/sites\/56\/2019\/01\/Odluka-o-imenovanju-slu\u017ebenika-za-informiranje.pdf\" target=\"_blank\" rel=\"noopener noreferrer\">Odluka o imenovanju slu\u017ebenika za informiranje<\/a><\/p>\n<h5>NA\u010cIN PREDAVANJA ZAHTJEVA<\/h5>\n<p>Pravo na pristup informacijama i ponovnu uporabu informacija ostvaruje se podno\u0161enjem zahtjeva slu\u017ebeniku za informiranje Narodne knji\u017enice i \u010ditaonice Majur na sljede\u0107e mogu\u0107e na\u010dine:<\/p>\n<ul>\n<li><strong>putem telefona<\/strong> na broj: 044\/ 858 064<\/li>\n<li><strong>putem faksa<\/strong> na broj: 044\/ 858 064<\/li>\n<li><strong>elektroni\u010dkom po\u0161tom<\/strong> slu\u017ebeniku za informiranje: nkc_majur@net.hr na obrascu Zahtjev za pristup informacijama \/ Zahtjev za dopunu ili ispravak informacije \/ Zahtjev za ponovnu uporabu informacija<\/li>\n<li><strong>po\u0161tom na adresu<\/strong>: Narodna knji\u017enica i \u010ditaonica Majur, Sv. Mihovila 2, Majur, 44 430 Hrvaska Kostajnica, na obrascu Zahtjev za pristup informacijama \/ Zahtjev za dopunu ili ispravak informacije \/ Zahtjev za ponovnu uporabu informacija<\/li>\n<li><strong>osobno na adresu<\/strong>: Narodna knji\u017enica i \u010ditaonica Majur, Sv. Mihovila 2, Majur, 44 430 Hrvaska Kostajnica, na obrascu Zahtjev za pristup informacijama \/ Zahtjev za dopunu ili ispravak informacije \/ Zahtjev za ponovnu uporabu informacija radnim danom od 8:00 do 15:00 sati<\/li>\n<\/ul>\n<h5>OBRASCI<\/h5>\n<p><a href=\"http:\/\/knjiznice.nsk.hr\/majur\/wp-content\/uploads\/sites\/56\/2019\/01\/Zahtjev-za-pristup-informacijama.docx\" target=\"_blank\" rel=\"noopener noreferrer\">Zahtjev za pristup informacijama<\/a><\/p>\n<p><a href=\"http:\/\/knjiznice.nsk.hr\/majur\/wp-content\/uploads\/sites\/56\/2019\/01\/Zahtjev-za-dopunu-ili-ispravak-informacije.docx\" target=\"_blank\" rel=\"noopener noreferrer\">Zahtjev za dopunu ili ispravak informacije<\/a><\/p>\n<p><a href=\"http:\/\/knjiznice.nsk.hr\/majur\/wp-content\/uploads\/sites\/56\/2019\/01\/Zahtjev-za-ponovnu-uporabu-informacija.docx\" target=\"_blank\" rel=\"noopener noreferrer\">Zahtjev za ponovnu uporabu informacija<\/a><\/p>\n<h5>NAKNADA ZA PRISTUP INFORMACIJAMA<\/h5>\n<p>Narodna knji\u017enica i \u010ditaonica Majur ima pravo na naknadu stvarnih materijalnih tro\u0161kova koji nastanu pru\u017eanjem informacije korisniku prava na pristup informacijama i ponovnu uporabu informacija, kao i na naknadu tro\u0161kova dostave tra\u017eene informacije, koja se napla\u0107uje sukladno Kriteriju za odre\u0111ivanje visine naknade stvarnih materijalnih tro\u0161kova i tro\u0161kova dostave informacije na temelju \u010dlanka 19. stavka 2. Zakona o pravu na pristup informacijama (Narodne novine, broj 25\/13, 85\/15 i 69\/22).<\/p>\n<p>Kriteriji za odre\u0111ivanje visine naknade stvarnih materijalnih tro\u0161kova i tro\u0161kova dostave informacija (Narodne novine, broj <a href=\"https:\/\/narodne-novine.nn.hr\/clanci\/sluzbeni\/2014_01_12_231.html\">12\/14<\/a>, <a href=\"https:\/\/narodne-novine.nn.hr\/clanci\/sluzbeni\/2014_02_15_316.html\">15\/14<\/a> i <a href=\"https:\/\/narodne-novine.nn.hr\/clanci\/sluzbeni\/2022_12_141_2149.html\">141\/22<\/a>)<\/p>\n<h5>GODI\u0160NJA IZVJE\u0160\u0106A<\/h5>\n<p><a href=\"http:\/\/knjiznice.nsk.hr\/majur\/wp-content\/uploads\/sites\/56\/2026\/01\/Godisnje_izvjesce.pdf\">Godi\u0161nje izvje\u0161\u0107e o provedbi Zakona o pravu na pristup informacijama za 2025. godinu (.pdf)<\/a><\/p>\n<p><a href=\"http:\/\/knjiznice.nsk.hr\/majur\/wp-content\/uploads\/sites\/56\/2026\/01\/Godisnje_izvjesce.csv\">Godi\u0161nje izvje\u0161\u0107e o provedbi Zakona o pravu na pristup informacijama za 2025. godinu (.csv)<\/a><\/p>\n<p><a href=\"http:\/\/knjiznice.nsk.hr\/majur\/wp-content\/uploads\/sites\/56\/2025\/01\/Godisnje_izvjesce.pdf\">Godi\u0161nje izvje\u0161\u0107e o provedbi Zakona o pravu na pristup informacijama za 2024. godinu (.pdf)<\/a><\/p>\n<p><a href=\"http:\/\/knjiznice.nsk.hr\/majur\/wp-content\/uploads\/sites\/56\/2025\/01\/Godisnje_izvjesce.csv\">Godi\u0161nje izvje\u0161\u0107e o provedbi Zakona o pravu na pristup informacijama za 2024. godinu (.csv)<\/a><\/p>\n<p><a href=\"http:\/\/knjiznice.nsk.hr\/majur\/wp-content\/uploads\/sites\/56\/2024\/01\/Godisnje_izvjesce.pdf\">Godi\u0161nje izvje\u0161\u0107e o provedbi Zakona o pravu na pristup informacijama za 2023. godinu (.pdf)<\/a><\/p>\n<p><a href=\"http:\/\/knjiznice.nsk.hr\/majur\/wp-content\/uploads\/sites\/56\/2024\/01\/Godisnje_izvjesce.csv\">Godi\u0161nje izvje\u0161\u0107e o provedbi Zakona o pravu na pristup informacijama za 2023. godinu (.csv)<\/a><\/p>\n<p><a href=\"http:\/\/knjiznice.nsk.hr\/majur\/wp-content\/uploads\/sites\/56\/2023\/01\/Godisnje_izvjesce.pdf\">Godi\u0161nje izvje\u0161\u0107e o provedbi Zakona o pravu na pristup informacijama za 2022. godinu (.pdf)<\/a><\/p>\n<p><a href=\"http:\/\/knjiznice.nsk.hr\/majur\/wp-content\/uploads\/sites\/56\/2023\/01\/izvjesce.csv\">Godi\u0161nje izvje\u0161\u0107e o provedbi Zakona o pravu na pristup informacijama za 2022. godinu (.csv)<\/a><\/p>\n<p><a href=\"http:\/\/knjiznice.nsk.hr\/majur\/wp-content\/uploads\/sites\/56\/2022\/01\/Godisnje_izvjesce.pdf\">Godi\u0161nje izvje\u0161\u0107e o provedbi Zakona o pravu na pristup informacijama za 2021. godinu (.pdf)<\/a><\/p>\n<p><a href=\"http:\/\/knjiznice.nsk.hr\/majur\/wp-content\/uploads\/sites\/56\/2022\/01\/izvjesce.csv\">Godi\u0161nje izvje\u0161\u0107e o provedbi Zakona o pravu na pristup informacijama za 2021. godinu (.csv)<\/a><\/p>\n<p><a href=\"http:\/\/knjiznice.nsk.hr\/majur\/wp-content\/uploads\/sites\/56\/2021\/01\/Godisnje_izvjesce.pdf\">Godi\u0161nje izvje\u0161\u0107e o provedbi Zakona o pravu na pristup informacijama za 2020. godinu (.pdf)<\/a><\/p>\n<p><a href=\"http:\/\/knjiznice.nsk.hr\/majur\/wp-content\/uploads\/sites\/56\/2021\/01\/Godisnje_izvjesce.csv\">Godi\u0161nje izvje\u0161\u0107e o provedbi Zakona o pravu na pristup informacijama za 2020. godinu (.csv)<\/a><\/p>\n<p><a href=\"http:\/\/knjiznice.nsk.hr\/majur\/wp-content\/uploads\/sites\/56\/2020\/01\/Godisnje_izvjesce.pdf\" target=\"_blank\" rel=\"noopener noreferrer\">Godi\u0161nje izvje\u0161\u0107e o provedbi Zakona o pravu na pristup informacijama za 2019. godinu (.pdf)<\/a><\/p>\n<p><a href=\"http:\/\/knjiznice.nsk.hr\/majur\/wp-content\/uploads\/sites\/56\/2020\/01\/izvjesce.csv\" target=\"_blank\" rel=\"noopener noreferrer\">Godi\u0161nje izvje\u0161\u0107e o provedbi Zakona o pravu na pristup informacijama za 2019. godinu (.csv)<\/a><\/p>\n<p><a href=\"http:\/\/knjiznice.nsk.hr\/majur\/wp-content\/uploads\/sites\/56\/2019\/01\/Godisnje_izvjesce-1.pdf\" target=\"_blank\" rel=\"noopener noreferrer\">Godi\u0161nje izvje\u0161\u0107e o provedbi Zakona o pravu na pristup informacijama za 2018. godinu (.pdf)<\/a><\/p>\n<p><a href=\"http:\/\/knjiznice.nsk.hr\/majur\/wp-content\/uploads\/sites\/56\/2019\/02\/Godisnje_izvjesce.csv\" target=\"_blank\" rel=\"noopener noreferrer\">Godi\u0161nje izvje\u0161\u0107e o provedbi Zakona o pravu na pristup informacijama za 2018. godinu (.csv)<\/a><\/p>\n<p><a href=\"http:\/\/knjiznice.nsk.hr\/majur\/wp-content\/uploads\/sites\/56\/2019\/01\/Godisnje_izvjesce.pdf\" target=\"_blank\" rel=\"noopener noreferrer\">Godi\u0161nje izvje\u0161\u0107e o provedbi Zakona o pravu na pristup informacijama za 2017. godinu (.pdf)<\/a><\/p>\n<p><a href=\"http:\/\/knjiznice.nsk.hr\/majur\/wp-content\/uploads\/sites\/56\/2019\/02\/Godisnje_izvjesce-1.csv\" target=\"_blank\" rel=\"noopener noreferrer\">Godi\u0161nje izvje\u0161\u0107e o provedbi Zakona o pravu na pristup informacijama za 2017. godinu (.csv)<\/a><\/p>\n","protected":false},"excerpt":{"rendered":"<p>SLU\u017dBENIK ZA INFORMIRANJE Suzana Tumurad Telefon: 044\/ 858 064 Faks: 044\/ 858 064 E-mail: nkc_majur@net.hr Radno vrijeme: ponedjeljak-petak od 7:00 do 15:00 sati Odluka o imenovanju slu\u017ebenika za informiranje NA\u010cIN PREDAVANJA ZAHTJEVA Pravo na pristup informacijama i ponovnu uporabu informacija ostvaruje se podno\u0161enjem zahtjeva slu\u017ebeniku za informiranje Narodne knji\u017enice i \u010ditaonice Majur na sljede\u0107e mogu\u0107e [&hellip;]<\/p>\n","protected":false},"author":53,"featured_media":0,"parent":0,"menu_order":0,"comment_status":"closed","ping_status":"closed","template":"","meta":{"ngg_post_thumbnail":0},"yoast_head":"<!-- This site is optimized with the Yoast SEO plugin v16.4 - https:\/\/yoast.com\/wordpress\/plugins\/seo\/ -->\n<meta name=\"robots\" content=\"index, follow, max-snippet:-1, max-image-preview:large, max-video-preview:-1\" \/>\n<link rel=\"canonical\" href=\"http:\/\/knjiznice.nsk.hr\/majur\/pravo-na-pristup-informacijama\/\" \/>\n<meta property=\"og:locale\" content=\"hr_HR\" \/>\n<meta property=\"og:type\" content=\"article\" \/>\n<meta property=\"og:title\" content=\"Pravo na pristup informacijama - Narodna knji\u017enica i \u010ditaonica Majur\" \/>\n<meta property=\"og:description\" content=\"SLU\u017dBENIK ZA INFORMIRANJE Suzana Tumurad Telefon: 044\/ 858 064 Faks: 044\/ 858 064 E-mail: nkc_majur@net.hr Radno vrijeme: ponedjeljak-petak od 7:00 do 15:00 sati Odluka o imenovanju slu\u017ebenika za informiranje NA\u010cIN PREDAVANJA ZAHTJEVA Pravo na pristup informacijama i ponovnu uporabu informacija ostvaruje se podno\u0161enjem zahtjeva slu\u017ebeniku za informiranje Narodne knji\u017enice i \u010ditaonice Majur na sljede\u0107e mogu\u0107e [&hellip;]\" \/>\n<meta property=\"og:url\" content=\"http:\/\/knjiznice.nsk.hr\/majur\/pravo-na-pristup-informacijama\/\" \/>\n<meta property=\"og:site_name\" content=\"Narodna knji\u017enica i \u010ditaonica Majur\" \/>\n<meta property=\"article:modified_time\" content=\"2026-01-26T13:08:38+00:00\" \/>\n<meta name=\"twitter:label1\" content=\"Procijenjeno vrijeme \u010ditanja\" \/>\n\t<meta name=\"twitter:data1\" content=\"3 minute\" \/>\n<script type=\"application\/ld+json\" class=\"yoast-schema-graph\">{\"@context\":\"https:\/\/schema.org\",\"@graph\":[{\"@type\":\"WebSite\",\"@id\":\"http:\/\/knjiznice.nsk.hr\/majur\/#website\",\"url\":\"http:\/\/knjiznice.nsk.hr\/majur\/\",\"name\":\"Narodna knji\\u017enica i \\u010ditaonica Majur\",\"description\":\"\",\"potentialAction\":[{\"@type\":\"SearchAction\",\"target\":\"http:\/\/knjiznice.nsk.hr\/majur\/?s={search_term_string}\",\"query-input\":\"required name=search_term_string\"}],\"inLanguage\":\"hr\"},{\"@type\":\"WebPage\",\"@id\":\"http:\/\/knjiznice.nsk.hr\/majur\/pravo-na-pristup-informacijama\/#webpage\",\"url\":\"http:\/\/knjiznice.nsk.hr\/majur\/pravo-na-pristup-informacijama\/\",\"name\":\"Pravo na pristup informacijama - Narodna knji\\u017enica i \\u010ditaonica Majur\",\"isPartOf\":{\"@id\":\"http:\/\/knjiznice.nsk.hr\/majur\/#website\"},\"datePublished\":\"2019-01-22T08:26:20+00:00\",\"dateModified\":\"2026-01-26T13:08:38+00:00\",\"breadcrumb\":{\"@id\":\"http:\/\/knjiznice.nsk.hr\/majur\/pravo-na-pristup-informacijama\/#breadcrumb\"},\"inLanguage\":\"hr\",\"potentialAction\":[{\"@type\":\"ReadAction\",\"target\":[\"http:\/\/knjiznice.nsk.hr\/majur\/pravo-na-pristup-informacijama\/\"]}]},{\"@type\":\"BreadcrumbList\",\"@id\":\"http:\/\/knjiznice.nsk.hr\/majur\/pravo-na-pristup-informacijama\/#breadcrumb\",\"itemListElement\":[{\"@type\":\"ListItem\",\"position\":1,\"item\":{\"@type\":\"WebPage\",\"@id\":\"http:\/\/knjiznice.nsk.hr\/majur\/\",\"url\":\"http:\/\/knjiznice.nsk.hr\/majur\/\",\"name\":\"Po\\u010detna stranica\"}},{\"@type\":\"ListItem\",\"position\":2,\"item\":{\"@id\":\"http:\/\/knjiznice.nsk.hr\/majur\/pravo-na-pristup-informacijama\/#webpage\"}}]}]}<\/script>\n<!-- \/ Yoast SEO plugin. -->","_links":{"self":[{"href":"https:\/\/knjiznice.nsk.hr\/majur\/wp-json\/wp\/v2\/pages\/94"}],"collection":[{"href":"https:\/\/knjiznice.nsk.hr\/majur\/wp-json\/wp\/v2\/pages"}],"about":[{"href":"https:\/\/knjiznice.nsk.hr\/majur\/wp-json\/wp\/v2\/types\/page"}],"author":[{"embeddable":true,"href":"https:\/\/knjiznice.nsk.hr\/majur\/wp-json\/wp\/v2\/users\/53"}],"replies":[{"embeddable":true,"href":"https:\/\/knjiznice.nsk.hr\/majur\/wp-json\/wp\/v2\/comments?post=94"}],"version-history":[{"count":20,"href":"https:\/\/knjiznice.nsk.hr\/majur\/wp-json\/wp\/v2\/pages\/94\/revisions"}],"predecessor-version":[{"id":648,"href":"https:\/\/knjiznice.nsk.hr\/majur\/wp-json\/wp\/v2\/pages\/94\/revisions\/648"}],"wp:attachment":[{"href":"https:\/\/knjiznice.nsk.hr\/majur\/wp-json\/wp\/v2\/media?parent=94"}],"curies":[{"name":"wp","href":"https:\/\/api.w.org\/{rel}","templated":true}]}}