{"id":58,"date":"2026-02-02T14:56:39","date_gmt":"2026-02-02T14:56:39","guid":{"rendered":"http:\/\/knjiznice.nsk.hr\/lepoglava\/?page_id=58"},"modified":"2026-03-04T09:28:25","modified_gmt":"2026-03-04T09:28:25","slug":"dokumenti-2","status":"publish","type":"page","link":"https:\/\/knjiznice.nsk.hr\/lepoglava\/dokumenti-2\/","title":{"rendered":"Dokumenti"},"content":{"rendered":"<p><a href=\"http:\/\/knjiznice.nsk.hr\/lepoglava\/wp-content\/uploads\/sites\/22\/2023\/01\/PRAVILNIK-O-RADU-LEPOGLAVA.doc\">Pravilnik o radu<\/a>, <a href=\"http:\/\/knjiznice.nsk.hr\/lepoglava\/wp-content\/uploads\/sites\/22\/2026\/02\/PRAVILNIK-O-RADU-izmjene.doc\">Izmjene i dopune Pravilnika o radu<\/a><\/p>\n<p><a href=\"http:\/\/knjiznice.nsk.hr\/lepoglava\/wp-content\/uploads\/sites\/22\/2026\/01\/Statut-PROCISCENI-TEKST.docx\">Statut Knji\u017enice<\/a><\/p>\n<p>Plan nabave: <a href=\"http:\/\/knjiznice.nsk.hr\/lepoglava\/wp-content\/uploads\/sites\/22\/2016\/09\/PLAN-NABAVE-2016..docx\">2016.<\/a>, <a href=\"http:\/\/knjiznice.nsk.hr\/lepoglava\/wp-content\/uploads\/sites\/22\/2016\/09\/PLAN-NABAVE-2017..docx\">2017.<\/a>, <a href=\"http:\/\/knjiznice.nsk.hr\/lepoglava\/wp-content\/uploads\/sites\/22\/2019\/04\/PLAN-NABAVE-2018.-1.docx\">2018.<\/a>, <a href=\"http:\/\/knjiznice.nsk.hr\/lepoglava\/wp-content\/uploads\/sites\/22\/2019\/04\/PLAN-NABAVE-2019..doc\">2019.<\/a> , <a href=\"http:\/\/knjiznice.nsk.hr\/lepoglava\/wp-content\/uploads\/sites\/22\/2021\/02\/PLAN-NABAVE-2020.doc\">2020.<\/a>, <a href=\"http:\/\/knjiznice.nsk.hr\/lepoglava\/wp-content\/uploads\/sites\/22\/2021\/02\/PLAN-NABAVE-2021.doc\">2021.<\/a>, <a href=\"http:\/\/knjiznice.nsk.hr\/lepoglava\/wp-content\/uploads\/sites\/22\/2023\/01\/PLAN-NABAVE-2022.doc\">2022.<\/a>, <a href=\"http:\/\/knjiznice.nsk.hr\/lepoglava\/wp-content\/uploads\/sites\/22\/2023\/01\/PLAN-NABAVE-za-2023..doc\">2023.<\/a>, <a href=\"http:\/\/knjiznice.nsk.hr\/lepoglava\/wp-content\/uploads\/sites\/22\/2025\/03\/Plan-nabave-2025.pdf\">2025.<\/a>, <a href=\"http:\/\/knjiznice.nsk.hr\/lepoglava\/wp-content\/uploads\/sites\/22\/2026\/01\/Plan-nabave1-1.pdf\">2026.<\/a><\/p>\n<p><a href=\"http:\/\/knjiznice.nsk.hr\/lepoglava\/wp-content\/uploads\/sites\/22\/2023\/01\/STRATESKI-PLAN-2021.-2026..doc\">Strate\u0161ki plan<\/a><\/p>\n<p>Izvje\u0161\u0107a o radu: <a href=\"http:\/\/knjiznice.nsk.hr\/lepoglava\/wp-content\/uploads\/sites\/22\/2016\/09\/izvje\u0161\u0107e-2014..doc\">2014.<\/a> , <a href=\"http:\/\/knjiznice.nsk.hr\/lepoglava\/wp-content\/uploads\/sites\/22\/2016\/09\/izvje\u0161\u0107e-2015..doc\">2015.<\/a>, <a href=\"http:\/\/knjiznice.nsk.hr\/lepoglava\/wp-content\/uploads\/sites\/22\/2019\/02\/izvje\u0161\u0107e-za-web.doc\">2016. <\/a>, <a href=\"http:\/\/knjiznice.nsk.hr\/lepoglava\/wp-content\/uploads\/sites\/22\/2019\/02\/izvjesce-2017.-za-web.doc\">2017.<\/a> , <a href=\"http:\/\/knjiznice.nsk.hr\/lepoglava\/wp-content\/uploads\/sites\/22\/2021\/02\/izvjesce-2018.-1.doc\">2018.<\/a> , <a href=\"http:\/\/knjiznice.nsk.hr\/lepoglava\/wp-content\/uploads\/sites\/22\/2021\/02\/izvjesce-2019.-1.doc\">2019.<\/a> , <a href=\"http:\/\/knjiznice.nsk.hr\/lepoglava\/wp-content\/uploads\/sites\/22\/2021\/03\/izvjesce-2020.-1.doc\">2020<\/a>., <a href=\"http:\/\/knjiznice.nsk.hr\/lepoglava\/wp-content\/uploads\/sites\/22\/2022\/02\/izvjesce-2021.-za-web.doc\">2021.<\/a>, <a href=\"http:\/\/knjiznice.nsk.hr\/lepoglava\/wp-content\/uploads\/sites\/22\/2023\/03\/izvjesce-2022.-za-web.doc\">2022.<\/a>, <a href=\"http:\/\/knjiznice.nsk.hr\/lepoglava\/wp-content\/uploads\/sites\/22\/2024\/02\/za-web.doc\">2023.<\/a>, <a href=\"http:\/\/knjiznice.nsk.hr\/lepoglava\/wp-content\/uploads\/sites\/22\/2025\/02\/izvjesce-2024.-za-web.doc\">2024.<\/a>, <a href=\"http:\/\/knjiznice.nsk.hr\/lepoglava\/wp-content\/uploads\/sites\/22\/2026\/03\/izvjesce-2025-za-web.pdf\">2025.<\/a><\/p>\n<p>Pravilnik o provedbi postupaka <a href=\"http:\/\/knjiznice.nsk.hr\/lepoglava\/wp-content\/uploads\/sites\/22\/2023\/01\/Pravilnik-o-postupku-jednostavne-nabave.docx\">Jednostavne nabave<\/a>, <a href=\"http:\/\/knjiznice.nsk.hr\/lepoglava\/wp-content\/uploads\/sites\/22\/2023\/01\/Gradska-knjiznica-Ivana-Belostenca-Lepoglava.docx\">Izmjene Pravilnika<\/a><\/p>\n<p>Godi\u0161nje financijsko izvje\u0161\u0107e: <a href=\"http:\/\/knjiznice.nsk.hr\/lepoglava\/wp-content\/uploads\/sites\/22\/2019\/02\/Izvje\u0161taji-prora\u010duna-za-2018.-converted.pdf\">2018.<\/a> ,<a href=\"http:\/\/knjiznice.nsk.hr\/lepoglava\/wp-content\/uploads\/sites\/22\/2020\/02\/Financijsko-Izvjesce-2020.pdf\"> 2019.<\/a> , <a href=\"http:\/\/knjiznice.nsk.hr\/lepoglava\/wp-content\/uploads\/sites\/22\/2021\/02\/FINANCIJSKI-IZVJESTAJ-1-12.-2020.-GOD.pdf\">2020.<\/a>, <a href=\"http:\/\/knjiznice.nsk.hr\/lepoglava\/wp-content\/uploads\/sites\/22\/2022\/02\/Fin-izvjestaj-2021-pdf.\">2021.<\/a>, <a href=\"http:\/\/knjiznice.nsk.hr\/lepoglava\/wp-content\/uploads\/sites\/22\/2023\/01\/FINANCIJSKO-IZVJESCE-ZA-1-12.-2022.-GRADSKA-KNJIZNICA1.pdf\">2022.<\/a>, <a href=\"http:\/\/knjiznice.nsk.hr\/lepoglava\/wp-content\/uploads\/sites\/22\/2024\/02\/Obrasci_financijskih_izvjestaja_v_8.1.3-KNJIZNICA.pdf\">2023.<\/a>, <a href=\"http:\/\/knjiznice.nsk.hr\/lepoglava\/wp-content\/uploads\/sites\/22\/2025\/02\/Obrasci_financijskih_izvjestaja-2024.-KNJIZNICA-LEPOGLAVA.pdf\">2024.<\/a>, <a href=\"http:\/\/knjiznice.nsk.hr\/lepoglava\/wp-content\/uploads\/sites\/22\/2026\/03\/Obrasci_financijskih_izvjestaja_v_8.3.0-LEPOGLAVA1.pdf\">2025.<\/a><\/p>\n<p>Bilje\u0161ke uz izvje\u0161taj: <a href=\"http:\/\/knjiznice.nsk.hr\/lepoglava\/wp-content\/uploads\/sites\/22\/2019\/02\/Bilje\u0161ke-uz-izvje\u0161taj-za-2018..doc\">2018.<\/a> , <a href=\"http:\/\/knjiznice.nsk.hr\/lepoglava\/wp-content\/uploads\/sites\/22\/2020\/02\/bilje\u0161ke-za-01.01.-31.12.-2019.-god._doc.doc\">2019.<\/a> , <a href=\"http:\/\/knjiznice.nsk.hr\/lepoglava\/wp-content\/uploads\/sites\/22\/2021\/02\/biljeske-uz-izvjestaj2020.pdf\">2020.<\/a>, <a href=\"http:\/\/knjiznice.nsk.hr\/lepoglava\/wp-content\/uploads\/sites\/22\/2022\/02\/biljeske-za-01.01.-31.12.-2021-god.doc\">2021.<\/a>, <a href=\"http:\/\/knjiznice.nsk.hr\/lepoglava\/wp-content\/uploads\/sites\/22\/2023\/01\/Biljeske-uz-izvjestaj.pdf\">2022.<\/a>, <a href=\"http:\/\/knjiznice.nsk.hr\/lepoglava\/wp-content\/uploads\/sites\/22\/2024\/02\/biljeske-za-01.01.-31.12.-2023god..doc\">2023.<\/a>, <a href=\"http:\/\/knjiznice.nsk.hr\/lepoglava\/wp-content\/uploads\/sites\/22\/2025\/02\/GK-Lepoglava-biljeske-za-01.01.-31.12.-2024god..doc\">2024.<\/a>, <a href=\"http:\/\/knjiznice.nsk.hr\/lepoglava\/wp-content\/uploads\/sites\/22\/2026\/03\/GK-Lepoglava-biljeske-za-01.01.-31.12.-2025god..doc\">2025.<\/a><\/p>\n<p>Polugodi\u0161nje financijsko izvje\u0161\u0107e: <a href=\"http:\/\/knjiznice.nsk.hr\/lepoglava\/wp-content\/uploads\/sites\/22\/2024\/07\/Obrasci_financijskih_izvjestaja_v_8.1.1-KNJIZNICA-01-06.pdf\">2023.\/6<\/a>, <a href=\"http:\/\/knjiznice.nsk.hr\/lepoglava\/wp-content\/uploads\/sites\/22\/2024\/07\/Obrasci_financijskih_izvjestaja-06-KNJIZNICA-LEPOGLAVA-1.pdf\">2024.\/6<\/a>, <a href=\"http:\/\/knjiznice.nsk.hr\/lepoglava\/wp-content\/uploads\/sites\/22\/2025\/07\/Financijskih_izvjestaja_v_8.2.0-01-06.25-knjiznica-lepoglava.pdf\">2025.\/6<\/a><\/p>\n<p>Bilje\u0161ke uz izvje\u0161taj: <a href=\"http:\/\/knjiznice.nsk.hr\/lepoglava\/wp-content\/uploads\/sites\/22\/2024\/07\/Biljeske-fin.-izvj.-1-6-2023-KNJIZNICA-LEPOGLAVA.doc\">2023.\/6<\/a>, <a href=\"http:\/\/knjiznice.nsk.hr\/lepoglava\/wp-content\/uploads\/sites\/22\/2024\/07\/GK-Lepoglava-biljeske-za-01.01.-30.06.-2024god.-ISPRAVAK.doc\">2024.\/6<\/a>, <a href=\"http:\/\/knjiznice.nsk.hr\/lepoglava\/wp-content\/uploads\/sites\/22\/2025\/07\/GK-Lepoglava-Obrazlozenje-izvrsenja-1-6-25.doc\">2025.\/6<\/a><\/p>\n<p>Izvr\u0161enje: <a href=\"http:\/\/knjiznice.nsk.hr\/lepoglava\/wp-content\/uploads\/sites\/22\/2024\/07\/Izvrsenje-proracuna-1-6-2023-KNJIZNICA-1.pdf\">2023.\/6<\/a>, <a href=\"http:\/\/knjiznice.nsk.hr\/lepoglava\/wp-content\/uploads\/sites\/22\/2024\/07\/GK-I.-Belostenec-Lepoglava-izvjesce-izvrsenje-1-6-2024.pdf\">2024.\/6<\/a>, <a href=\"http:\/\/knjiznice.nsk.hr\/lepoglava\/wp-content\/uploads\/sites\/22\/2025\/07\/Ispis-izvrsenja-proracuna-30.06.2025.-KNJIZNICA.pdf\">2025.\/6<\/a><\/p>\n<p>GDPR:<\/p>\n<p><a href=\"http:\/\/knjiznice.nsk.hr\/lepoglava\/wp-content\/uploads\/sites\/22\/2019\/02\/Informacije-za-\u010dlana.docx\">Informacije za \u010dlana<\/a><\/p>\n<p><a href=\"http:\/\/knjiznice.nsk.hr\/lepoglava\/wp-content\/uploads\/sites\/22\/2019\/02\/Izjave-o-povjerljivosti.doc\">Izjave o povjerljivosti<\/a><\/p>\n<p><a href=\"http:\/\/knjiznice.nsk.hr\/lepoglava\/wp-content\/uploads\/sites\/22\/2019\/02\/pravilnik-o-prikupljanju-obradi-i-kori\u0161tenju-te-za\u0161titi-osobnih-podataka-fizi\u010dkih-osoba-NOVO-1.doc\">Pravilnik<\/a> o prikupljanju, obradi i kori\u0161tenju, te za\u0161titi osobnih podataka fizi\u010dkih osoba&nbsp;<\/p>\n<p>ZAKONSKE PROCEDURE<\/p>\n<p><a href=\"http:\/\/knjiznice.nsk.hr\/lepoglava\/wp-content\/uploads\/sites\/22\/2023\/02\/Procedura-stvaranja-ugovornih-obaveza.docx\">Procedura stvaranja ugovornih obveza<\/a><\/p>\n<p><a href=\"http:\/\/knjiznice.nsk.hr\/lepoglava\/wp-content\/uploads\/sites\/22\/2023\/02\/Procedura-izdavanja-i-obracuna-sluzbenih-putovanja.docx\">Procedura izdavanja i obra\u010duna naloga za slu\u017ebeno putovanje<\/a><\/p>\n<p><a href=\"http:\/\/knjiznice.nsk.hr\/lepoglava\/wp-content\/uploads\/sites\/22\/2023\/02\/Procedura-blagajnickog-poslovanja.docx\">Procedura blagajni\u010dkog poslovanja<\/a><\/p>\n<p><a href=\"http:\/\/knjiznice.nsk.hr\/lepoglava\/wp-content\/uploads\/sites\/22\/2023\/02\/Procedura-nekretnine.docx\">Procedura upravljanja i raspolaganja nekretninama<\/a> te ovlastima i nadle\u017enostima radnika za obavljanje i kontrolu navedenih poslova<\/p>\n<p><a href=\"http:\/\/knjiznice.nsk.hr\/lepoglava\/wp-content\/uploads\/sites\/22\/2023\/02\/Procedura-zaprimanja-kontrole-i-placanja.docx\">Procedura zaprimanja, kontrole i pla\u0107anja po ra\u010dunima<\/a><\/p>\n<p><a href=\"https:\/\/proracun.hr\/isplate-lista?kid=38\">Isplate<\/a><\/p>\n","protected":false},"excerpt":{"rendered":"<p>Pravilnik o radu, Izmjene i dopune Pravilnika o radu Statut Knji\u017enice Plan nabave: 2016., 2017., 2018., 2019. , 2020., 2021., 2022., 2023., 2025., 2026. Strate\u0161ki plan Izvje\u0161\u0107a o radu: 2014. , 2015., 2016. , 2017. , 2018. , 2019. , 2020., 2021., 2022., 2023., 2024., 2025. Pravilnik o provedbi postupaka Jednostavne nabave, Izmjene Pravilnika Godi\u0161nje [&hellip;]<\/p>\n","protected":false},"author":18,"featured_media":0,"parent":0,"menu_order":0,"comment_status":"closed","ping_status":"closed","template":"","meta":{"ngg_post_thumbnail":0},"yoast_head":"<!-- This site is optimized with the Yoast SEO plugin v16.4 - https:\/\/yoast.com\/wordpress\/plugins\/seo\/ -->\n<meta name=\"robots\" content=\"index, follow, max-snippet:-1, max-image-preview:large, max-video-preview:-1\" \/>\n<link rel=\"canonical\" href=\"http:\/\/knjiznice.nsk.hr\/lepoglava\/dokumenti-2\/\" \/>\n<meta property=\"og:locale\" content=\"hr_HR\" \/>\n<meta property=\"og:type\" content=\"article\" \/>\n<meta property=\"og:title\" content=\"Dokumenti - Gradska knji\u017enica Ivana Belostenca Lepoglava\" \/>\n<meta property=\"og:description\" content=\"Pravilnik o radu, Izmjene i dopune Pravilnika o radu Statut Knji\u017enice Plan nabave: 2016., 2017., 2018., 2019. , 2020., 2021., 2022., 2023., 2025., 2026. Strate\u0161ki plan Izvje\u0161\u0107a o radu: 2014. , 2015., 2016. , 2017. , 2018. , 2019. , 2020., 2021., 2022., 2023., 2024., 2025. Pravilnik o provedbi postupaka Jednostavne nabave, Izmjene Pravilnika Godi\u0161nje [&hellip;]\" \/>\n<meta property=\"og:url\" content=\"http:\/\/knjiznice.nsk.hr\/lepoglava\/dokumenti-2\/\" \/>\n<meta property=\"og:site_name\" content=\"Gradska knji\u017enica Ivana Belostenca Lepoglava\" \/>\n<meta property=\"article:modified_time\" content=\"2026-03-04T09:28:25+00:00\" \/>\n<meta name=\"twitter:label1\" content=\"Procijenjeno vrijeme \u010ditanja\" \/>\n\t<meta name=\"twitter:data1\" content=\"1 minuta\" \/>\n<script type=\"application\/ld+json\" class=\"yoast-schema-graph\">{\"@context\":\"https:\/\/schema.org\",\"@graph\":[{\"@type\":\"WebSite\",\"@id\":\"http:\/\/knjiznice.nsk.hr\/lepoglava\/#website\",\"url\":\"http:\/\/knjiznice.nsk.hr\/lepoglava\/\",\"name\":\"Gradska knji\\u017enica Ivana Belostenca Lepoglava\",\"description\":\"\",\"potentialAction\":[{\"@type\":\"SearchAction\",\"target\":\"http:\/\/knjiznice.nsk.hr\/lepoglava\/?s={search_term_string}\",\"query-input\":\"required name=search_term_string\"}],\"inLanguage\":\"hr\"},{\"@type\":\"WebPage\",\"@id\":\"http:\/\/knjiznice.nsk.hr\/lepoglava\/dokumenti-2\/#webpage\",\"url\":\"http:\/\/knjiznice.nsk.hr\/lepoglava\/dokumenti-2\/\",\"name\":\"Dokumenti - Gradska knji\\u017enica Ivana Belostenca Lepoglava\",\"isPartOf\":{\"@id\":\"http:\/\/knjiznice.nsk.hr\/lepoglava\/#website\"},\"datePublished\":\"2026-02-02T14:56:39+00:00\",\"dateModified\":\"2026-03-04T09:28:25+00:00\",\"breadcrumb\":{\"@id\":\"http:\/\/knjiznice.nsk.hr\/lepoglava\/dokumenti-2\/#breadcrumb\"},\"inLanguage\":\"hr\",\"potentialAction\":[{\"@type\":\"ReadAction\",\"target\":[\"http:\/\/knjiznice.nsk.hr\/lepoglava\/dokumenti-2\/\"]}]},{\"@type\":\"BreadcrumbList\",\"@id\":\"http:\/\/knjiznice.nsk.hr\/lepoglava\/dokumenti-2\/#breadcrumb\",\"itemListElement\":[{\"@type\":\"ListItem\",\"position\":1,\"item\":{\"@type\":\"WebPage\",\"@id\":\"http:\/\/knjiznice.nsk.hr\/lepoglava\/\",\"url\":\"http:\/\/knjiznice.nsk.hr\/lepoglava\/\",\"name\":\"Po\\u010detna stranica\"}},{\"@type\":\"ListItem\",\"position\":2,\"item\":{\"@id\":\"http:\/\/knjiznice.nsk.hr\/lepoglava\/dokumenti-2\/#webpage\"}}]}]}<\/script>\n<!-- \/ Yoast SEO plugin. -->","_links":{"self":[{"href":"https:\/\/knjiznice.nsk.hr\/lepoglava\/wp-json\/wp\/v2\/pages\/58"}],"collection":[{"href":"https:\/\/knjiznice.nsk.hr\/lepoglava\/wp-json\/wp\/v2\/pages"}],"about":[{"href":"https:\/\/knjiznice.nsk.hr\/lepoglava\/wp-json\/wp\/v2\/types\/page"}],"author":[{"embeddable":true,"href":"https:\/\/knjiznice.nsk.hr\/lepoglava\/wp-json\/wp\/v2\/users\/18"}],"replies":[{"embeddable":true,"href":"https:\/\/knjiznice.nsk.hr\/lepoglava\/wp-json\/wp\/v2\/comments?post=58"}],"version-history":[{"count":96,"href":"https:\/\/knjiznice.nsk.hr\/lepoglava\/wp-json\/wp\/v2\/pages\/58\/revisions"}],"predecessor-version":[{"id":3855,"href":"https:\/\/knjiznice.nsk.hr\/lepoglava\/wp-json\/wp\/v2\/pages\/58\/revisions\/3855"}],"wp:attachment":[{"href":"https:\/\/knjiznice.nsk.hr\/lepoglava\/wp-json\/wp\/v2\/media?parent=58"}],"curies":[{"name":"wp","href":"https:\/\/api.w.org\/{rel}","templated":true}]}}