{"id":80,"date":"2019-08-21T14:49:05","date_gmt":"2019-08-21T14:49:05","guid":{"rendered":"http:\/\/knjiznice.nsk.hr\/kotoriba\/?page_id=80"},"modified":"2019-08-21T16:57:31","modified_gmt":"2019-08-21T16:57:31","slug":"o-nama","status":"publish","type":"page","link":"https:\/\/knjiznice.nsk.hr\/kotoriba\/o-nama\/","title":{"rendered":"O nama"},"content":{"rendered":"<div><b><span class=\"fs14 ff1\">PU\u010cKA KNJI\u017dNICA U KOTORIBI<\/span><\/b><\/div>\n<div>&nbsp;<\/div>\n<div>\n<div><b class=\"fs10\"><span class=\"fs10 ff1\">KNJI\u017dNICA I \u010cITAONICA KOTORIBA<\/span><\/b><\/div>\n<p><span class=\"fs10 ff1\">Kada je 1902. godine Dru\u0161tvo hrvatskih knji\u017eevnika zapo\u010delo i zvani\u010dno akcijom otvaranja pu\u010dkih knji\u017enica u Hrvatskoj, u Me\u0111imurju je jedna od prvih (otvorena u listopadu 1903.) knji\u017enica u Kotoribi.<\/span><\/p>\n<\/div>\n<div>\n<p><span class=\"fs10 ff1\">Zahvaljuju\u0107i LJETOPISU DHK-a (Zagreb,1903.), poznato je tek da je ovu knji\u017enicu vodio&nbsp;<b>Franjo De\u017edjek<\/b>, vjerojatno u\u010ditelj, dok ostali podaci (mjesto, broj knjiga) nisu poznati.<\/span><span class=\"fs10 ff1\">&nbsp;<\/span><\/p>\n<p><span class=\"fs10 ff1\">Godina, me\u0111utim, njenog otvaranja ukazuje na svrhu vrlo tipi\u010dnu i za Me\u0111imurje i za Hrvatsku. prosvjetiteljska i nacionalna misao kao otpor ma\u0111arizaciji nai\u0161la je, u Me\u0111imurju pogotovo, na zahvalno tlo. O\u010dito i u Kotoribi, gdje se u pu\u010dku knji\u017enicu u\u010dlanjuje odmah stotinu mje\u0161tana.<\/span><\/p>\n<\/div>\n<div>\n<div>&nbsp;<\/div>\n<div><img class=\"image-6\" title=\"\" src=\"http:\/\/starastranica.kotoriba.hr\/images\/Negda1.jpg\" alt=\"\"><\/div>\n<p><span class=\"fs10 ff1\">&nbsp;<\/span><\/p>\n<\/div>\n<div><span class=\"fs10 ff1\">Vrijeme je to kada mladi me\u0111imurski intelektualci donose iz Zagreba, uz nove ideje i nove knjige. Ideju o otvaranju pu\u010dkih knji\u017enica, kao mjestima i prosvje\u0107ivanju puka, a osobito otpora ma\u0111arizaciji, naj\u0161ire provodi tada 22-godi\u0161nji student teologije, pjesnik i, uz dr.&nbsp;<b>Ivana Novaka<\/b>, odu\u0161evljeni predvodnik pokreta za vra\u0107anje Me\u0111imurja Hrvatskoj &#8211; Hodo\u0161anin&nbsp;<b>Luka Puri\u0107<\/b>.<\/span><\/div>\n<div>\n<p><span class=\"fs10 ff1\">LJETOPIS ga isti\u010de kao najuspje\u0161nijeg prikuplja\u010da i knjiga i njihovih darovatelja. Budu\u0107i da se njegovo ime bilje\u017ei uz osnivanje \u010dak \u010detiriju me\u0111imurskih knji\u017enica (Gori\u010dan, Donji Kraljevec, Donji Vidovec i Donja Dubrava), vjerojatno je da je bio neposrednim osniva\u010dem i u ostalim me\u0111imurskim mjestima, u Prelogu, a tako\u0111er i u Kotoribi.<\/span><span class=\"fs10 ff1\">&nbsp;<\/span><\/p>\n<p><span class=\"fs10 ff1\">Ve\u0107ina je ovakvih knji\u017enica u to vrijeme smje\u0161tena u \u0161kolskoj zgradi, a kako je kotoripska \u0161kola, dogradnjom jo\u0161 1893. jedna od u Me\u0111imurju rijetkih \u0161kolskih katnica, sigurno je da se u njoj na\u0161lo i prostora za pu\u010dku knji\u017enicu. Takovu knji\u017enicu, koja je, da bi mogla opstojati, morala imati najmanje to knjiga, vodio bi u\u010ditelj za gospodarske predmete, ili u\u010ditelj vjeronauka. Uz posu\u0111ivanje knjiga u\u010denicima, brinuo je i za \u010ditateljske interese odraslih. A osobito o odr\u017eavanju ve\u010dernjih predavanja za potrebe prosvje\u0107ivanja iz razli\u010ditih oblasti \u017eivota, naj\u010de\u0161\u0107e poljodjelstva i ratarstva.<\/span><span class=\"fs10 ff1\">&nbsp;<\/span><\/p>\n<p><span class=\"fs10 ff1\">Proklamacija DHK-a, kao i njeno o\u017eivotvore nje, svratili su pozornost vlastodr\u017eca na pu\u010dke knji\u017enice kao mjesta neformalnog a u\u010dinkovitog djelovanja na puk. No, osnovane od Ma\u0111ara u ve\u0107im mjestima, nisu u me\u0111imurskom, osobito seoskom puku nai\u0161le na odaziv.<\/span><\/p>\n<\/div>\n<div><span class=\"fs10 ff1\">Taj odaziv desio se, me\u0111utim 1919.godine, kada su pod geslom Prosvjetnog dru\u0161tva za Me\u0111imurje (osniva\u010d dr. Ivan Novak) &#8211; OSNIVAJMO PU\u010cKE \u010cITAONICE, u Me\u0111imurju nikle 32 \u010ditaonice, opskrbljene listovima i \u010dasopisima, mnoge smje\u0161tene u zasebni prostor mjesne kreme. OVE, jugoslavenske \u010ditaonice smatrane su u me\u0111imurskom puku institucijama trijumfa &#8211; odcepljenja od Ma\u0111arske, te blagotvornim uto\u010di\u0161tem hrvatske rije\u010di i duha, napokon objedinjenog s maticom zemljom.<\/span><span class=\"fs10 ff1\">&nbsp;<\/span><br \/>\n<span class=\"fs10 ff1\">Prvi odaziv za osnivanje ovakve \u010ditaonice do\u0161ao je upravo iz Kotoribe, pa njeno otvaranje -16. o\u017eujka 1919. &#8211; bio dan praznika, zabilje\u017eenog i u zagreba\u010dkom tisku.<\/span><\/div>\n<div>&nbsp;<\/div>\n<div>\n<div><img class=\"image-0\" title=\"\" src=\"http:\/\/starastranica.kotoriba.hr\/images\/Image33.jpg\" alt=\"\"><\/div>\n<p><span class=\"fs10 ff1\">Tre\u0107e razdoblje pu\u010dke knji\u017enice u Kotoribi zapo\u010dinje poslije Drugog svjetskog rata, kada kotorip\u010dani podi\u017eu Spomendom (1961. g.) \u017ertvama fa\u0161isti\u010dkog terora i palim borcima narodnooslobodila\u010dkog pokreta iz njihovog mjesta.<\/span><span class=\"fs10 ff1\">&nbsp;<\/span><\/p>\n<p><span class=\"fs10 ff1\">Njegovo imenovanje u Spomen knji\u017enicu isti\u010de Kotoribu kao jedno od rijetkih manjih mjesta u Hrvatskoj &#8211; koje za knjigu gradi ku\u0107u.<\/span><span class=\"fs10 ff1\">&nbsp;<\/span><br \/>\n<span class=\"fs10 ff1\">\u010cetvrto razdoblje zapo\u010dinje 10. studenog 1989., kada Kotorip\u010dani, i opet prete\u017eno sami obnove zgradu svoje knji\u017enice &#8211; dogradiv\u0161i joj krov, obnoviv\u0161i joj zidove i podove, uz osuvremenjivanje i ostale opreme.<\/span><span class=\"fs10 ff1\">&nbsp;<\/span><\/p>\n<p><span class=\"fs10 ff1\">Novost ove knji\u017enice, koja je jedna od ogranaka me\u0111imurskog \u017eupanijskog bibliote\u010dnog sustava, jest fuzija fonda u vlasni\u0161tvu osnovne \u0161kole sa knji\u017enim fondom koji je do tada imala mjesna knji\u017enica. time je ostvaren ukupni fond od preko 6.000 svezaka, prete\u017eito beletristike za djecu i odrasle.<\/span><\/p>\n<\/div>\n<div>\n<p><span class=\"fs10 ff1\">Pro\u0161ireni prostor \u010ditaonice omogu\u0107uje i odr\u017eavanje knji\u017eevnih priredaba, te raznovrsne dje\u010dje aktivnosti.<\/span><span class=\"fs10 ff1\">&nbsp;<\/span><span class=\"fs10 ff1\">Upravo onakvom kakvom pu\u010dka knji\u017enica treba biti, kakva je svugdje u svijetu, pa stoga i u Kotoribi.<\/span><span class=\"fs10 ff1\">&nbsp;<\/span><\/p>\n<p><span class=\"fs10 ff1\"><b>izvor podataka:<\/b>&nbsp;KULTURNA SLIKA KOTORIBE,Kotoriba,1995. (uz 20 godina KUD-a Kotoriba)<\/span><\/p>\n<\/div>\n<div>&nbsp;<\/div>\n<div>&nbsp;<\/div>\n<div>&nbsp;<\/div>\n<div>&nbsp;<\/div>\n<div>\n<div><img class=\"image-3\" title=\"\" src=\"http:\/\/starastranica.kotoriba.hr\/images\/knjiznica-u-Kotoribi.JPG\" alt=\"\"><\/div>\n<p><span class=\"fs10 cf1 ff1\">Knji\u017enica i \u010ditaonica Kotoriba &nbsp;je samostalna ustanova &nbsp;i ima sljede\u0107e odjele: Odjel za odrasle te Odjel za djecu i mlade.<\/span><br \/>\n<span class=\"fs10 cf1 ff1\">Knji\u017enica posjeduje lako dostupne fondove i informacijska pomagala namijenjena svim kategorijama stanovni\u0161tva, bez obzira na njihovu dob, obrazovanost ili stru\u010dnu spremu.<\/span><span class=\"fs10 cf1 ff1\">&nbsp;<\/span><br \/>\n<span class=\"fs10 cf1 ff1\">Me\u0111u na\u0161im policama mo\u017eete prona\u0107i &nbsp;zabavnu literaturu, &nbsp;knjige o znanosti, dnevne novine i &nbsp;razne \u010dasopise .<\/span><span class=\"fs10 cf1 ff1\">&nbsp;<\/span><br \/>\n<span class=\"fs10 cf1 ff1\">Bogatim fondovima Knji\u017enice slu\u017ee se \u010dlanovi koji imaju na raspolaganju i suvremenu ra\u010dunalnu opremu te priliku za smisleno i zabavno provo\u0111enje slobodnog vremena.<\/span><span class=\"fs10 cf1 ff1\">&nbsp;<\/span><br \/>\n<span class=\"fs10 cf1 ff1\">Posjetitelji mogu na ra\u010dunalu jednokratno pogledati novosti na internetu te razgledati ostav\u0161tinu Jo\u017ee Horvata ro\u0111enog Kotorip\u010danina. Sve je dostupno u radno vrijeme Knji\u017enice i \u010ditaonice Kotoriba.<\/span><\/p>\n<\/div>\n","protected":false},"excerpt":{"rendered":"<p>PU\u010cKA KNJI\u017dNICA U KOTORIBI &nbsp; KNJI\u017dNICA I \u010cITAONICA KOTORIBA Kada je 1902. godine Dru\u0161tvo hrvatskih knji\u017eevnika zapo\u010delo i zvani\u010dno akcijom otvaranja pu\u010dkih knji\u017enica u Hrvatskoj, u Me\u0111imurju je jedna od prvih (otvorena u listopadu 1903.) knji\u017enica u Kotoribi. Zahvaljuju\u0107i LJETOPISU DHK-a (Zagreb,1903.), poznato je tek da je ovu knji\u017enicu vodio&nbsp;Franjo De\u017edjek, vjerojatno u\u010ditelj, dok ostali [&hellip;]<\/p>\n","protected":false},"author":90,"featured_media":0,"parent":0,"menu_order":0,"comment_status":"closed","ping_status":"closed","template":"","meta":{"ngg_post_thumbnail":0},"yoast_head":"<!-- This site is optimized with the Yoast SEO plugin v16.4 - https:\/\/yoast.com\/wordpress\/plugins\/seo\/ -->\n<meta name=\"robots\" content=\"index, follow, max-snippet:-1, max-image-preview:large, max-video-preview:-1\" \/>\n<link rel=\"canonical\" href=\"http:\/\/knjiznice.nsk.hr\/kotoriba\/o-nama\/\" \/>\n<meta property=\"og:locale\" content=\"hr_HR\" \/>\n<meta property=\"og:type\" content=\"article\" \/>\n<meta property=\"og:title\" content=\"O nama - Knji\u017enica i \u010ditaonica Kotoriba\" \/>\n<meta property=\"og:description\" content=\"PU\u010cKA KNJI\u017dNICA U KOTORIBI &nbsp; KNJI\u017dNICA I \u010cITAONICA KOTORIBA Kada je 1902. godine Dru\u0161tvo hrvatskih knji\u017eevnika zapo\u010delo i zvani\u010dno akcijom otvaranja pu\u010dkih knji\u017enica u Hrvatskoj, u Me\u0111imurju je jedna od prvih (otvorena u listopadu 1903.) knji\u017enica u Kotoribi. Zahvaljuju\u0107i LJETOPISU DHK-a (Zagreb,1903.), poznato je tek da je ovu knji\u017enicu vodio&nbsp;Franjo De\u017edjek, vjerojatno u\u010ditelj, dok ostali [&hellip;]\" \/>\n<meta property=\"og:url\" content=\"http:\/\/knjiznice.nsk.hr\/kotoriba\/o-nama\/\" \/>\n<meta property=\"og:site_name\" content=\"Knji\u017enica i \u010ditaonica Kotoriba\" \/>\n<meta property=\"article:modified_time\" content=\"2019-08-21T16:57:31+00:00\" \/>\n<meta property=\"og:image\" content=\"http:\/\/starastranica.kotoriba.hr\/images\/Negda1.jpg\" \/>\n<meta name=\"twitter:label1\" content=\"Procijenjeno vrijeme \u010ditanja\" \/>\n\t<meta name=\"twitter:data1\" content=\"4 minute\" \/>\n<script type=\"application\/ld+json\" class=\"yoast-schema-graph\">{\"@context\":\"https:\/\/schema.org\",\"@graph\":[{\"@type\":\"WebSite\",\"@id\":\"http:\/\/knjiznice.nsk.hr\/kotoriba\/#website\",\"url\":\"http:\/\/knjiznice.nsk.hr\/kotoriba\/\",\"name\":\"Knji\\u017enica i \\u010ditaonica Kotoriba\",\"description\":\"\",\"potentialAction\":[{\"@type\":\"SearchAction\",\"target\":\"http:\/\/knjiznice.nsk.hr\/kotoriba\/?s={search_term_string}\",\"query-input\":\"required name=search_term_string\"}],\"inLanguage\":\"hr\"},{\"@type\":\"ImageObject\",\"@id\":\"http:\/\/knjiznice.nsk.hr\/kotoriba\/o-nama\/#primaryimage\",\"inLanguage\":\"hr\",\"url\":\"http:\/\/starastranica.kotoriba.hr\/images\/Negda1.jpg\",\"contentUrl\":\"http:\/\/starastranica.kotoriba.hr\/images\/Negda1.jpg\"},{\"@type\":\"WebPage\",\"@id\":\"http:\/\/knjiznice.nsk.hr\/kotoriba\/o-nama\/#webpage\",\"url\":\"http:\/\/knjiznice.nsk.hr\/kotoriba\/o-nama\/\",\"name\":\"O nama - Knji\\u017enica i \\u010ditaonica Kotoriba\",\"isPartOf\":{\"@id\":\"http:\/\/knjiznice.nsk.hr\/kotoriba\/#website\"},\"primaryImageOfPage\":{\"@id\":\"http:\/\/knjiznice.nsk.hr\/kotoriba\/o-nama\/#primaryimage\"},\"datePublished\":\"2019-08-21T14:49:05+00:00\",\"dateModified\":\"2019-08-21T16:57:31+00:00\",\"breadcrumb\":{\"@id\":\"http:\/\/knjiznice.nsk.hr\/kotoriba\/o-nama\/#breadcrumb\"},\"inLanguage\":\"hr\",\"potentialAction\":[{\"@type\":\"ReadAction\",\"target\":[\"http:\/\/knjiznice.nsk.hr\/kotoriba\/o-nama\/\"]}]},{\"@type\":\"BreadcrumbList\",\"@id\":\"http:\/\/knjiznice.nsk.hr\/kotoriba\/o-nama\/#breadcrumb\",\"itemListElement\":[{\"@type\":\"ListItem\",\"position\":1,\"item\":{\"@type\":\"WebPage\",\"@id\":\"http:\/\/knjiznice.nsk.hr\/kotoriba\/\",\"url\":\"http:\/\/knjiznice.nsk.hr\/kotoriba\/\",\"name\":\"Po\\u010detna stranica\"}},{\"@type\":\"ListItem\",\"position\":2,\"item\":{\"@id\":\"http:\/\/knjiznice.nsk.hr\/kotoriba\/o-nama\/#webpage\"}}]}]}<\/script>\n<!-- \/ Yoast SEO plugin. -->","_links":{"self":[{"href":"https:\/\/knjiznice.nsk.hr\/kotoriba\/wp-json\/wp\/v2\/pages\/80"}],"collection":[{"href":"https:\/\/knjiznice.nsk.hr\/kotoriba\/wp-json\/wp\/v2\/pages"}],"about":[{"href":"https:\/\/knjiznice.nsk.hr\/kotoriba\/wp-json\/wp\/v2\/types\/page"}],"author":[{"embeddable":true,"href":"https:\/\/knjiznice.nsk.hr\/kotoriba\/wp-json\/wp\/v2\/users\/90"}],"replies":[{"embeddable":true,"href":"https:\/\/knjiznice.nsk.hr\/kotoriba\/wp-json\/wp\/v2\/comments?post=80"}],"version-history":[{"count":3,"href":"https:\/\/knjiznice.nsk.hr\/kotoriba\/wp-json\/wp\/v2\/pages\/80\/revisions"}],"predecessor-version":[{"id":162,"href":"https:\/\/knjiznice.nsk.hr\/kotoriba\/wp-json\/wp\/v2\/pages\/80\/revisions\/162"}],"wp:attachment":[{"href":"https:\/\/knjiznice.nsk.hr\/kotoriba\/wp-json\/wp\/v2\/media?parent=80"}],"curies":[{"name":"wp","href":"https:\/\/api.w.org\/{rel}","templated":true}]}}