{"id":38,"date":"2015-04-02T07:15:39","date_gmt":"2015-04-02T07:15:39","guid":{"rendered":"http:\/\/knjiznice.nsk.hr\/ivanec\/?page_id=38"},"modified":"2025-03-21T12:54:30","modified_gmt":"2025-03-21T12:54:30","slug":"citateljski-klub","status":"publish","type":"page","link":"https:\/\/knjiznice.nsk.hr\/ivanec\/citateljski-klub\/","title":{"rendered":"\u010cITATELJSKI KLUB &#8220;PAVICA&#8221;"},"content":{"rendered":"<p>Volonteri Gradske knji\u017enice Ivanec osnovali su <strong>\u010citateljski klub &#8220;Pavica&#8221;<\/strong> pod vodstvom&nbsp; volontera <strong>Davida Harja\u010da<\/strong>.<\/p>\n<p><em><strong>Ciljevi \u010ditateljskog kluba su:&nbsp;<\/strong><\/em><\/p>\n<ul>\n<li><em><strong>obnoviti navike \u010ditanja&nbsp;<\/strong><\/em><\/li>\n<li><em><strong>bolje razumjeti knjige koje se \u010ditaju&nbsp;<\/strong><\/em><\/li>\n<li><em><strong>ostvarivanje prava na kriti\u010dko mi\u0161ljenje<\/strong><\/em><\/li>\n<li><em><strong>vje\u017ebati argumentativno raspravljanje<\/strong><\/em><\/li>\n<li><em><strong>boga\u0107enje osobnog rje\u010dnika<\/strong><\/em><\/li>\n<li><em><strong>korisno i kvalitetno provesti slobodno vrijeme<\/strong><\/em><\/li>\n<li><em><strong>prilika za pokazati svoju krativnost<\/strong><\/em><\/li>\n<li><em><strong>ja\u010danje samopouzdanje&nbsp;<\/strong><\/em><\/li>\n<li><em><strong>u\u010diti biti dio grupe&nbsp;<\/strong><\/em><\/li>\n<li><em><strong>upoznavanje ljudi sli\u010dnih interesa i stjecanje novih prijatelja<\/strong><\/em><\/li>\n<li><em><strong>nestrpljivo i\u0161\u010dekivanje sljede\u0107e rasprave.<\/strong><\/em><\/li>\n<\/ul>\n<p>&nbsp;<\/p>\n<p><a href=\"http:\/\/knjiznice.nsk.hr\/ivanec\/wp-content\/uploads\/sites\/27\/2020\/07\/you-1.png\"><img loading=\"lazy\" class=\" wp-image-710 aligncenter\" src=\"http:\/\/knjiznice.nsk.hr\/ivanec\/wp-content\/uploads\/sites\/27\/2020\/07\/you-1-300x300.png\" alt=\"\" width=\"393\" height=\"393\" srcset=\"https:\/\/knjiznice.nsk.hr\/ivanec\/wp-content\/uploads\/sites\/27\/2020\/07\/you-1-300x300.png 300w, https:\/\/knjiznice.nsk.hr\/ivanec\/wp-content\/uploads\/sites\/27\/2020\/07\/you-1-1024x1024.png 1024w, https:\/\/knjiznice.nsk.hr\/ivanec\/wp-content\/uploads\/sites\/27\/2020\/07\/you-1-150x150.png 150w, https:\/\/knjiznice.nsk.hr\/ivanec\/wp-content\/uploads\/sites\/27\/2020\/07\/you-1-768x768.png 768w, https:\/\/knjiznice.nsk.hr\/ivanec\/wp-content\/uploads\/sites\/27\/2020\/07\/you-1-600x600.png 600w, https:\/\/knjiznice.nsk.hr\/ivanec\/wp-content\/uploads\/sites\/27\/2020\/07\/you-1.png 1500w\" sizes=\"(max-width: 393px) 100vw, 393px\" \/><\/a><\/p>\n<p style=\"text-align: center\"><a href=\"http:\/\/knjiznice.nsk.hr\/ivanec\/wp-content\/uploads\/sites\/27\/2022\/07\/Screenshot_10.png\"><img loading=\"lazy\" class=\"alignnone wp-image-1468\" src=\"http:\/\/knjiznice.nsk.hr\/ivanec\/wp-content\/uploads\/sites\/27\/2022\/07\/Screenshot_10-300x151.png\" alt=\"\" width=\"377\" height=\"190\" srcset=\"https:\/\/knjiznice.nsk.hr\/ivanec\/wp-content\/uploads\/sites\/27\/2022\/07\/Screenshot_10-300x151.png 300w, https:\/\/knjiznice.nsk.hr\/ivanec\/wp-content\/uploads\/sites\/27\/2022\/07\/Screenshot_10.png 505w\" sizes=\"(max-width: 377px) 100vw, 377px\" \/><\/a><\/p>\n<p>Sve aktivnosti \u010ditateljskog kluba mo\u017eete pratiti na:<\/p>\n<p><strong>Web stranica: <a href=\"http:\/\/knjiznice.nsk.hr\/ivanec\/\">Gradska knji\u017enica Ivanec<\/a><\/strong><\/p>\n<p><strong>Facebook: <a href=\"https:\/\/hr-hr.facebook.com\/pages\/category\/Library\/Gradska-knji%C5%BEnica-i-%C4%8Ditaonica-Gustav-Krklec-153657671397823\/\">Gradska knji\u017enica i \u010ditaonica &#8220;Gustav Krklec&#8221;<\/a><\/strong><\/p>\n<p><strong>Instagram: <a href=\"https:\/\/www.instagram.com\/knjiznicaivanec\/?hl=hr\">KnjiznicaIvanec<\/a><\/strong><\/p>\n<p><strong>TikTok<\/strong>: <a href=\"https:\/\/www.tiktok.com\/@citateljskiklub.pavica\"><strong>citateljskiklub.pavica<\/strong><\/a><\/p>\n\n\t\t<style type=\"text\/css\">\n\t\t\t#gallery-1 {\n\t\t\t\tmargin: auto;\n\t\t\t}\n\t\t\t#gallery-1 .gallery-item {\n\t\t\t\tfloat: left;\n\t\t\t\tmargin-top: 10px;\n\t\t\t\ttext-align: center;\n\t\t\t\twidth: 25%;\n\t\t\t}\n\t\t\t#gallery-1 img {\n\t\t\t\tborder: 2px solid #cfcfcf;\n\t\t\t}\n\t\t\t#gallery-1 .gallery-caption {\n\t\t\t\tmargin-left: 0;\n\t\t\t}\n\t\t\t\/* see gallery_shortcode() in wp-includes\/media.php *\/\n\t\t<\/style>\n\t\t<div id='gallery-1' class='gallery galleryid-38 gallery-columns-4 gallery-size-thumbnail'><dl class='gallery-item'>\n\t\t\t<dt class='gallery-icon landscape'>\n\t\t\t\t<a href='https:\/\/knjiznice.nsk.hr\/ivanec\/citateljski-klub\/zasto-je-vazno-citati-svaki-dan\/'><img width=\"150\" height=\"150\" src=\"https:\/\/knjiznice.nsk.hr\/ivanec\/wp-content\/uploads\/sites\/27\/2020\/07\/Za\u0161to-je-va\u017eno-\u010ditati-svaki-dan-150x150.jpg\" class=\"attachment-thumbnail size-thumbnail\" alt=\"\" loading=\"lazy\" srcset=\"https:\/\/knjiznice.nsk.hr\/ivanec\/wp-content\/uploads\/sites\/27\/2020\/07\/Za\u0161to-je-va\u017eno-\u010ditati-svaki-dan-150x150.jpg 150w, https:\/\/knjiznice.nsk.hr\/ivanec\/wp-content\/uploads\/sites\/27\/2020\/07\/Za\u0161to-je-va\u017eno-\u010ditati-svaki-dan-300x300.jpg 300w, https:\/\/knjiznice.nsk.hr\/ivanec\/wp-content\/uploads\/sites\/27\/2020\/07\/Za\u0161to-je-va\u017eno-\u010ditati-svaki-dan-600x600.jpg 600w, https:\/\/knjiznice.nsk.hr\/ivanec\/wp-content\/uploads\/sites\/27\/2020\/07\/Za\u0161to-je-va\u017eno-\u010ditati-svaki-dan.jpg 768w\" sizes=\"(max-width: 150px) 100vw, 150px\" \/><\/a>\n\t\t\t<\/dt><\/dl><dl class='gallery-item'>\n\t\t\t<dt class='gallery-icon portrait'>\n\t\t\t\t<a href='https:\/\/knjiznice.nsk.hr\/ivanec\/2020\/08\/13\/vaznost-knjiznica-za-djecji-razvoj\/dodajte-nesto-teksta-u-tijelo\/'><img width=\"150\" height=\"150\" src=\"https:\/\/knjiznice.nsk.hr\/ivanec\/wp-content\/uploads\/sites\/27\/2020\/08\/Dodajte-nesto-teksta-u-tijelo-150x150.png\" class=\"attachment-thumbnail size-thumbnail\" alt=\"\" loading=\"lazy\" \/><\/a>\n\t\t\t<\/dt><\/dl><dl class='gallery-item'>\n\t\t\t<dt class='gallery-icon landscape'>\n\t\t\t\t<a href='https:\/\/knjiznice.nsk.hr\/ivanec\/citateljski-klub\/citanje-2\/'><img width=\"150\" height=\"150\" src=\"https:\/\/knjiznice.nsk.hr\/ivanec\/wp-content\/uploads\/sites\/27\/2020\/07\/\u010cITANJE-2-150x150.png\" class=\"attachment-thumbnail size-thumbnail\" alt=\"\" loading=\"lazy\" srcset=\"https:\/\/knjiznice.nsk.hr\/ivanec\/wp-content\/uploads\/sites\/27\/2020\/07\/\u010cITANJE-2-150x150.png 150w, https:\/\/knjiznice.nsk.hr\/ivanec\/wp-content\/uploads\/sites\/27\/2020\/07\/\u010cITANJE-2-300x300.png 300w, https:\/\/knjiznice.nsk.hr\/ivanec\/wp-content\/uploads\/sites\/27\/2020\/07\/\u010cITANJE-2-1024x1024.png 1024w, https:\/\/knjiznice.nsk.hr\/ivanec\/wp-content\/uploads\/sites\/27\/2020\/07\/\u010cITANJE-2-768x768.png 768w, https:\/\/knjiznice.nsk.hr\/ivanec\/wp-content\/uploads\/sites\/27\/2020\/07\/\u010cITANJE-2-600x600.png 600w, https:\/\/knjiznice.nsk.hr\/ivanec\/wp-content\/uploads\/sites\/27\/2020\/07\/\u010cITANJE-2.png 1500w\" sizes=\"(max-width: 150px) 100vw, 150px\" \/><\/a>\n\t\t\t<\/dt><\/dl><dl class='gallery-item'>\n\t\t\t<dt class='gallery-icon portrait'>\n\t\t\t\t<a href='https:\/\/knjiznice.nsk.hr\/ivanec\/citateljski-klub\/10-razloga\/'><img width=\"150\" height=\"150\" src=\"https:\/\/knjiznice.nsk.hr\/ivanec\/wp-content\/uploads\/sites\/27\/2020\/08\/10-razloga-150x150.jpg\" class=\"attachment-thumbnail size-thumbnail\" alt=\"\" loading=\"lazy\" \/><\/a>\n\t\t\t<\/dt><\/dl><br style=\"clear: both\" \/>\n\t\t<\/div>\n\n<p>&nbsp;<\/p>\n<p style=\"text-align: center\">&nbsp;<\/p>\n<p>&nbsp;<\/p>\n<p style=\"text-align: center\"><strong><em><a href=\"https:\/\/hr-hr.facebook.com\/153657671397823\/videos\/648047052792244\/\">VIDEOZAPIS \u010cITATELJSKOG KLUBA&nbsp;<\/a><\/em><\/strong><\/p>\n<p>&nbsp;<\/p>\n<p><em><strong>\u010cITA\u0160 ILI GLEDA\u0160&nbsp; I \u0160TO SE \u010cITALO U PROTEKLOM MJESECU, <\/strong><\/em>svakog mjeseca objavljene su na Facebook i Instagram profilu knji\u017enice<em><strong>.&nbsp;<\/strong><\/em><\/p>\n<p><a href=\"http:\/\/knjiznice.nsk.hr\/ivanec\/wp-content\/uploads\/sites\/27\/2025\/03\/Snimka-zaslona-2025-03-21-135035.png\"><img loading=\"lazy\" class=\"size-medium wp-image-2128 aligncenter\" src=\"http:\/\/knjiznice.nsk.hr\/ivanec\/wp-content\/uploads\/sites\/27\/2025\/03\/Snimka-zaslona-2025-03-21-135035-219x300.png\" alt=\"\" width=\"219\" height=\"300\" srcset=\"https:\/\/knjiznice.nsk.hr\/ivanec\/wp-content\/uploads\/sites\/27\/2025\/03\/Snimka-zaslona-2025-03-21-135035-219x300.png 219w, https:\/\/knjiznice.nsk.hr\/ivanec\/wp-content\/uploads\/sites\/27\/2025\/03\/Snimka-zaslona-2025-03-21-135035-600x822.png 600w, https:\/\/knjiznice.nsk.hr\/ivanec\/wp-content\/uploads\/sites\/27\/2025\/03\/Snimka-zaslona-2025-03-21-135035.png 683w\" sizes=\"(max-width: 219px) 100vw, 219px\" \/><\/a><a href=\"http:\/\/knjiznice.nsk.hr\/ivanec\/wp-content\/uploads\/sites\/27\/2025\/03\/Snimka-zaslona-2025-03-21-135249.png\"><img loading=\"lazy\" class=\"size-medium wp-image-2129 aligncenter\" src=\"http:\/\/knjiznice.nsk.hr\/ivanec\/wp-content\/uploads\/sites\/27\/2025\/03\/Snimka-zaslona-2025-03-21-135249-209x300.png\" alt=\"\" width=\"209\" height=\"300\" srcset=\"https:\/\/knjiznice.nsk.hr\/ivanec\/wp-content\/uploads\/sites\/27\/2025\/03\/Snimka-zaslona-2025-03-21-135249-209x300.png 209w, https:\/\/knjiznice.nsk.hr\/ivanec\/wp-content\/uploads\/sites\/27\/2025\/03\/Snimka-zaslona-2025-03-21-135249-600x860.png 600w, https:\/\/knjiznice.nsk.hr\/ivanec\/wp-content\/uploads\/sites\/27\/2025\/03\/Snimka-zaslona-2025-03-21-135249.png 608w\" sizes=\"(max-width: 209px) 100vw, 209px\" \/><\/a><\/p>\n","protected":false},"excerpt":{"rendered":"<p>Volonteri Gradske knji\u017enice Ivanec osnovali su \u010citateljski klub &#8220;Pavica&#8221; pod vodstvom&nbsp; volontera Davida Harja\u010da. Ciljevi \u010ditateljskog kluba su:&nbsp; obnoviti navike \u010ditanja&nbsp; bolje razumjeti knjige koje se \u010ditaju&nbsp; ostvarivanje prava na kriti\u010dko mi\u0161ljenje vje\u017ebati argumentativno raspravljanje boga\u0107enje osobnog rje\u010dnika korisno i kvalitetno provesti slobodno vrijeme prilika za pokazati svoju krativnost ja\u010danje samopouzdanje&nbsp; u\u010diti biti dio grupe&nbsp; [&hellip;]<\/p>\n","protected":false},"author":23,"featured_media":716,"parent":0,"menu_order":0,"comment_status":"closed","ping_status":"closed","template":"","meta":{"ngg_post_thumbnail":0},"yoast_head":"<!-- This site is optimized with the Yoast SEO plugin v16.4 - https:\/\/yoast.com\/wordpress\/plugins\/seo\/ -->\n<meta name=\"robots\" content=\"index, follow, max-snippet:-1, max-image-preview:large, max-video-preview:-1\" \/>\n<link rel=\"canonical\" href=\"https:\/\/knjiznice.nsk.hr\/ivanec\/citateljski-klub\/\" \/>\n<meta property=\"og:locale\" content=\"hr_HR\" \/>\n<meta property=\"og:type\" content=\"article\" \/>\n<meta property=\"og:title\" content=\"\u010cITATELJSKI KLUB &quot;PAVICA&quot; - Gradska knji\u017enica i \u010ditaonica &quot;Gustav Krklec&quot; Ivanec\" \/>\n<meta property=\"og:description\" content=\"Volonteri Gradske knji\u017enice Ivanec osnovali su \u010citateljski klub &#8220;Pavica&#8221; pod vodstvom&nbsp; volontera Davida Harja\u010da. Ciljevi \u010ditateljskog kluba su:&nbsp; obnoviti navike \u010ditanja&nbsp; bolje razumjeti knjige koje se \u010ditaju&nbsp; ostvarivanje prava na kriti\u010dko mi\u0161ljenje vje\u017ebati argumentativno raspravljanje boga\u0107enje osobnog rje\u010dnika korisno i kvalitetno provesti slobodno vrijeme prilika za pokazati svoju krativnost ja\u010danje samopouzdanje&nbsp; u\u010diti biti dio grupe&nbsp; [&hellip;]\" \/>\n<meta property=\"og:url\" content=\"https:\/\/knjiznice.nsk.hr\/ivanec\/citateljski-klub\/\" \/>\n<meta property=\"og:site_name\" content=\"Gradska knji\u017enica i \u010ditaonica &quot;Gustav Krklec&quot; Ivanec\" \/>\n<meta property=\"article:modified_time\" content=\"2025-03-21T12:54:30+00:00\" \/>\n<meta property=\"og:image\" content=\"http:\/\/knjiznice.nsk.hr\/ivanec\/wp-content\/uploads\/sites\/27\/2020\/07\/you-1-1.png\" \/>\n\t<meta property=\"og:image:width\" content=\"1500\" \/>\n\t<meta property=\"og:image:height\" content=\"1500\" \/>\n<meta name=\"twitter:label1\" content=\"Procijenjeno vrijeme \u010ditanja\" \/>\n\t<meta name=\"twitter:data1\" content=\"2 minute\" \/>\n<script type=\"application\/ld+json\" class=\"yoast-schema-graph\">{\"@context\":\"https:\/\/schema.org\",\"@graph\":[{\"@type\":\"WebSite\",\"@id\":\"https:\/\/knjiznice.nsk.hr\/ivanec\/#website\",\"url\":\"https:\/\/knjiznice.nsk.hr\/ivanec\/\",\"name\":\"Gradska knji\\u017enica i \\u010ditaonica &quot;Gustav Krklec&quot; Ivanec\",\"description\":\"Djeca koja \\u010ditaju postaju ljudi koji misle.\",\"potentialAction\":[{\"@type\":\"SearchAction\",\"target\":\"https:\/\/knjiznice.nsk.hr\/ivanec\/?s={search_term_string}\",\"query-input\":\"required name=search_term_string\"}],\"inLanguage\":\"hr\"},{\"@type\":\"ImageObject\",\"@id\":\"https:\/\/knjiznice.nsk.hr\/ivanec\/citateljski-klub\/#primaryimage\",\"inLanguage\":\"hr\",\"url\":\"https:\/\/knjiznice.nsk.hr\/ivanec\/wp-content\/uploads\/sites\/27\/2020\/07\/you-1-1.png\",\"contentUrl\":\"https:\/\/knjiznice.nsk.hr\/ivanec\/wp-content\/uploads\/sites\/27\/2020\/07\/you-1-1.png\",\"width\":1500,\"height\":1500},{\"@type\":\"WebPage\",\"@id\":\"https:\/\/knjiznice.nsk.hr\/ivanec\/citateljski-klub\/#webpage\",\"url\":\"https:\/\/knjiznice.nsk.hr\/ivanec\/citateljski-klub\/\",\"name\":\"\\u010cITATELJSKI KLUB \\\"PAVICA\\\" - Gradska knji\\u017enica i \\u010ditaonica &quot;Gustav Krklec&quot; Ivanec\",\"isPartOf\":{\"@id\":\"https:\/\/knjiznice.nsk.hr\/ivanec\/#website\"},\"primaryImageOfPage\":{\"@id\":\"https:\/\/knjiznice.nsk.hr\/ivanec\/citateljski-klub\/#primaryimage\"},\"datePublished\":\"2015-04-02T07:15:39+00:00\",\"dateModified\":\"2025-03-21T12:54:30+00:00\",\"breadcrumb\":{\"@id\":\"https:\/\/knjiznice.nsk.hr\/ivanec\/citateljski-klub\/#breadcrumb\"},\"inLanguage\":\"hr\",\"potentialAction\":[{\"@type\":\"ReadAction\",\"target\":[\"https:\/\/knjiznice.nsk.hr\/ivanec\/citateljski-klub\/\"]}]},{\"@type\":\"BreadcrumbList\",\"@id\":\"https:\/\/knjiznice.nsk.hr\/ivanec\/citateljski-klub\/#breadcrumb\",\"itemListElement\":[{\"@type\":\"ListItem\",\"position\":1,\"item\":{\"@type\":\"WebPage\",\"@id\":\"https:\/\/knjiznice.nsk.hr\/ivanec\/\",\"url\":\"https:\/\/knjiznice.nsk.hr\/ivanec\/\",\"name\":\"Po\\u010detna stranica\"}},{\"@type\":\"ListItem\",\"position\":2,\"item\":{\"@id\":\"https:\/\/knjiznice.nsk.hr\/ivanec\/citateljski-klub\/#webpage\"}}]}]}<\/script>\n<!-- \/ Yoast SEO plugin. -->","_links":{"self":[{"href":"https:\/\/knjiznice.nsk.hr\/ivanec\/wp-json\/wp\/v2\/pages\/38"}],"collection":[{"href":"https:\/\/knjiznice.nsk.hr\/ivanec\/wp-json\/wp\/v2\/pages"}],"about":[{"href":"https:\/\/knjiznice.nsk.hr\/ivanec\/wp-json\/wp\/v2\/types\/page"}],"author":[{"embeddable":true,"href":"https:\/\/knjiznice.nsk.hr\/ivanec\/wp-json\/wp\/v2\/users\/23"}],"replies":[{"embeddable":true,"href":"https:\/\/knjiznice.nsk.hr\/ivanec\/wp-json\/wp\/v2\/comments?post=38"}],"version-history":[{"count":60,"href":"https:\/\/knjiznice.nsk.hr\/ivanec\/wp-json\/wp\/v2\/pages\/38\/revisions"}],"predecessor-version":[{"id":2131,"href":"https:\/\/knjiznice.nsk.hr\/ivanec\/wp-json\/wp\/v2\/pages\/38\/revisions\/2131"}],"wp:featuredmedia":[{"embeddable":true,"href":"https:\/\/knjiznice.nsk.hr\/ivanec\/wp-json\/wp\/v2\/media\/716"}],"wp:attachment":[{"href":"https:\/\/knjiznice.nsk.hr\/ivanec\/wp-json\/wp\/v2\/media?parent=38"}],"curies":[{"name":"wp","href":"https:\/\/api.w.org\/{rel}","templated":true}]}}