{"id":218,"date":"2016-01-20T12:28:02","date_gmt":"2016-01-20T12:28:02","guid":{"rendered":"http:\/\/knjiznice.nsk.hr\/ivanec\/?page_id=218"},"modified":"2026-03-18T10:30:11","modified_gmt":"2026-03-18T10:30:11","slug":"usluge","status":"publish","type":"page","link":"https:\/\/knjiznice.nsk.hr\/ivanec\/usluge\/","title":{"rendered":"Usluge"},"content":{"rendered":"<p><strong>-POSUDBA \u2013 <\/strong>primarna djelatnost Knji\u017enice koja uklju\u010duje posudbu knji\u017ene i neknji\u017ene gra\u0111e koju Knji\u017enica posjeduje<\/p>\n<p>&#8211;<strong>POSUDBA E-KNJIGA &#8211;&nbsp;<\/strong> za posudbu E-knjiga korisnik mora imati aktivnu \u010dlanarinu u na\u0161oj Knji\u017enici.&nbsp;&nbsp;<\/p>\n<p>Od jednom se mogu <em>posuditi <strong>2<\/strong><\/em> E-knjige na rok od<em><strong> 60<\/strong> dana.<\/em><\/p>\n<p><a href=\"http:\/\/knjiznice.nsk.hr\/ivanec\/wp-content\/uploads\/sites\/27\/2021\/04\/qrcode_library.foi_.hr_.png\">&nbsp; &nbsp; &nbsp; &nbsp; &nbsp; &nbsp; &nbsp; &nbsp; &nbsp; &nbsp; &nbsp; &nbsp; &nbsp; &nbsp; &nbsp; &nbsp; &nbsp; &nbsp; &nbsp; &nbsp; &nbsp; &nbsp; &nbsp; &nbsp; &nbsp; &nbsp;<img loading=\"lazy\" class=\"alignnone wp-image-1111\" src=\"http:\/\/knjiznice.nsk.hr\/ivanec\/wp-content\/uploads\/sites\/27\/2021\/04\/qrcode_library.foi_.hr_-300x300.png\" alt=\"\" width=\"97\" height=\"97\" srcset=\"https:\/\/knjiznice.nsk.hr\/ivanec\/wp-content\/uploads\/sites\/27\/2021\/04\/qrcode_library.foi_.hr_-300x300.png 300w, https:\/\/knjiznice.nsk.hr\/ivanec\/wp-content\/uploads\/sites\/27\/2021\/04\/qrcode_library.foi_.hr_-150x150.png 150w, https:\/\/knjiznice.nsk.hr\/ivanec\/wp-content\/uploads\/sites\/27\/2021\/04\/qrcode_library.foi_.hr_.png 450w\" sizes=\"(max-width: 97px) 100vw, 97px\" \/><\/a><\/p>\n<p><strong>-TREZOR ZA VRA\u0106ANJE KNJIGA &#8211;&nbsp;<\/strong> slu\u017ei isklju\u010divo za vra\u0107anje&nbsp; knjiga izvan radnog vremena Knji\u017enice ili za vra\u0107anje knjiga pod posebnim uvjetima&nbsp;<\/p>\n<p><a href=\"http:\/\/knjiznice.nsk.hr\/ivanec\/wp-content\/uploads\/sites\/27\/2017\/06\/Naljepnice-za-trezor2.jpg\"><br \/>\n<img loading=\"lazy\" class=\" wp-image-380 aligncenter\" src=\"http:\/\/knjiznice.nsk.hr\/ivanec\/wp-content\/uploads\/sites\/27\/2017\/06\/Naljepnice-za-trezor2-300x225.jpg\" alt=\"\" width=\"365\" height=\"274\" srcset=\"https:\/\/knjiznice.nsk.hr\/ivanec\/wp-content\/uploads\/sites\/27\/2017\/06\/Naljepnice-za-trezor2-300x225.jpg 300w, https:\/\/knjiznice.nsk.hr\/ivanec\/wp-content\/uploads\/sites\/27\/2017\/06\/Naljepnice-za-trezor2-768x575.jpg 768w, https:\/\/knjiznice.nsk.hr\/ivanec\/wp-content\/uploads\/sites\/27\/2017\/06\/Naljepnice-za-trezor2.jpg 1024w, https:\/\/knjiznice.nsk.hr\/ivanec\/wp-content\/uploads\/sites\/27\/2017\/06\/Naljepnice-za-trezor2-600x449.jpg 600w\" sizes=\"(max-width: 365px) 100vw, 365px\" \/><\/a><\/p>\n<p><strong>-ONLINE NARUD\u017dBA GRA\u0110E &#8211; <\/strong>kako bi se smanjile gu\u017eve i ubrzao protok korisnika knjige mo\u017eete naru\u010diti:<\/p>\n<ul>\n<li><strong>&nbsp; &nbsp; Email:<\/strong> knjiznica.krklec@optinet.hr<\/li>\n<li><strong>&nbsp; &nbsp; Facebook:<\/strong> <a href=\"https:\/\/hr-hr.facebook.com\/pages\/category\/Library\/Gradska-knji%C5%BEnica-i-%C4%8Ditaonica-Gustav-Krklec-153657671397823\/\">Gradska knji\u017enica i \u010ditaonica &#8220;Gustav Krklec&#8221; Ivanec<\/a><\/li>\n<li><strong>&nbsp; &nbsp; Instagram:<\/strong> <a href=\"https:\/\/www.instagram.com\/knjiznicaivanec\/?hl=hr\">KnjiznicaIvanec<\/a><\/li>\n<li><strong>&nbsp; &nbsp; Telefon:<\/strong> 042\/ 782-165<\/li>\n<\/ul>\n<p><a href=\"http:\/\/knjiznice.nsk.hr\/ivanec\/wp-content\/uploads\/sites\/27\/2020\/07\/Bez-naslova.png\"><img loading=\"lazy\" class=\" wp-image-825 aligncenter\" src=\"http:\/\/knjiznice.nsk.hr\/ivanec\/wp-content\/uploads\/sites\/27\/2020\/07\/Bez-naslova-298x300.png\" alt=\"\" width=\"347\" height=\"349\" srcset=\"https:\/\/knjiznice.nsk.hr\/ivanec\/wp-content\/uploads\/sites\/27\/2020\/07\/Bez-naslova-298x300.png 298w, https:\/\/knjiznice.nsk.hr\/ivanec\/wp-content\/uploads\/sites\/27\/2020\/07\/Bez-naslova-150x150.png 150w, https:\/\/knjiznice.nsk.hr\/ivanec\/wp-content\/uploads\/sites\/27\/2020\/07\/Bez-naslova-768x772.png 768w, https:\/\/knjiznice.nsk.hr\/ivanec\/wp-content\/uploads\/sites\/27\/2020\/07\/Bez-naslova-600x603.png 600w, https:\/\/knjiznice.nsk.hr\/ivanec\/wp-content\/uploads\/sites\/27\/2020\/07\/Bez-naslova.png 925w\" sizes=\"(max-width: 347px) 100vw, 347px\" \/><\/a><\/p>\n<p><strong>-\u010cITAONICA \u2013 <\/strong>svi zainteresirani korisnici i \u010dlanovi Knji\u017enice slobodno mogu koristiti \u010ditaonicu za \u010ditanje novina i \u010dasopisa, izradu seminara i plakata, pisanje zada\u0107a, kori\u0161tenje bogate Referentne i Zavi\u010dajne zbirke, igraju\u0107i \u0161ah ili s djecom na Odjelu za djecu bogato opremljenim didakti\u010dkim igra\u010dkama.<\/p>\n<p>&nbsp; &nbsp; &nbsp; &nbsp; &nbsp; U \u010ditaonici se mo\u017ee koristiti besplatni Wi-Fi.<\/p>\n<p><strong>-KORI\u0160TENJE RA\u010cUNALA \u2013 <\/strong>besplatna usluga za \u010dlanove Knji\u017enice&nbsp;<\/p>\n<p>&nbsp; Na raspolaganju su Vam 2 prijenosna ra\u010dunala &#8211; mogu\u0107nost kori\u0161tenja Kindle \u010dita\u010da za \u010ditanje e-knjiga<\/p>\n<p><strong>-ME\u0110UKNJI\u017dNI\u010cNA POSUDBA \u2013 <\/strong>za potrebe obrazovanja, cjelo\u017eivotnog u\u010denja i pisanja stru\u010dnih i znanstvenih radova putem me\u0111uknji\u017eni\u010dne posudbe mo\u017eemo za vas posuditi knji\u017enu i neknji\u017enu gra\u0111u koju na\u0161a Knji\u017enica ne posjeduje<\/p>\n<p><strong>-EDUKACIJA \u2013 <\/strong>edukacija i pomo\u0107 u pretra\u017eivanju kataloga, pronala\u017eenju i vrednovanju informacija, baza podataka, raznih online usluga, citiranja i izrade literature o nekoj temi<\/p>\n<ul>\n<li>informativno edukativne posjete &#8211; upoznavanje pojedinaca i grupa, organizirani posjeti \u0160kola i Vrti\u0107a, upoznavanje s prostorom, uslugama i zbirkama (uz prethodnu najavu)&nbsp;<\/li>\n<li>radionice, predavanja, kvizovi znanja, robotika (Micro:bit, Boson, MaQueen)&nbsp;&nbsp;<\/li>\n<li>edukacija o kori\u0161tenju usluge <a href=\"https:\/\/www.knjiznica.hr\/pitajte-knjiznicare\/\">Pitaj Knji\u017eni\u010dara&nbsp;<\/a><\/li>\n<\/ul>\n<p><strong>-ORGANIZACIJA PROGRAMA \u2013 <\/strong>organizacija svih kulturnih programa kojima pridonosimo promociji, suradnji i razvitku na\u0161e struke, kulture \u010ditanja, nakladni\u0161tva i na\u0161ega kraja<\/p>\n<p><strong>-VOLONTIRANJE \u2013 <\/strong>stjecanje novih znanja i vje\u0161tina u pozitivnom ozra\u010dju \u2013 besplatne aktivnosti tijekom ljeta \u2013 \u010ditanje pri\u010da i edukacija o kori\u0161tenju interneta za osobe tre\u0107e dobi, sudjelovanje u radu \u010ditala\u010dkog kluba &#8220;Pavica&#8221;&nbsp;<\/p>\n<p><strong>-IGRAONICA \u2013 <\/strong>svakog \u010detvrtka u 17 sati pod stru\u010dnim vodstvom na Odjelu za djecu \u2013 besplatna za sve \u010dlanove Knji\u017enice pred\u0161kolskog i \u0161kolskog uzrasta<\/p>\n<p>&nbsp;<\/p>\n<p style=\"text-align: center\"><strong>Za sve detalje slobodno do\u0111ite u knji\u017enicu i upitajte knji\u017eni\u010darke!&nbsp;<\/strong><\/p>\n<p>&nbsp;<\/p>\n<p>&nbsp;<\/p>\n<p>&nbsp;<\/p>\n","protected":false},"excerpt":{"rendered":"<p>-POSUDBA \u2013 primarna djelatnost Knji\u017enice koja uklju\u010duje posudbu knji\u017ene i neknji\u017ene gra\u0111e koju Knji\u017enica posjeduje &#8211;POSUDBA E-KNJIGA &#8211;&nbsp; za posudbu E-knjiga korisnik mora imati aktivnu \u010dlanarinu u na\u0161oj Knji\u017enici.&nbsp;&nbsp; Od jednom se mogu posuditi 2 E-knjige na rok od 60 dana. &nbsp; &nbsp; &nbsp; &nbsp; &nbsp; &nbsp; &nbsp; &nbsp; &nbsp; &nbsp; &nbsp; &nbsp; &nbsp; &nbsp; [&hellip;]<\/p>\n","protected":false},"author":23,"featured_media":0,"parent":0,"menu_order":0,"comment_status":"closed","ping_status":"closed","template":"","meta":{"ngg_post_thumbnail":0},"yoast_head":"<!-- This site is optimized with the Yoast SEO plugin v16.4 - https:\/\/yoast.com\/wordpress\/plugins\/seo\/ -->\n<meta name=\"robots\" content=\"index, follow, max-snippet:-1, max-image-preview:large, max-video-preview:-1\" \/>\n<link rel=\"canonical\" href=\"http:\/\/knjiznice.nsk.hr\/ivanec\/usluge\/\" \/>\n<meta property=\"og:locale\" content=\"hr_HR\" \/>\n<meta property=\"og:type\" content=\"article\" \/>\n<meta property=\"og:title\" content=\"Usluge - Gradska knji\u017enica i \u010ditaonica &quot;Gustav Krklec&quot; Ivanec\" \/>\n<meta property=\"og:description\" content=\"-POSUDBA \u2013 primarna djelatnost Knji\u017enice koja uklju\u010duje posudbu knji\u017ene i neknji\u017ene gra\u0111e koju Knji\u017enica posjeduje &#8211;POSUDBA E-KNJIGA &#8211;&nbsp; za posudbu E-knjiga korisnik mora imati aktivnu \u010dlanarinu u na\u0161oj Knji\u017enici.&nbsp;&nbsp; Od jednom se mogu posuditi 2 E-knjige na rok od 60 dana. &nbsp; &nbsp; &nbsp; &nbsp; &nbsp; &nbsp; &nbsp; &nbsp; &nbsp; &nbsp; &nbsp; &nbsp; &nbsp; &nbsp; [&hellip;]\" \/>\n<meta property=\"og:url\" content=\"http:\/\/knjiznice.nsk.hr\/ivanec\/usluge\/\" \/>\n<meta property=\"og:site_name\" content=\"Gradska knji\u017enica i \u010ditaonica &quot;Gustav Krklec&quot; Ivanec\" \/>\n<meta property=\"article:modified_time\" content=\"2026-03-18T10:30:11+00:00\" \/>\n<meta property=\"og:image\" content=\"http:\/\/knjiznice.nsk.hr\/ivanec\/wp-content\/uploads\/sites\/27\/2021\/04\/qrcode_library.foi_.hr_-300x300.png\" \/>\n<meta name=\"twitter:label1\" content=\"Procijenjeno vrijeme \u010ditanja\" \/>\n\t<meta name=\"twitter:data1\" content=\"3 minute\" \/>\n<script type=\"application\/ld+json\" class=\"yoast-schema-graph\">{\"@context\":\"https:\/\/schema.org\",\"@graph\":[{\"@type\":\"WebSite\",\"@id\":\"https:\/\/knjiznice.nsk.hr\/ivanec\/#website\",\"url\":\"https:\/\/knjiznice.nsk.hr\/ivanec\/\",\"name\":\"Gradska knji\\u017enica i \\u010ditaonica &quot;Gustav Krklec&quot; Ivanec\",\"description\":\"Djeca koja \\u010ditaju postaju ljudi koji misle.\",\"potentialAction\":[{\"@type\":\"SearchAction\",\"target\":\"https:\/\/knjiznice.nsk.hr\/ivanec\/?s={search_term_string}\",\"query-input\":\"required name=search_term_string\"}],\"inLanguage\":\"hr\"},{\"@type\":\"ImageObject\",\"@id\":\"http:\/\/knjiznice.nsk.hr\/ivanec\/usluge\/#primaryimage\",\"inLanguage\":\"hr\",\"url\":\"http:\/\/knjiznice.nsk.hr\/ivanec\/wp-content\/uploads\/sites\/27\/2021\/04\/qrcode_library.foi_.hr_-300x300.png\",\"contentUrl\":\"http:\/\/knjiznice.nsk.hr\/ivanec\/wp-content\/uploads\/sites\/27\/2021\/04\/qrcode_library.foi_.hr_-300x300.png\"},{\"@type\":\"WebPage\",\"@id\":\"http:\/\/knjiznice.nsk.hr\/ivanec\/usluge\/#webpage\",\"url\":\"http:\/\/knjiznice.nsk.hr\/ivanec\/usluge\/\",\"name\":\"Usluge - Gradska knji\\u017enica i \\u010ditaonica &quot;Gustav Krklec&quot; Ivanec\",\"isPartOf\":{\"@id\":\"https:\/\/knjiznice.nsk.hr\/ivanec\/#website\"},\"primaryImageOfPage\":{\"@id\":\"http:\/\/knjiznice.nsk.hr\/ivanec\/usluge\/#primaryimage\"},\"datePublished\":\"2016-01-20T12:28:02+00:00\",\"dateModified\":\"2026-03-18T10:30:11+00:00\",\"breadcrumb\":{\"@id\":\"http:\/\/knjiznice.nsk.hr\/ivanec\/usluge\/#breadcrumb\"},\"inLanguage\":\"hr\",\"potentialAction\":[{\"@type\":\"ReadAction\",\"target\":[\"http:\/\/knjiznice.nsk.hr\/ivanec\/usluge\/\"]}]},{\"@type\":\"BreadcrumbList\",\"@id\":\"http:\/\/knjiznice.nsk.hr\/ivanec\/usluge\/#breadcrumb\",\"itemListElement\":[{\"@type\":\"ListItem\",\"position\":1,\"item\":{\"@type\":\"WebPage\",\"@id\":\"https:\/\/knjiznice.nsk.hr\/ivanec\/\",\"url\":\"https:\/\/knjiznice.nsk.hr\/ivanec\/\",\"name\":\"Po\\u010detna stranica\"}},{\"@type\":\"ListItem\",\"position\":2,\"item\":{\"@id\":\"http:\/\/knjiznice.nsk.hr\/ivanec\/usluge\/#webpage\"}}]}]}<\/script>\n<!-- \/ Yoast SEO plugin. -->","_links":{"self":[{"href":"https:\/\/knjiznice.nsk.hr\/ivanec\/wp-json\/wp\/v2\/pages\/218"}],"collection":[{"href":"https:\/\/knjiznice.nsk.hr\/ivanec\/wp-json\/wp\/v2\/pages"}],"about":[{"href":"https:\/\/knjiznice.nsk.hr\/ivanec\/wp-json\/wp\/v2\/types\/page"}],"author":[{"embeddable":true,"href":"https:\/\/knjiznice.nsk.hr\/ivanec\/wp-json\/wp\/v2\/users\/23"}],"replies":[{"embeddable":true,"href":"https:\/\/knjiznice.nsk.hr\/ivanec\/wp-json\/wp\/v2\/comments?post=218"}],"version-history":[{"count":19,"href":"https:\/\/knjiznice.nsk.hr\/ivanec\/wp-json\/wp\/v2\/pages\/218\/revisions"}],"predecessor-version":[{"id":2552,"href":"https:\/\/knjiznice.nsk.hr\/ivanec\/wp-json\/wp\/v2\/pages\/218\/revisions\/2552"}],"wp:attachment":[{"href":"https:\/\/knjiznice.nsk.hr\/ivanec\/wp-json\/wp\/v2\/media?parent=218"}],"curies":[{"name":"wp","href":"https:\/\/api.w.org\/{rel}","templated":true}]}}