{"id":1415,"date":"2022-05-24T12:25:25","date_gmt":"2022-05-24T12:25:25","guid":{"rendered":"http:\/\/knjiznice.nsk.hr\/ivanec\/?page_id=1415"},"modified":"2026-02-02T17:04:54","modified_gmt":"2026-02-02T17:04:54","slug":"virtualne-izlozbe","status":"publish","type":"page","link":"https:\/\/knjiznice.nsk.hr\/ivanec\/virtualne-izlozbe\/","title":{"rendered":"VIRTUALNE IZLO\u017dBE"},"content":{"rendered":"<p><em><strong>Posjetite virtualni muzej i do\u017eivite putovanje iz udobnosti svog doma!<\/strong><\/em><\/p>\n<p><a href=\"https:\/\/www.youtube.com\/watch?app=desktop&amp;feature=youtu.be&amp;v=_XYD6PzSEHQ&amp;ab_channel=Dragadoma%C4%8Darie%C4%8D\"><strong>VIRTUALNA IZLO\u017dBA &#8220;40 GODINA DRAGE DOMA\u010cE RIE\u010cI&#8221;<\/strong><\/a><\/p>\n<p><strong><a href=\"http:\/\/bit.ly\/40IzAsc\">VIRTUALNI MUZEJ &#8220;ZNAMENITI IVAN\u010cANI&#8221;<\/a><\/strong><\/p>\n<p><strong><a href=\"https:\/\/www.artsteps.com\/view\/679dc7deb04fe70bca4b758f\">VIRTUALNA IZLO\u017dBA &#8220;COSTA RICA&#8221; BY DOMAGOJ SEVER&nbsp;<\/a><\/strong><\/p>\n<p><strong><a href=\"https:\/\/www.artsteps.com\/view\/68b592016d73ae0caec513d6\">VIRTUALNA IZLO\u017dBA &#8220;PRVI HRVATSKI KRALJ&#8221;<\/a><\/strong><\/p>\n<p><a href=\"https:\/\/metasteps.com\/viewer\/68f6d46e-cb13-4800-920e-d314221f87b7\"><strong>VIRTUALNA IZLO\u017dBA &#8220;NOVI HORIZONTI&#8221; BY \u017dELJKA JAGETI\u0106<\/strong><\/a><\/p>\n","protected":false},"excerpt":{"rendered":"<p>Posjetite virtualni muzej i do\u017eivite putovanje iz udobnosti svog doma! VIRTUALNA IZLO\u017dBA &#8220;40 GODINA DRAGE DOMA\u010cE RIE\u010cI&#8221; VIRTUALNI MUZEJ &#8220;ZNAMENITI IVAN\u010cANI&#8221; VIRTUALNA IZLO\u017dBA &#8220;COSTA RICA&#8221; BY DOMAGOJ SEVER&nbsp; VIRTUALNA IZLO\u017dBA &#8220;PRVI HRVATSKI KRALJ&#8221; VIRTUALNA IZLO\u017dBA &#8220;NOVI HORIZONTI&#8221; BY \u017dELJKA JAGETI\u0106<\/p>\n","protected":false},"author":23,"featured_media":0,"parent":0,"menu_order":0,"comment_status":"closed","ping_status":"closed","template":"","meta":{"ngg_post_thumbnail":0},"yoast_head":"<!-- This site is optimized with the Yoast SEO plugin v16.4 - https:\/\/yoast.com\/wordpress\/plugins\/seo\/ -->\n<meta name=\"robots\" content=\"index, follow, max-snippet:-1, max-image-preview:large, max-video-preview:-1\" \/>\n<link rel=\"canonical\" href=\"http:\/\/knjiznice.nsk.hr\/ivanec\/virtualne-izlozbe\/\" \/>\n<meta property=\"og:locale\" content=\"hr_HR\" \/>\n<meta property=\"og:type\" content=\"article\" \/>\n<meta property=\"og:title\" content=\"VIRTUALNE IZLO\u017dBE - Gradska knji\u017enica i \u010ditaonica &quot;Gustav Krklec&quot; Ivanec\" \/>\n<meta property=\"og:description\" content=\"Posjetite virtualni muzej i do\u017eivite putovanje iz udobnosti svog doma! VIRTUALNA IZLO\u017dBA &#8220;40 GODINA DRAGE DOMA\u010cE RIE\u010cI&#8221; VIRTUALNI MUZEJ &#8220;ZNAMENITI IVAN\u010cANI&#8221; VIRTUALNA IZLO\u017dBA &#8220;COSTA RICA&#8221; BY DOMAGOJ SEVER&nbsp; VIRTUALNA IZLO\u017dBA &#8220;PRVI HRVATSKI KRALJ&#8221; VIRTUALNA IZLO\u017dBA &#8220;NOVI HORIZONTI&#8221; BY \u017dELJKA JAGETI\u0106\" \/>\n<meta property=\"og:url\" content=\"http:\/\/knjiznice.nsk.hr\/ivanec\/virtualne-izlozbe\/\" \/>\n<meta property=\"og:site_name\" content=\"Gradska knji\u017enica i \u010ditaonica &quot;Gustav Krklec&quot; Ivanec\" \/>\n<meta property=\"article:modified_time\" content=\"2026-02-02T17:04:54+00:00\" \/>\n<meta name=\"twitter:label1\" content=\"Procijenjeno vrijeme \u010ditanja\" \/>\n\t<meta name=\"twitter:data1\" content=\"1 minuta\" \/>\n<script type=\"application\/ld+json\" class=\"yoast-schema-graph\">{\"@context\":\"https:\/\/schema.org\",\"@graph\":[{\"@type\":\"WebSite\",\"@id\":\"https:\/\/knjiznice.nsk.hr\/ivanec\/#website\",\"url\":\"https:\/\/knjiznice.nsk.hr\/ivanec\/\",\"name\":\"Gradska knji\\u017enica i \\u010ditaonica &quot;Gustav Krklec&quot; Ivanec\",\"description\":\"Djeca koja \\u010ditaju postaju ljudi koji misle.\",\"potentialAction\":[{\"@type\":\"SearchAction\",\"target\":\"https:\/\/knjiznice.nsk.hr\/ivanec\/?s={search_term_string}\",\"query-input\":\"required name=search_term_string\"}],\"inLanguage\":\"hr\"},{\"@type\":\"WebPage\",\"@id\":\"http:\/\/knjiznice.nsk.hr\/ivanec\/virtualne-izlozbe\/#webpage\",\"url\":\"http:\/\/knjiznice.nsk.hr\/ivanec\/virtualne-izlozbe\/\",\"name\":\"VIRTUALNE IZLO\\u017dBE - Gradska knji\\u017enica i \\u010ditaonica &quot;Gustav Krklec&quot; Ivanec\",\"isPartOf\":{\"@id\":\"https:\/\/knjiznice.nsk.hr\/ivanec\/#website\"},\"datePublished\":\"2022-05-24T12:25:25+00:00\",\"dateModified\":\"2026-02-02T17:04:54+00:00\",\"breadcrumb\":{\"@id\":\"http:\/\/knjiznice.nsk.hr\/ivanec\/virtualne-izlozbe\/#breadcrumb\"},\"inLanguage\":\"hr\",\"potentialAction\":[{\"@type\":\"ReadAction\",\"target\":[\"http:\/\/knjiznice.nsk.hr\/ivanec\/virtualne-izlozbe\/\"]}]},{\"@type\":\"BreadcrumbList\",\"@id\":\"http:\/\/knjiznice.nsk.hr\/ivanec\/virtualne-izlozbe\/#breadcrumb\",\"itemListElement\":[{\"@type\":\"ListItem\",\"position\":1,\"item\":{\"@type\":\"WebPage\",\"@id\":\"https:\/\/knjiznice.nsk.hr\/ivanec\/\",\"url\":\"https:\/\/knjiznice.nsk.hr\/ivanec\/\",\"name\":\"Po\\u010detna stranica\"}},{\"@type\":\"ListItem\",\"position\":2,\"item\":{\"@id\":\"http:\/\/knjiznice.nsk.hr\/ivanec\/virtualne-izlozbe\/#webpage\"}}]}]}<\/script>\n<!-- \/ Yoast SEO plugin. -->","_links":{"self":[{"href":"https:\/\/knjiznice.nsk.hr\/ivanec\/wp-json\/wp\/v2\/pages\/1415"}],"collection":[{"href":"https:\/\/knjiznice.nsk.hr\/ivanec\/wp-json\/wp\/v2\/pages"}],"about":[{"href":"https:\/\/knjiznice.nsk.hr\/ivanec\/wp-json\/wp\/v2\/types\/page"}],"author":[{"embeddable":true,"href":"https:\/\/knjiznice.nsk.hr\/ivanec\/wp-json\/wp\/v2\/users\/23"}],"replies":[{"embeddable":true,"href":"https:\/\/knjiznice.nsk.hr\/ivanec\/wp-json\/wp\/v2\/comments?post=1415"}],"version-history":[{"count":10,"href":"https:\/\/knjiznice.nsk.hr\/ivanec\/wp-json\/wp\/v2\/pages\/1415\/revisions"}],"predecessor-version":[{"id":2499,"href":"https:\/\/knjiznice.nsk.hr\/ivanec\/wp-json\/wp\/v2\/pages\/1415\/revisions\/2499"}],"wp:attachment":[{"href":"https:\/\/knjiznice.nsk.hr\/ivanec\/wp-json\/wp\/v2\/media?parent=1415"}],"curies":[{"name":"wp","href":"https:\/\/api.w.org\/{rel}","templated":true}]}}