{"id":43,"date":"2015-04-17T08:28:36","date_gmt":"2015-04-17T08:28:36","guid":{"rendered":"http:\/\/knjiznice.nsk.hr\/gracac\/?page_id=43"},"modified":"2015-12-08T14:37:19","modified_gmt":"2015-12-08T14:37:19","slug":"mjesec-hrvatske-knjige-2014-godine","status":"publish","type":"page","link":"https:\/\/knjiznice.nsk.hr\/gracac\/mjesec-hrvatske-knjige-2014-godine\/","title":{"rendered":"Mjesec hrvatske knjige 2015. godine"},"content":{"rendered":"<p>KNJI\u017dNICA\u00a0 I\u00a0 \u010cITAONICA\u00a0 GRA\u010cAC<\/p>\n<p>MJESEC\u00a0 HRVATSKE\u00a0 KNIGE\u00a0 2015.\u00a0 GODINE\u00a0 (Fotografije)<\/p>\n<p>15.10. -15.11.2015.GOD.<\/p>\n<p>&nbsp;<\/p>\n<p>&nbsp;<\/p>\n<p>PROGRAM :<\/p>\n<p>&nbsp;<\/p>\n<ol>\n<li>U\u010destvovanje u Nacionalnom kvizu za poticanje \u010ditanja : \u201e Putovanja do znanja \u201e<\/li>\n<\/ol>\n<p>(15.10.- 20.10.) , O\u0160 Nikola Tesla Gra\u010dac<\/p>\n<ol start=\"2\">\n<li>Knji\u017eevni susret sa\u00a0 Silvija \u0160esto za osnovno\u0161kolce<\/li>\n<\/ol>\n<p>( 13.11. 2015 , 12 \u2013 15 h), O\u0160 Nikola Tesla Gra\u010dac<\/p>\n<ol start=\"3\">\n<li>Knji\u017eevni susret s \u00a0Bojanom Meand\u017eija<\/li>\n<\/ol>\n<p>20.10.2015. , O\u0160 Nikola Tesla Gra\u010dac<\/p>\n<ol start=\"4\">\n<li>Izlo\u017eba fotografija Anite Nadj na temu \u201e Bibliocikliranje \u201e<\/li>\n<\/ol>\n<p>26.10. \u2013 15.11. , Knji\u017enica i \u010ditaonica Gra\u010dac<\/p>\n<ol start=\"5\">\n<li>Knji\u017eevni\u00a0 susret s Nives Maduni\u0107 Bari\u0161i\u0107<\/li>\n<\/ol>\n<p>( za 5 \u2013 6 razrede O\u0160 Nikola Tesla Gra\u010dac ) 29. 10. 2015. , 10 \u2013 11 h.<\/p>\n<ol start=\"6\">\n<li>\u00a0Predstavljanje knjige\u00a0 \u201e Na\u0161a Troja \u201e \u2013 Vedran Sino\u017ei\u0107<\/li>\n<\/ol>\n<p>3.11.2015. , 12 h \u2013 Knji\u017enica i \u010ditaonica Gra\u010dac<\/p>\n<ol start=\"7\">\n<li>Upoznajmo Knji\u017enicu \u2013 grupni posjet djece pred\u0161kolskog uzrasta iz dje\u010djeg<\/li>\n<\/ol>\n<p>Vrti\u0107a \u201e Baltazar \u201e Gra\u010dac 19.10.2015.god.<\/p>\n<p>Radionica na temu : \u201e Svjetlost i tehnologija zasnovana na svjetlu \u201e<\/p>\n<ol start=\"8\">\n<li>Knjige se vra\u0107aju ku\u0107i \u2013 vra\u0107anje knjiga bez naplate zakasnine<\/li>\n<\/ol>\n<p>( 15. 10. \u2013 15.11. ) \u2013 Knji\u017enica i \u010ditaonica Gra\u010dac<\/p>\n<p>9.\u00a0\u00a0Knji\u017eevni susret s Rajnom Mar\u0161ani\u0107 Jovanovi\u0107<\/p>\n<p>28.10.2015., O\u0160 Nikole Tesle Gra\u010dac<\/p>\n<p>10. Besplatan upis za novi \u010dlanove Knji\u017enice i \u010ditaonice Gra\u010dac<\/p>\n<p>(29.10.2015., od 12 &#8211; 17 h)<\/p>\n<p>11. &#8220;Upali lampicu i \u010ditaj&#8221; &#8211; Knji\u017enica i \u010ditaonica Gra\u010dac &#8220;Baltazar&#8221;<\/p>\n<p>23.10.2015. god.<\/p>\n<p>&nbsp;<\/p>\n<p>&nbsp;<\/p>\n<p><a href=\"http:\/\/knjiznice.nsk.hr\/gracac\/wp-content\/uploads\/sites\/20\/2015\/04\/IMG_2159.jpg\"><img loading=\"lazy\" class=\"alignnone size-medium wp-image-150\" src=\"http:\/\/knjiznice.nsk.hr\/gracac\/wp-content\/uploads\/sites\/20\/2015\/04\/IMG_2159-225x300.jpg\" alt=\"IMG_2159\" width=\"225\" height=\"300\" srcset=\"https:\/\/knjiznice.nsk.hr\/gracac\/wp-content\/uploads\/sites\/20\/2015\/04\/IMG_2159-225x300.jpg 225w, https:\/\/knjiznice.nsk.hr\/gracac\/wp-content\/uploads\/sites\/20\/2015\/04\/IMG_2159.jpg 480w\" sizes=\"(max-width: 225px) 100vw, 225px\" \/><\/a> <a href=\"http:\/\/knjiznice.nsk.hr\/gracac\/wp-content\/uploads\/sites\/20\/2015\/04\/IMG_2160.jpg\"><img loading=\"lazy\" class=\"alignnone size-medium wp-image-151\" src=\"http:\/\/knjiznice.nsk.hr\/gracac\/wp-content\/uploads\/sites\/20\/2015\/04\/IMG_2160-300x225.jpg\" alt=\"IMG_2160\" width=\"300\" height=\"225\" srcset=\"https:\/\/knjiznice.nsk.hr\/gracac\/wp-content\/uploads\/sites\/20\/2015\/04\/IMG_2160-300x225.jpg 300w, https:\/\/knjiznice.nsk.hr\/gracac\/wp-content\/uploads\/sites\/20\/2015\/04\/IMG_2160-600x450.jpg 600w, https:\/\/knjiznice.nsk.hr\/gracac\/wp-content\/uploads\/sites\/20\/2015\/04\/IMG_2160.jpg 640w\" sizes=\"(max-width: 300px) 100vw, 300px\" \/><\/a> <a href=\"http:\/\/knjiznice.nsk.hr\/gracac\/wp-content\/uploads\/sites\/20\/2015\/04\/IMG_2138.jpg\"><img loading=\"lazy\" class=\"alignnone size-medium wp-image-149\" src=\"http:\/\/knjiznice.nsk.hr\/gracac\/wp-content\/uploads\/sites\/20\/2015\/04\/IMG_2138-300x225.jpg\" alt=\"IMG_2138\" width=\"300\" height=\"225\" srcset=\"https:\/\/knjiznice.nsk.hr\/gracac\/wp-content\/uploads\/sites\/20\/2015\/04\/IMG_2138-300x225.jpg 300w, https:\/\/knjiznice.nsk.hr\/gracac\/wp-content\/uploads\/sites\/20\/2015\/04\/IMG_2138-600x450.jpg 600w, https:\/\/knjiznice.nsk.hr\/gracac\/wp-content\/uploads\/sites\/20\/2015\/04\/IMG_2138.jpg 640w\" sizes=\"(max-width: 300px) 100vw, 300px\" \/><\/a> <a href=\"http:\/\/knjiznice.nsk.hr\/gracac\/wp-content\/uploads\/sites\/20\/2015\/04\/IMG_2133.jpg\"><img loading=\"lazy\" class=\"alignnone size-medium wp-image-148\" src=\"http:\/\/knjiznice.nsk.hr\/gracac\/wp-content\/uploads\/sites\/20\/2015\/04\/IMG_2133-300x225.jpg\" alt=\"IMG_2133\" width=\"300\" height=\"225\" srcset=\"https:\/\/knjiznice.nsk.hr\/gracac\/wp-content\/uploads\/sites\/20\/2015\/04\/IMG_2133-300x225.jpg 300w, https:\/\/knjiznice.nsk.hr\/gracac\/wp-content\/uploads\/sites\/20\/2015\/04\/IMG_2133-600x450.jpg 600w, https:\/\/knjiznice.nsk.hr\/gracac\/wp-content\/uploads\/sites\/20\/2015\/04\/IMG_2133.jpg 640w\" sizes=\"(max-width: 300px) 100vw, 300px\" \/><\/a> <a href=\"http:\/\/knjiznice.nsk.hr\/gracac\/wp-content\/uploads\/sites\/20\/2015\/04\/IMG_21121.jpg\"><img loading=\"lazy\" class=\"alignnone size-medium wp-image-147\" src=\"http:\/\/knjiznice.nsk.hr\/gracac\/wp-content\/uploads\/sites\/20\/2015\/04\/IMG_21121-300x300.jpg\" alt=\"IMG_2112\" width=\"300\" height=\"300\" srcset=\"https:\/\/knjiznice.nsk.hr\/gracac\/wp-content\/uploads\/sites\/20\/2015\/04\/IMG_21121-300x300.jpg 300w, https:\/\/knjiznice.nsk.hr\/gracac\/wp-content\/uploads\/sites\/20\/2015\/04\/IMG_21121-150x150.jpg 150w, https:\/\/knjiznice.nsk.hr\/gracac\/wp-content\/uploads\/sites\/20\/2015\/04\/IMG_21121.jpg 480w\" sizes=\"(max-width: 300px) 100vw, 300px\" \/><\/a> <a href=\"http:\/\/knjiznice.nsk.hr\/gracac\/wp-content\/uploads\/sites\/20\/2015\/04\/IMG_2074.jpg\"><img loading=\"lazy\" class=\"alignnone size-medium wp-image-142\" src=\"http:\/\/knjiznice.nsk.hr\/gracac\/wp-content\/uploads\/sites\/20\/2015\/04\/IMG_2074-300x225.jpg\" alt=\"IMG_2074\" width=\"300\" height=\"225\" srcset=\"https:\/\/knjiznice.nsk.hr\/gracac\/wp-content\/uploads\/sites\/20\/2015\/04\/IMG_2074-300x225.jpg 300w, https:\/\/knjiznice.nsk.hr\/gracac\/wp-content\/uploads\/sites\/20\/2015\/04\/IMG_2074-600x450.jpg 600w, https:\/\/knjiznice.nsk.hr\/gracac\/wp-content\/uploads\/sites\/20\/2015\/04\/IMG_2074.jpg 640w\" sizes=\"(max-width: 300px) 100vw, 300px\" \/><\/a> <a href=\"http:\/\/knjiznice.nsk.hr\/gracac\/wp-content\/uploads\/sites\/20\/2015\/04\/IMG_20791.jpg\"><img loading=\"lazy\" class=\"alignnone size-medium wp-image-143\" src=\"http:\/\/knjiznice.nsk.hr\/gracac\/wp-content\/uploads\/sites\/20\/2015\/04\/IMG_20791-300x300.jpg\" alt=\"IMG_2079\" width=\"300\" height=\"300\" srcset=\"https:\/\/knjiznice.nsk.hr\/gracac\/wp-content\/uploads\/sites\/20\/2015\/04\/IMG_20791-300x300.jpg 300w, https:\/\/knjiznice.nsk.hr\/gracac\/wp-content\/uploads\/sites\/20\/2015\/04\/IMG_20791-150x150.jpg 150w, https:\/\/knjiznice.nsk.hr\/gracac\/wp-content\/uploads\/sites\/20\/2015\/04\/IMG_20791.jpg 480w\" sizes=\"(max-width: 300px) 100vw, 300px\" \/><\/a> <a href=\"http:\/\/knjiznice.nsk.hr\/gracac\/wp-content\/uploads\/sites\/20\/2015\/04\/IMG_20831.jpg\"><img loading=\"lazy\" class=\"alignnone size-medium wp-image-144\" src=\"http:\/\/knjiznice.nsk.hr\/gracac\/wp-content\/uploads\/sites\/20\/2015\/04\/IMG_20831-300x300.jpg\" alt=\"IMG_2083\" width=\"300\" height=\"300\" srcset=\"https:\/\/knjiznice.nsk.hr\/gracac\/wp-content\/uploads\/sites\/20\/2015\/04\/IMG_20831-300x300.jpg 300w, https:\/\/knjiznice.nsk.hr\/gracac\/wp-content\/uploads\/sites\/20\/2015\/04\/IMG_20831-150x150.jpg 150w, https:\/\/knjiznice.nsk.hr\/gracac\/wp-content\/uploads\/sites\/20\/2015\/04\/IMG_20831.jpg 480w\" sizes=\"(max-width: 300px) 100vw, 300px\" \/><\/a> <a href=\"http:\/\/knjiznice.nsk.hr\/gracac\/wp-content\/uploads\/sites\/20\/2015\/04\/IMG_2102.jpg\"><img loading=\"lazy\" class=\"alignnone size-medium wp-image-145\" src=\"http:\/\/knjiznice.nsk.hr\/gracac\/wp-content\/uploads\/sites\/20\/2015\/04\/IMG_2102-300x300.jpg\" alt=\"IMG_2102\" width=\"300\" height=\"300\" srcset=\"https:\/\/knjiznice.nsk.hr\/gracac\/wp-content\/uploads\/sites\/20\/2015\/04\/IMG_2102-300x300.jpg 300w, https:\/\/knjiznice.nsk.hr\/gracac\/wp-content\/uploads\/sites\/20\/2015\/04\/IMG_2102-150x150.jpg 150w, https:\/\/knjiznice.nsk.hr\/gracac\/wp-content\/uploads\/sites\/20\/2015\/04\/IMG_2102.jpg 480w\" sizes=\"(max-width: 300px) 100vw, 300px\" \/><\/a> <a href=\"http:\/\/knjiznice.nsk.hr\/gracac\/wp-content\/uploads\/sites\/20\/2015\/04\/IMG_21091.jpg\"><img loading=\"lazy\" class=\"alignnone size-medium wp-image-146\" src=\"http:\/\/knjiznice.nsk.hr\/gracac\/wp-content\/uploads\/sites\/20\/2015\/04\/IMG_21091-300x300.jpg\" alt=\"IMG_2109\" width=\"300\" height=\"300\" srcset=\"https:\/\/knjiznice.nsk.hr\/gracac\/wp-content\/uploads\/sites\/20\/2015\/04\/IMG_21091-300x300.jpg 300w, https:\/\/knjiznice.nsk.hr\/gracac\/wp-content\/uploads\/sites\/20\/2015\/04\/IMG_21091-150x150.jpg 150w, https:\/\/knjiznice.nsk.hr\/gracac\/wp-content\/uploads\/sites\/20\/2015\/04\/IMG_21091.jpg 480w\" sizes=\"(max-width: 300px) 100vw, 300px\" \/><\/a> <a href=\"http:\/\/knjiznice.nsk.hr\/gracac\/wp-content\/uploads\/sites\/20\/2015\/04\/IMG_2071.jpg\"><img loading=\"lazy\" class=\"alignnone size-medium wp-image-141\" src=\"http:\/\/knjiznice.nsk.hr\/gracac\/wp-content\/uploads\/sites\/20\/2015\/04\/IMG_2071-300x225.jpg\" alt=\"IMG_2071\" width=\"300\" height=\"225\" srcset=\"https:\/\/knjiznice.nsk.hr\/gracac\/wp-content\/uploads\/sites\/20\/2015\/04\/IMG_2071-300x225.jpg 300w, https:\/\/knjiznice.nsk.hr\/gracac\/wp-content\/uploads\/sites\/20\/2015\/04\/IMG_2071-600x450.jpg 600w, https:\/\/knjiznice.nsk.hr\/gracac\/wp-content\/uploads\/sites\/20\/2015\/04\/IMG_2071.jpg 640w\" sizes=\"(max-width: 300px) 100vw, 300px\" \/><\/a> <a href=\"http:\/\/knjiznice.nsk.hr\/gracac\/wp-content\/uploads\/sites\/20\/2015\/04\/IMG_20611.jpg\"><img loading=\"lazy\" class=\"alignnone size-medium wp-image-139\" src=\"http:\/\/knjiznice.nsk.hr\/gracac\/wp-content\/uploads\/sites\/20\/2015\/04\/IMG_20611-225x300.jpg\" alt=\"IMG_2061\" width=\"225\" height=\"300\" srcset=\"https:\/\/knjiznice.nsk.hr\/gracac\/wp-content\/uploads\/sites\/20\/2015\/04\/IMG_20611-225x300.jpg 225w, https:\/\/knjiznice.nsk.hr\/gracac\/wp-content\/uploads\/sites\/20\/2015\/04\/IMG_20611.jpg 480w\" sizes=\"(max-width: 225px) 100vw, 225px\" \/><\/a><\/p>\n<p>&nbsp;<\/p>\n<p>&nbsp;<\/p>\n<p>&nbsp;<\/p>\n<p>&nbsp;<\/p>\n<p>&nbsp;<\/p>\n<p>&nbsp;<\/p>\n<p>&nbsp;<\/p>\n<p>&nbsp;<\/p>\n<p>&nbsp;<\/p>\n","protected":false},"excerpt":{"rendered":"<p>KNJI\u017dNICA\u00a0 I\u00a0 \u010cITAONICA\u00a0 GRA\u010cAC MJESEC\u00a0 HRVATSKE\u00a0 KNIGE\u00a0 2015.\u00a0 GODINE\u00a0 (Fotografije) 15.10. -15.11.2015.GOD. &nbsp; &nbsp; PROGRAM : &nbsp; U\u010destvovanje u Nacionalnom kvizu za poticanje \u010ditanja : \u201e Putovanja do znanja \u201e (15.10.- 20.10.) , O\u0160 Nikola Tesla Gra\u010dac Knji\u017eevni susret sa\u00a0 Silvija \u0160esto za osnovno\u0161kolce ( 13.11. 2015 , 12 \u2013 15 h), O\u0160 Nikola Tesla [&hellip;]<\/p>\n","protected":false},"author":16,"featured_media":0,"parent":0,"menu_order":0,"comment_status":"closed","ping_status":"closed","template":"","meta":{"ngg_post_thumbnail":0},"yoast_head":"<!-- This site is optimized with the Yoast SEO plugin v16.4 - https:\/\/yoast.com\/wordpress\/plugins\/seo\/ -->\n<meta name=\"robots\" content=\"index, follow, max-snippet:-1, max-image-preview:large, max-video-preview:-1\" \/>\n<link rel=\"canonical\" href=\"https:\/\/knjiznice.nsk.hr\/gracac\/mjesec-hrvatske-knjige-2014-godine\/\" \/>\n<meta property=\"og:locale\" content=\"hr_HR\" \/>\n<meta property=\"og:type\" content=\"article\" \/>\n<meta property=\"og:title\" content=\"Mjesec hrvatske knjige 2015. godine - Knji\u017enica i \u010ditaonica Gra\u010dac\" \/>\n<meta property=\"og:description\" content=\"KNJI\u017dNICA\u00a0 I\u00a0 \u010cITAONICA\u00a0 GRA\u010cAC MJESEC\u00a0 HRVATSKE\u00a0 KNIGE\u00a0 2015.\u00a0 GODINE\u00a0 (Fotografije) 15.10. -15.11.2015.GOD. &nbsp; &nbsp; PROGRAM : &nbsp; U\u010destvovanje u Nacionalnom kvizu za poticanje \u010ditanja : \u201e Putovanja do znanja \u201e (15.10.- 20.10.) , O\u0160 Nikola Tesla Gra\u010dac Knji\u017eevni susret sa\u00a0 Silvija \u0160esto za osnovno\u0161kolce ( 13.11. 2015 , 12 \u2013 15 h), O\u0160 Nikola Tesla [&hellip;]\" \/>\n<meta property=\"og:url\" content=\"https:\/\/knjiznice.nsk.hr\/gracac\/mjesec-hrvatske-knjige-2014-godine\/\" \/>\n<meta property=\"og:site_name\" content=\"Knji\u017enica i \u010ditaonica Gra\u010dac\" \/>\n<meta property=\"article:modified_time\" content=\"2015-12-08T14:37:19+00:00\" \/>\n<meta property=\"og:image\" content=\"http:\/\/knjiznice.nsk.hr\/gracac\/wp-content\/uploads\/sites\/20\/2015\/04\/IMG_2159-225x300.jpg\" \/>\n<meta name=\"twitter:label1\" content=\"Procijenjeno vrijeme \u010ditanja\" \/>\n\t<meta name=\"twitter:data1\" content=\"1 minuta\" \/>\n<script type=\"application\/ld+json\" class=\"yoast-schema-graph\">{\"@context\":\"https:\/\/schema.org\",\"@graph\":[{\"@type\":\"WebSite\",\"@id\":\"https:\/\/knjiznice.nsk.hr\/gracac\/#website\",\"url\":\"https:\/\/knjiznice.nsk.hr\/gracac\/\",\"name\":\"Knji\\u017enica i \\u010ditaonica Gra\\u010dac\",\"description\":\"\",\"potentialAction\":[{\"@type\":\"SearchAction\",\"target\":\"https:\/\/knjiznice.nsk.hr\/gracac\/?s={search_term_string}\",\"query-input\":\"required name=search_term_string\"}],\"inLanguage\":\"hr\"},{\"@type\":\"ImageObject\",\"@id\":\"https:\/\/knjiznice.nsk.hr\/gracac\/mjesec-hrvatske-knjige-2014-godine\/#primaryimage\",\"inLanguage\":\"hr\",\"url\":\"http:\/\/knjiznice.nsk.hr\/gracac\/wp-content\/uploads\/sites\/20\/2015\/04\/IMG_2159-225x300.jpg\",\"contentUrl\":\"http:\/\/knjiznice.nsk.hr\/gracac\/wp-content\/uploads\/sites\/20\/2015\/04\/IMG_2159-225x300.jpg\"},{\"@type\":\"WebPage\",\"@id\":\"https:\/\/knjiznice.nsk.hr\/gracac\/mjesec-hrvatske-knjige-2014-godine\/#webpage\",\"url\":\"https:\/\/knjiznice.nsk.hr\/gracac\/mjesec-hrvatske-knjige-2014-godine\/\",\"name\":\"Mjesec hrvatske knjige 2015. godine - Knji\\u017enica i \\u010ditaonica Gra\\u010dac\",\"isPartOf\":{\"@id\":\"https:\/\/knjiznice.nsk.hr\/gracac\/#website\"},\"primaryImageOfPage\":{\"@id\":\"https:\/\/knjiznice.nsk.hr\/gracac\/mjesec-hrvatske-knjige-2014-godine\/#primaryimage\"},\"datePublished\":\"2015-04-17T08:28:36+00:00\",\"dateModified\":\"2015-12-08T14:37:19+00:00\",\"breadcrumb\":{\"@id\":\"https:\/\/knjiznice.nsk.hr\/gracac\/mjesec-hrvatske-knjige-2014-godine\/#breadcrumb\"},\"inLanguage\":\"hr\",\"potentialAction\":[{\"@type\":\"ReadAction\",\"target\":[\"https:\/\/knjiznice.nsk.hr\/gracac\/mjesec-hrvatske-knjige-2014-godine\/\"]}]},{\"@type\":\"BreadcrumbList\",\"@id\":\"https:\/\/knjiznice.nsk.hr\/gracac\/mjesec-hrvatske-knjige-2014-godine\/#breadcrumb\",\"itemListElement\":[{\"@type\":\"ListItem\",\"position\":1,\"item\":{\"@type\":\"WebPage\",\"@id\":\"https:\/\/knjiznice.nsk.hr\/gracac\/\",\"url\":\"https:\/\/knjiznice.nsk.hr\/gracac\/\",\"name\":\"Po\\u010detna stranica\"}},{\"@type\":\"ListItem\",\"position\":2,\"item\":{\"@id\":\"https:\/\/knjiznice.nsk.hr\/gracac\/mjesec-hrvatske-knjige-2014-godine\/#webpage\"}}]}]}<\/script>\n<!-- \/ Yoast SEO plugin. -->","_links":{"self":[{"href":"https:\/\/knjiznice.nsk.hr\/gracac\/wp-json\/wp\/v2\/pages\/43"}],"collection":[{"href":"https:\/\/knjiznice.nsk.hr\/gracac\/wp-json\/wp\/v2\/pages"}],"about":[{"href":"https:\/\/knjiznice.nsk.hr\/gracac\/wp-json\/wp\/v2\/types\/page"}],"author":[{"embeddable":true,"href":"https:\/\/knjiznice.nsk.hr\/gracac\/wp-json\/wp\/v2\/users\/16"}],"replies":[{"embeddable":true,"href":"https:\/\/knjiznice.nsk.hr\/gracac\/wp-json\/wp\/v2\/comments?post=43"}],"version-history":[{"count":7,"href":"https:\/\/knjiznice.nsk.hr\/gracac\/wp-json\/wp\/v2\/pages\/43\/revisions"}],"predecessor-version":[{"id":152,"href":"https:\/\/knjiznice.nsk.hr\/gracac\/wp-json\/wp\/v2\/pages\/43\/revisions\/152"}],"wp:attachment":[{"href":"https:\/\/knjiznice.nsk.hr\/gracac\/wp-json\/wp\/v2\/media?parent=43"}],"curies":[{"name":"wp","href":"https:\/\/api.w.org\/{rel}","templated":true}]}}