{"id":35,"date":"2015-04-17T08:00:50","date_gmt":"2015-04-17T08:00:50","guid":{"rendered":"http:\/\/knjiznice.nsk.hr\/gracac\/?page_id=35"},"modified":"2015-04-17T08:41:29","modified_gmt":"2015-04-17T08:41:29","slug":"suradnja","status":"publish","type":"page","link":"https:\/\/knjiznice.nsk.hr\/gracac\/suradnja\/","title":{"rendered":"Suradnja"},"content":{"rendered":"<p><strong>SURADNJA KNJI\u017dNICE I \u010cITAONICE GRA\u010cAC S UDRUGAMA KOJE DJELUJU NA PODRU\u010cJU <\/strong><strong>GRA\u010cACA:<\/strong><\/p>\n<p><strong>UDRUGA LEGALINA<\/strong><\/p>\n<p>Kratki opis djelovanja:<\/p>\n<p>Udruga B.a.b.e. zapo\u010dela je s provedbom projekta \u201eDjelujemo lokalno, ali jasno, kompetentno i glasno\u201c u partnerstvu s lokalnim udrugama Legalina, Gra\u010dac i Mladi u EU, \u0160ibenik. B.a.b.e. \u0107e provoditi aktivnosti u \u0160ibensko \u2013 kninskoj i Zadarskoj \u017eupaniji.<br \/>\nCilj projekta je podizanje razine znanja i vje\u0161tina lokalnih organizacija civilnog dru\u0161tva u javnom zagovaranju i utjecaju na politike kako bi se uspostavili odr\u017eivi i kvalitetni procesi dono\u0161enja odluka kojima se omogu\u0107uje lak\u0161e zapo\u0161ljavanje i socijalno uklju\u010divanje najugro\u017eenijih skupina na tr\u017ei\u0161tu rada \u2013 nezaposlenim mladim osobama, \u017eenama i osobama s invaliditetom.<br \/>\nUz niz edukativnih radionica, sredi\u0161nja aktivnost je organiziranje medijske kampanje i Sajma kreativnih ideja na kojem \u0107e biti predstavljeni uspje\u0161ni i inovativni poduzetni\u010dki poduhvati kreativnih gra\u0111ana i gra\u0111anki iz \u010ditave Hrvatske.<\/p>\n<p>Vrijeme odr\u017eavanja: 25. travnja 2014. god. u 13 h.<br \/>\nMjesto odr\u017eavanja: Knji\u017enica i \u010ditaonica Gra\u010dac<\/p>\n<p>&nbsp;<\/p>\n<p><strong>OBILJE\u017dAVANJE ZNA\u010cAJNIH GODI\u0160NJICA:<\/strong><\/p>\n<p>Knji\u017enica i \u010ditaonica Gra\u010dac aktivno se uklju\u010duje u sve manifestacije koje su posebno vezane za zna\u010dajna imena i doga\u0111aje na podru\u010dju na\u0161e \u017dupanije.<\/p>\n<p><strong>&#8211; Predavanje i izlo\u017eba posve\u0107ena Marijanu Matijevi\u0107u<\/strong><\/p>\n<p><strong>Uvod\/sa\u017eetak<\/strong>: Pro\u0161lo je 64 godine od kako je umro \u201e Herkul sa zlatnim srcem\u201c, Marijan Matijevi\u0107, \u010dovjek uro\u0111ene tjelesne snage i dobrote.<br \/>\nRo\u0111en je 1878.godine u Dubokom dolu pokraj Gra\u010daca u Lici. \u017divio je u selu Grab, a o\u017eeniv\u0161i se Irenom Kohn, preselio se u \u017dupanju gdje je i umro 1951. godine.<br \/>\nKako se ove godine spominjemo 130. godi\u0161njice njegova ro\u0111enja, Knji\u017enica i \u010ditaonica Gra\u010dac predstavlja Marijanovu biografiju i njegovu neobi\u010dnu \u017eivotnu pri\u010du.<\/p>\n<p><strong>&#8211; Obilje\u017eavanje godi\u0161njica vezanih za Li\u010dkog genija Nikolu Teslu<\/strong><\/p>\n<p><strong>&#8211; Obilje\u017eavanje Dana Op\u0107ine Gra\u010dac<\/strong><\/p>\n<p>&nbsp;<\/p>\n<p>&nbsp;<\/p>\n<p>&nbsp;<\/p>\n","protected":false},"excerpt":{"rendered":"<p>SURADNJA KNJI\u017dNICE I \u010cITAONICE GRA\u010cAC S UDRUGAMA KOJE DJELUJU NA PODRU\u010cJU GRA\u010cACA: UDRUGA LEGALINA Kratki opis djelovanja: Udruga B.a.b.e. zapo\u010dela je s provedbom projekta \u201eDjelujemo lokalno, ali jasno, kompetentno i glasno\u201c u partnerstvu s lokalnim udrugama Legalina, Gra\u010dac i Mladi u EU, \u0160ibenik. B.a.b.e. \u0107e provoditi aktivnosti u \u0160ibensko \u2013 kninskoj i Zadarskoj \u017eupaniji. Cilj [&hellip;]<\/p>\n","protected":false},"author":16,"featured_media":0,"parent":0,"menu_order":0,"comment_status":"closed","ping_status":"closed","template":"","meta":{"ngg_post_thumbnail":0},"yoast_head":"<!-- This site is optimized with the Yoast SEO plugin v16.4 - https:\/\/yoast.com\/wordpress\/plugins\/seo\/ -->\n<meta name=\"robots\" content=\"index, follow, max-snippet:-1, max-image-preview:large, max-video-preview:-1\" \/>\n<link rel=\"canonical\" href=\"https:\/\/knjiznice.nsk.hr\/gracac\/suradnja\/\" \/>\n<meta property=\"og:locale\" content=\"hr_HR\" \/>\n<meta property=\"og:type\" content=\"article\" \/>\n<meta property=\"og:title\" content=\"Suradnja - Knji\u017enica i \u010ditaonica Gra\u010dac\" \/>\n<meta property=\"og:description\" content=\"SURADNJA KNJI\u017dNICE I \u010cITAONICE GRA\u010cAC S UDRUGAMA KOJE DJELUJU NA PODRU\u010cJU GRA\u010cACA: UDRUGA LEGALINA Kratki opis djelovanja: Udruga B.a.b.e. zapo\u010dela je s provedbom projekta \u201eDjelujemo lokalno, ali jasno, kompetentno i glasno\u201c u partnerstvu s lokalnim udrugama Legalina, Gra\u010dac i Mladi u EU, \u0160ibenik. B.a.b.e. \u0107e provoditi aktivnosti u \u0160ibensko \u2013 kninskoj i Zadarskoj \u017eupaniji. Cilj [&hellip;]\" \/>\n<meta property=\"og:url\" content=\"https:\/\/knjiznice.nsk.hr\/gracac\/suradnja\/\" \/>\n<meta property=\"og:site_name\" content=\"Knji\u017enica i \u010ditaonica Gra\u010dac\" \/>\n<meta property=\"article:modified_time\" content=\"2015-04-17T08:41:29+00:00\" \/>\n<meta name=\"twitter:label1\" content=\"Procijenjeno vrijeme \u010ditanja\" \/>\n\t<meta name=\"twitter:data1\" content=\"2 minute\" \/>\n<script type=\"application\/ld+json\" class=\"yoast-schema-graph\">{\"@context\":\"https:\/\/schema.org\",\"@graph\":[{\"@type\":\"WebSite\",\"@id\":\"http:\/\/knjiznice.nsk.hr\/gracac\/#website\",\"url\":\"http:\/\/knjiznice.nsk.hr\/gracac\/\",\"name\":\"Knji\\u017enica i \\u010ditaonica Gra\\u010dac\",\"description\":\"\",\"potentialAction\":[{\"@type\":\"SearchAction\",\"target\":\"http:\/\/knjiznice.nsk.hr\/gracac\/?s={search_term_string}\",\"query-input\":\"required name=search_term_string\"}],\"inLanguage\":\"hr\"},{\"@type\":\"WebPage\",\"@id\":\"https:\/\/knjiznice.nsk.hr\/gracac\/suradnja\/#webpage\",\"url\":\"https:\/\/knjiznice.nsk.hr\/gracac\/suradnja\/\",\"name\":\"Suradnja - Knji\\u017enica i \\u010ditaonica Gra\\u010dac\",\"isPartOf\":{\"@id\":\"http:\/\/knjiznice.nsk.hr\/gracac\/#website\"},\"datePublished\":\"2015-04-17T08:00:50+00:00\",\"dateModified\":\"2015-04-17T08:41:29+00:00\",\"breadcrumb\":{\"@id\":\"https:\/\/knjiznice.nsk.hr\/gracac\/suradnja\/#breadcrumb\"},\"inLanguage\":\"hr\",\"potentialAction\":[{\"@type\":\"ReadAction\",\"target\":[\"https:\/\/knjiznice.nsk.hr\/gracac\/suradnja\/\"]}]},{\"@type\":\"BreadcrumbList\",\"@id\":\"https:\/\/knjiznice.nsk.hr\/gracac\/suradnja\/#breadcrumb\",\"itemListElement\":[{\"@type\":\"ListItem\",\"position\":1,\"item\":{\"@type\":\"WebPage\",\"@id\":\"http:\/\/knjiznice.nsk.hr\/gracac\/\",\"url\":\"http:\/\/knjiznice.nsk.hr\/gracac\/\",\"name\":\"Po\\u010detna stranica\"}},{\"@type\":\"ListItem\",\"position\":2,\"item\":{\"@id\":\"https:\/\/knjiznice.nsk.hr\/gracac\/suradnja\/#webpage\"}}]}]}<\/script>\n<!-- \/ Yoast SEO plugin. -->","_links":{"self":[{"href":"https:\/\/knjiznice.nsk.hr\/gracac\/wp-json\/wp\/v2\/pages\/35"}],"collection":[{"href":"https:\/\/knjiznice.nsk.hr\/gracac\/wp-json\/wp\/v2\/pages"}],"about":[{"href":"https:\/\/knjiznice.nsk.hr\/gracac\/wp-json\/wp\/v2\/types\/page"}],"author":[{"embeddable":true,"href":"https:\/\/knjiznice.nsk.hr\/gracac\/wp-json\/wp\/v2\/users\/16"}],"replies":[{"embeddable":true,"href":"https:\/\/knjiznice.nsk.hr\/gracac\/wp-json\/wp\/v2\/comments?post=35"}],"version-history":[{"count":7,"href":"https:\/\/knjiznice.nsk.hr\/gracac\/wp-json\/wp\/v2\/pages\/35\/revisions"}],"predecessor-version":[{"id":42,"href":"https:\/\/knjiznice.nsk.hr\/gracac\/wp-json\/wp\/v2\/pages\/35\/revisions\/42"}],"wp:attachment":[{"href":"https:\/\/knjiznice.nsk.hr\/gracac\/wp-json\/wp\/v2\/media?parent=35"}],"curies":[{"name":"wp","href":"https:\/\/api.w.org\/{rel}","templated":true}]}}