{"id":126,"date":"2019-02-10T10:47:09","date_gmt":"2019-02-10T09:47:09","guid":{"rendered":"http:\/\/knjiznice.nsk.hr\/erdody\/?page_id=126"},"modified":"2022-01-25T10:04:39","modified_gmt":"2022-01-25T09:04:39","slug":"sluzbeni-dokumenti","status":"publish","type":"page","link":"https:\/\/knjiznice.nsk.hr\/erdody\/sluzbeni-dokumenti\/","title":{"rendered":"Slu\u017ebeni dokumenti"},"content":{"rendered":"<p><a href=\"http:\/\/knjiznice.nsk.hr\/erdody\/wp-content\/uploads\/sites\/94\/2022\/01\/Plan-i-program-rada-Opcinske-knjiznice-S.R.-Erdody-za-2022.-godinu.pdf\">Plan i program rada Op\u0107inske knji\u017enice S.R. Erdody za 2022. godinu<\/a><\/p>\n<p><a href=\"http:\/\/knjiznice.nsk.hr\/erdody\/wp-content\/uploads\/sites\/94\/2021\/01\/Plan-i-program-rada-Opcinske-knjiznice-S.R.-Erdody-za-2021.docx\">Plan i program rada Op\u0107inske knji\u017enice S.R. Erd\u00f6dy za 2021<\/a>.<\/p>\n<p><a href=\"http:\/\/knjiznice.nsk.hr\/erdody\/wp-content\/uploads\/sites\/94\/2020\/07\/Plan-i-program-rada-Op\u0107inske-knji\u017enice-S.R.-Erd\u00f6dy-za-2020.docx\">Plan i program rada Op\u0107inske knji\u017enice S.R. Erd\u00f6dy za 2020.<\/a><\/p>\n<p><a href=\"http:\/\/knjiznice.nsk.hr\/erdody\/wp-content\/uploads\/sites\/94\/2019\/02\/Plan-i-program-rada-Opc\u0301inske-knjiz\u030cnice-S.R.Erdo\u0308dy-za-2019.doc\">Plan i program rada Op\u0107inske knji\u017enice S.R.Erdo\u0308dy za 2019.<\/a><\/p>\n<p>&nbsp;<\/p>\n<p><a href=\"http:\/\/knjiznice.nsk.hr\/erdody\/wp-content\/uploads\/sites\/94\/2019\/02\/Plan-nabave-Opc\u0301inske-knjiz\u030cnice-Sidonije-Rubido-Erdo\u0308dy-za-2019.-g..doc\">Plan nabave Op\u0107inske knji\u017enice Sidonije Rubido Erdo\u0308dy za 2019.<\/a><\/p>\n<p><a href=\"http:\/\/knjiznice.nsk.hr\/erdody\/wp-content\/uploads\/sites\/94\/2021\/04\/Plan-nabave-Opcinske-knjiznice-Sidonije-Rubido-Erdody-za-2020.godinu.docx\">Plan nabave Op\u0107inske knji\u017enice Sidonije Rubido Erd\u00f6dy za 2020.godinu<\/a><\/p>\n<p><a href=\"http:\/\/knjiznice.nsk.hr\/erdody\/wp-content\/uploads\/sites\/94\/2021\/01\/Plan-nabave-Opcinske-knjiznice-Sidonije-Rubido-Erdody-za-2021..docx\">Plan nabave Op\u0107inske knji\u017enice Sidonije Rubido Erd\u00f6dy za 2021.<\/a><\/p>\n<p><a href=\"http:\/\/knjiznice.nsk.hr\/erdody\/wp-content\/uploads\/sites\/94\/2022\/01\/Plan-nabave-Opcinske-knjiznice-Sidonije-Rubido-Erdody-za-2022.-godinu.pdf\">Plan nabave Op\u0107inske knji\u017enice Sidonije Rubido Erdody za 2022. godinu<\/a><\/p>\n<p>&nbsp;<\/p>\n<p><a href=\"http:\/\/knjiznice.nsk.hr\/erdody\/wp-content\/uploads\/sites\/94\/2022\/01\/Godisnje_izvjesce-o-Provedbi-Zakona-o-pravu-na-pristup-informacijama-za-2021.pdf\">Godisnje_izvje\u0161\u0107e o Provedbi Zakona o pravu na pristup informacijama za 2021<\/a><\/p>\n<p><a href=\"http:\/\/knjiznice.nsk.hr\/erdody\/wp-content\/uploads\/sites\/94\/2021\/01\/Godisnje_izvjesce-o-provedbi-Zakona-o-pravu-na-pristup-informacijama-za-2020.godinu.pdf\">Godisnje_izvjesce o provedbi Zakona o pravu na pristup informacijama za 2020.<\/a><\/p>\n<p><a href=\"http:\/\/knjiznice.nsk.hr\/erdody\/wp-content\/uploads\/sites\/94\/2020\/07\/Godisnje_izvjesce-o-provedbi-zakona-o-pravu-na-pristup-informacijama-za-2019.godinu-.pdf\">Godisnje_izvje\u0161\u0107e o provedbi Zakona o pravu na pristup informacijama za 2019<\/a><\/p>\n<p><a href=\"http:\/\/knjiznice.nsk.hr\/erdody\/wp-content\/uploads\/sites\/94\/2019\/02\/Godisnje_izvjesce-o-provedbi-Zakona-o-pravu-na-pristup-informacijama-za-2018.-2.pdf\">Godi\u0161nje izvje\u0161\u0107e o provedbi Zakona o pravu na pristup informacijama za 2018.<\/a><\/p>\n<p><a href=\"http:\/\/knjiznice.nsk.hr\/erdody\/wp-content\/uploads\/sites\/94\/2020\/07\/Godisnje_izvje\u0161\u0107e-o-provedbi-Zakona-o-pravu-na-pristup-informacijama-za-2017.godinu.pdf\">Godi\u0161nje_izvje\u0161\u0107e o provedbi Zakona o pravu na pristup informacijama za 2017.<\/a><\/p>\n<p>&nbsp;<\/p>\n<p><a href=\"http:\/\/knjiznice.nsk.hr\/erdody\/wp-content\/uploads\/sites\/94\/2022\/01\/Godisnje-izvjesce-o-poslovanju-knjiznice-za-razdoblje-od-1.1.2021.-do-31.12.2021..pdf\">Godi\u0161nje izvje\u0161\u0107e o poslovanju knji\u017enice za razdoblje od 1.1.2021. do 31.12.2021.<\/a><\/p>\n<p><a href=\"http:\/\/knjiznice.nsk.hr\/erdody\/wp-content\/uploads\/sites\/94\/2021\/02\/Godisnje-izvjesce-o-radu-knjiznice-za-2020.-godinu.docx\">Godi\u0161nje izvje\u0161\u0107e o radu knji\u017enice za 2020. godinu<\/a><\/p>\n<p><a href=\"http:\/\/knjiznice.nsk.hr\/erdody\/wp-content\/uploads\/sites\/94\/2019\/02\/Godis\u030cnje-izvjes\u030cc\u0301e-rada-Opc\u0301inske-knjiz\u030cnice-Sidonije-Rubido-Erdo\u0308dy-za-2018.-converted.pdf\">Godi\u0161nje izvje\u0161\u0107e rada Op\u0107inske knji\u017enice Sidonije Rubido Erdo\u0308dy za 2018.<\/a><\/p>\n<p>&nbsp;<\/p>\n<p><a href=\"http:\/\/knjiznice.nsk.hr\/erdody\/wp-content\/uploads\/sites\/94\/2022\/01\/FINANCIJSKI-PLAN-OPCINSKE-KNJIZNICE-SIDONIJE-RUBIDO-ERDODY-ZA-2022.pdf\">FINANCIJSKI PLAN OP\u0106INSKE KNJI\u017dNICE SIDONIJE RUBIDO ERDODY ZA 2022<\/a><\/p>\n<p><a href=\"http:\/\/knjiznice.nsk.hr\/erdody\/wp-content\/uploads\/sites\/94\/2021\/01\/FINANCIJSKI-PLAN-OPCINSKE-KNJIZNICE-SIDONIJE-RUBIDO-ERDODY-ZA-2020.doc\">FINANCIJSKI PLAN OP\u0106INSKE KNJI\u017dNICE SIDONIJE RUBIDO ERDODY ZA 2020<\/a><\/p>\n<p><a href=\"http:\/\/knjiznice.nsk.hr\/erdody\/wp-content\/uploads\/sites\/94\/2021\/01\/FINANCIJSKI-PLAN-OPCINSKE-KNJIZNICE-SIDONIJE-RUBIDO-ERDODY-ZA-2021.docx\">FINANCIJSKI PLAN OP\u0106INSKE KNJI\u017dNICE SIDONIJE RUBIDO ERDODY ZA 2021<\/a>.<\/p>\n","protected":false},"excerpt":{"rendered":"<p>Plan i program rada Op\u0107inske knji\u017enice S.R. Erdody za 2022. godinu Plan i program rada Op\u0107inske knji\u017enice S.R. Erd\u00f6dy za 2021. Plan i program rada Op\u0107inske knji\u017enice S.R. Erd\u00f6dy za 2020. Plan i program rada Op\u0107inske knji\u017enice S.R.Erdo\u0308dy za 2019. &nbsp; Plan nabave Op\u0107inske knji\u017enice Sidonije Rubido Erdo\u0308dy za 2019. Plan nabave Op\u0107inske knji\u017enice Sidonije [&hellip;]<\/p>\n","protected":false},"author":174,"featured_media":0,"parent":0,"menu_order":0,"comment_status":"closed","ping_status":"closed","template":"","meta":{"ngg_post_thumbnail":0},"yoast_head":"<!-- This site is optimized with the Yoast SEO plugin v16.4 - https:\/\/yoast.com\/wordpress\/plugins\/seo\/ -->\n<meta name=\"robots\" content=\"index, follow, max-snippet:-1, max-image-preview:large, max-video-preview:-1\" \/>\n<link rel=\"canonical\" href=\"http:\/\/knjiznice.nsk.hr\/erdody\/sluzbeni-dokumenti\/\" \/>\n<meta property=\"og:locale\" content=\"hr_HR\" \/>\n<meta property=\"og:type\" content=\"article\" \/>\n<meta property=\"og:title\" content=\"Slu\u017ebeni dokumenti - Op\u0107inska knji\u017enica Sidonije Rubido Erd\u04e7dy Gornja Rijeka\" \/>\n<meta property=\"og:description\" content=\"Plan i program rada Op\u0107inske knji\u017enice S.R. Erdody za 2022. godinu Plan i program rada Op\u0107inske knji\u017enice S.R. Erd\u00f6dy za 2021. Plan i program rada Op\u0107inske knji\u017enice S.R. Erd\u00f6dy za 2020. Plan i program rada Op\u0107inske knji\u017enice S.R.Erdo\u0308dy za 2019. &nbsp; Plan nabave Op\u0107inske knji\u017enice Sidonije Rubido Erdo\u0308dy za 2019. Plan nabave Op\u0107inske knji\u017enice Sidonije [&hellip;]\" \/>\n<meta property=\"og:url\" content=\"http:\/\/knjiznice.nsk.hr\/erdody\/sluzbeni-dokumenti\/\" \/>\n<meta property=\"og:site_name\" content=\"Op\u0107inska knji\u017enica Sidonije Rubido Erd\u04e7dy Gornja Rijeka\" \/>\n<meta property=\"article:modified_time\" content=\"2022-01-25T09:04:39+00:00\" \/>\n<meta name=\"twitter:card\" content=\"summary_large_image\" \/>\n<meta name=\"twitter:label1\" content=\"Procijenjeno vrijeme \u010ditanja\" \/>\n\t<meta name=\"twitter:data1\" content=\"1 minuta\" \/>\n<script type=\"application\/ld+json\" class=\"yoast-schema-graph\">{\"@context\":\"https:\/\/schema.org\",\"@graph\":[{\"@type\":\"Organization\",\"@id\":\"http:\/\/knjiznice.nsk.hr\/erdody\/#organization\",\"name\":\"Op\\u0107inska knji\\u017enica S. R. Erdody\",\"url\":\"http:\/\/knjiznice.nsk.hr\/erdody\/\",\"sameAs\":[],\"logo\":{\"@type\":\"ImageObject\",\"@id\":\"http:\/\/knjiznice.nsk.hr\/erdody\/#logo\",\"inLanguage\":\"hr\",\"url\":\"http:\/\/knjiznice.nsk.hr\/erdody\/wp-content\/uploads\/sites\/94\/2018\/11\/logo.png\",\"contentUrl\":\"http:\/\/knjiznice.nsk.hr\/erdody\/wp-content\/uploads\/sites\/94\/2018\/11\/logo.png\",\"width\":70,\"height\":65,\"caption\":\"Op\\u0107inska knji\\u017enica S. R. Erdody\"},\"image\":{\"@id\":\"http:\/\/knjiznice.nsk.hr\/erdody\/#logo\"}},{\"@type\":\"WebSite\",\"@id\":\"http:\/\/knjiznice.nsk.hr\/erdody\/#website\",\"url\":\"http:\/\/knjiznice.nsk.hr\/erdody\/\",\"name\":\"Op\\u0107inska knji\\u017enica Sidonije Rubido Erd\\u04e7dy Gornja Rijeka\",\"description\":\"\",\"publisher\":{\"@id\":\"http:\/\/knjiznice.nsk.hr\/erdody\/#organization\"},\"potentialAction\":[{\"@type\":\"SearchAction\",\"target\":\"http:\/\/knjiznice.nsk.hr\/erdody\/?s={search_term_string}\",\"query-input\":\"required name=search_term_string\"}],\"inLanguage\":\"hr\"},{\"@type\":\"WebPage\",\"@id\":\"http:\/\/knjiznice.nsk.hr\/erdody\/sluzbeni-dokumenti\/#webpage\",\"url\":\"http:\/\/knjiznice.nsk.hr\/erdody\/sluzbeni-dokumenti\/\",\"name\":\"Slu\\u017ebeni dokumenti - Op\\u0107inska knji\\u017enica Sidonije Rubido Erd\\u04e7dy Gornja Rijeka\",\"isPartOf\":{\"@id\":\"http:\/\/knjiznice.nsk.hr\/erdody\/#website\"},\"datePublished\":\"2019-02-10T09:47:09+00:00\",\"dateModified\":\"2022-01-25T09:04:39+00:00\",\"breadcrumb\":{\"@id\":\"http:\/\/knjiznice.nsk.hr\/erdody\/sluzbeni-dokumenti\/#breadcrumb\"},\"inLanguage\":\"hr\",\"potentialAction\":[{\"@type\":\"ReadAction\",\"target\":[\"http:\/\/knjiznice.nsk.hr\/erdody\/sluzbeni-dokumenti\/\"]}]},{\"@type\":\"BreadcrumbList\",\"@id\":\"http:\/\/knjiznice.nsk.hr\/erdody\/sluzbeni-dokumenti\/#breadcrumb\",\"itemListElement\":[{\"@type\":\"ListItem\",\"position\":1,\"item\":{\"@type\":\"WebPage\",\"@id\":\"http:\/\/knjiznice.nsk.hr\/erdody\/\",\"url\":\"http:\/\/knjiznice.nsk.hr\/erdody\/\",\"name\":\"Po\\u010detna stranica\"}},{\"@type\":\"ListItem\",\"position\":2,\"item\":{\"@id\":\"http:\/\/knjiznice.nsk.hr\/erdody\/sluzbeni-dokumenti\/#webpage\"}}]}]}<\/script>\n<!-- \/ Yoast SEO plugin. -->","_links":{"self":[{"href":"https:\/\/knjiznice.nsk.hr\/erdody\/wp-json\/wp\/v2\/pages\/126"}],"collection":[{"href":"https:\/\/knjiznice.nsk.hr\/erdody\/wp-json\/wp\/v2\/pages"}],"about":[{"href":"https:\/\/knjiznice.nsk.hr\/erdody\/wp-json\/wp\/v2\/types\/page"}],"author":[{"embeddable":true,"href":"https:\/\/knjiznice.nsk.hr\/erdody\/wp-json\/wp\/v2\/users\/174"}],"replies":[{"embeddable":true,"href":"https:\/\/knjiznice.nsk.hr\/erdody\/wp-json\/wp\/v2\/comments?post=126"}],"version-history":[{"count":22,"href":"https:\/\/knjiznice.nsk.hr\/erdody\/wp-json\/wp\/v2\/pages\/126\/revisions"}],"predecessor-version":[{"id":390,"href":"https:\/\/knjiznice.nsk.hr\/erdody\/wp-json\/wp\/v2\/pages\/126\/revisions\/390"}],"wp:attachment":[{"href":"https:\/\/knjiznice.nsk.hr\/erdody\/wp-json\/wp\/v2\/media?parent=126"}],"curies":[{"name":"wp","href":"https:\/\/api.w.org\/{rel}","templated":true}]}}