{"id":56,"date":"2019-01-14T17:58:53","date_gmt":"2019-01-14T16:58:53","guid":{"rendered":"http:\/\/knjiznice.nsk.hr\/vis\/?page_id=56"},"modified":"2019-01-14T18:06:28","modified_gmt":"2019-01-14T17:06:28","slug":"o-nama","status":"publish","type":"page","link":"http:\/\/knjiznice.nsk.hr\/vis\/o-nama\/","title":{"rendered":"O nama"},"content":{"rendered":"<div id=\"o_knjiznici\">\n<p><img loading=\"lazy\" class=\"alignnone size-medium wp-image-59\" src=\"http:\/\/knjiznice.nsk.hr\/vis\/wp-content\/uploads\/sites\/93\/2019\/01\/Dje\u010dji-odjel-300x225.jpg\" alt=\"\" width=\"300\" height=\"225\" srcset=\"http:\/\/knjiznice.nsk.hr\/vis\/wp-content\/uploads\/sites\/93\/2019\/01\/Dje\u010dji-odjel-300x225.jpg 300w, http:\/\/knjiznice.nsk.hr\/vis\/wp-content\/uploads\/sites\/93\/2019\/01\/Dje\u010dji-odjel-768x576.jpg 768w, http:\/\/knjiznice.nsk.hr\/vis\/wp-content\/uploads\/sites\/93\/2019\/01\/Dje\u010dji-odjel-1024x768.jpg 1024w, http:\/\/knjiznice.nsk.hr\/vis\/wp-content\/uploads\/sites\/93\/2019\/01\/Dje\u010dji-odjel-600x450.jpg 600w, http:\/\/knjiznice.nsk.hr\/vis\/wp-content\/uploads\/sites\/93\/2019\/01\/Dje\u010dji-odjel.jpg 1632w\" sizes=\"(max-width: 300px) 100vw, 300px\" \/><\/p>\n<p>Gradska knji\u017enica i \u010ditaonica Vis otvorena je 1999. godine, uz potporu Ministarstva kulture i Ministarstva obrane, a na poticaj ogranka Matice Hrvatske u gradu Visu.<\/p>\n<\/div>\n<div id=\"vise_o_knjiznici\">\n<p>Gradska knji\u017enica i \u010ditaonica Vis osnovana je 1999. g. odlukom Grada Visa. Ba\u0161tini tradiciju \u010ditaonice Vi\u0161ki skup osnovane, zaslugom narodnjaka, daleke 1870. g. Kontinuitet djelatnosti odr\u017eava se sve do Drugog svjetskog rata.<\/p>\n<p>Nakon rata, 1953. g. osnovana je Narodna biblioteka i \u010ditaonica, \u010diji se rad gasi po\u010detkom sedamdesetih godina pro\u0161loga stolje\u0107a. Bogat knji\u017eni fond koji je skupljan godinama, preseljen je dijelom u \u0161kolsku knji\u017enicu, dijelom na druga mjesta.<\/p>\n<p>Dvadesetak godina kasnije, to\u010dnije 1996. g. pokre\u0107e sa akcija ponovnog osnivanja javne gradske knji\u017enice u Visu koja je uz pomo\u0107 Ministarstva kulture Republike Hrvatske uspje\u0161no realizirana te je Knji\u017enica sve\u010dano otvorena 1999. g.<\/p>\n<p>Danas Knji\u017enica broji 18.000 knjiga i 2.000 DVD-a, a broj \u010dlanova iz godine u godinu raste.<\/p>\n<p>Knji\u017enica ima ve\u0107i broj \u010dlanova tijekom ljeta kad je koriste brojni doma\u0107i i strani gosti koji ljetuju u Visu. Knji\u017enica omogu\u0107uje korisnicima pristup internetu, a organizira i kulturno-umjetni\u010dke programe, promocije, likovne i druge izlo\u017ebe i stru\u010dna predavanja.<\/p>\n<\/div>\n","protected":false},"excerpt":{"rendered":"<p>Gradska knji\u017enica i \u010ditaonica Vis otvorena je 1999. godine, uz potporu Ministarstva kulture i Ministarstva obrane, a na poticaj ogranka Matice Hrvatske u gradu Visu. Gradska knji\u017enica i \u010ditaonica Vis osnovana je 1999. g. odlukom Grada Visa. Ba\u0161tini tradiciju \u010ditaonice Vi\u0161ki skup osnovane, zaslugom narodnjaka, daleke 1870. g. Kontinuitet djelatnosti odr\u017eava se sve do Drugog [&hellip;]<\/p>\n","protected":false},"author":162,"featured_media":0,"parent":0,"menu_order":0,"comment_status":"closed","ping_status":"closed","template":"","meta":{"ngg_post_thumbnail":0},"yoast_head":"<!-- This site is optimized with the Yoast SEO plugin v16.4 - https:\/\/yoast.com\/wordpress\/plugins\/seo\/ -->\n<meta name=\"robots\" content=\"index, follow, max-snippet:-1, max-image-preview:large, max-video-preview:-1\" \/>\n<link rel=\"canonical\" href=\"http:\/\/knjiznice.nsk.hr\/vis\/o-nama\/\" \/>\n<meta property=\"og:locale\" content=\"hr_HR\" \/>\n<meta property=\"og:type\" content=\"article\" \/>\n<meta property=\"og:title\" content=\"O nama - Gradska knji\u017enica i \u010ditaonica Vis\" \/>\n<meta property=\"og:description\" content=\"Gradska knji\u017enica i \u010ditaonica Vis otvorena je 1999. godine, uz potporu Ministarstva kulture i Ministarstva obrane, a na poticaj ogranka Matice Hrvatske u gradu Visu. Gradska knji\u017enica i \u010ditaonica Vis osnovana je 1999. g. odlukom Grada Visa. Ba\u0161tini tradiciju \u010ditaonice Vi\u0161ki skup osnovane, zaslugom narodnjaka, daleke 1870. g. Kontinuitet djelatnosti odr\u017eava se sve do Drugog [&hellip;]\" \/>\n<meta property=\"og:url\" content=\"http:\/\/knjiznice.nsk.hr\/vis\/o-nama\/\" \/>\n<meta property=\"og:site_name\" content=\"Gradska knji\u017enica i \u010ditaonica Vis\" \/>\n<meta property=\"article:publisher\" content=\"https:\/\/www.facebook.com\/knjiznicavis\" \/>\n<meta property=\"article:modified_time\" content=\"2019-01-14T17:06:28+00:00\" \/>\n<meta property=\"og:image\" content=\"http:\/\/knjiznice.nsk.hr\/vis\/wp-content\/uploads\/sites\/93\/2019\/01\/Dje\u010dji-odjel-300x225.jpg\" \/>\n<meta name=\"twitter:card\" content=\"summary_large_image\" \/>\n<meta name=\"twitter:label1\" content=\"Procijenjeno vrijeme \u010ditanja\" \/>\n\t<meta name=\"twitter:data1\" content=\"1 minuta\" \/>\n<script type=\"application\/ld+json\" class=\"yoast-schema-graph\">{\"@context\":\"https:\/\/schema.org\",\"@graph\":[{\"@type\":\"WebSite\",\"@id\":\"https:\/\/knjiznice.nsk.hr\/vis\/#website\",\"url\":\"https:\/\/knjiznice.nsk.hr\/vis\/\",\"name\":\"Gradska knji\\u017enica i \\u010ditaonica Vis\",\"description\":\"Gradska knji\\u017enica Vis\",\"potentialAction\":[{\"@type\":\"SearchAction\",\"target\":\"https:\/\/knjiznice.nsk.hr\/vis\/?s={search_term_string}\",\"query-input\":\"required name=search_term_string\"}],\"inLanguage\":\"hr\"},{\"@type\":\"ImageObject\",\"@id\":\"http:\/\/knjiznice.nsk.hr\/vis\/o-nama\/#primaryimage\",\"inLanguage\":\"hr\",\"url\":\"http:\/\/knjiznice.nsk.hr\/vis\/wp-content\/uploads\/sites\/93\/2019\/01\/Dje\\u010dji-odjel.jpg\",\"contentUrl\":\"http:\/\/knjiznice.nsk.hr\/vis\/wp-content\/uploads\/sites\/93\/2019\/01\/Dje\\u010dji-odjel.jpg\",\"width\":1632,\"height\":1224},{\"@type\":\"WebPage\",\"@id\":\"http:\/\/knjiznice.nsk.hr\/vis\/o-nama\/#webpage\",\"url\":\"http:\/\/knjiznice.nsk.hr\/vis\/o-nama\/\",\"name\":\"O nama - Gradska knji\\u017enica i \\u010ditaonica Vis\",\"isPartOf\":{\"@id\":\"https:\/\/knjiznice.nsk.hr\/vis\/#website\"},\"primaryImageOfPage\":{\"@id\":\"http:\/\/knjiznice.nsk.hr\/vis\/o-nama\/#primaryimage\"},\"datePublished\":\"2019-01-14T16:58:53+00:00\",\"dateModified\":\"2019-01-14T17:06:28+00:00\",\"breadcrumb\":{\"@id\":\"http:\/\/knjiznice.nsk.hr\/vis\/o-nama\/#breadcrumb\"},\"inLanguage\":\"hr\",\"potentialAction\":[{\"@type\":\"ReadAction\",\"target\":[\"http:\/\/knjiznice.nsk.hr\/vis\/o-nama\/\"]}]},{\"@type\":\"BreadcrumbList\",\"@id\":\"http:\/\/knjiznice.nsk.hr\/vis\/o-nama\/#breadcrumb\",\"itemListElement\":[{\"@type\":\"ListItem\",\"position\":1,\"item\":{\"@type\":\"WebPage\",\"@id\":\"https:\/\/knjiznice.nsk.hr\/vis\/\",\"url\":\"https:\/\/knjiznice.nsk.hr\/vis\/\",\"name\":\"Po\\u010detna stranica\"}},{\"@type\":\"ListItem\",\"position\":2,\"item\":{\"@id\":\"http:\/\/knjiznice.nsk.hr\/vis\/o-nama\/#webpage\"}}]}]}<\/script>\n<!-- \/ Yoast SEO plugin. -->","_links":{"self":[{"href":"http:\/\/knjiznice.nsk.hr\/vis\/wp-json\/wp\/v2\/pages\/56"}],"collection":[{"href":"http:\/\/knjiznice.nsk.hr\/vis\/wp-json\/wp\/v2\/pages"}],"about":[{"href":"http:\/\/knjiznice.nsk.hr\/vis\/wp-json\/wp\/v2\/types\/page"}],"author":[{"embeddable":true,"href":"http:\/\/knjiznice.nsk.hr\/vis\/wp-json\/wp\/v2\/users\/162"}],"replies":[{"embeddable":true,"href":"http:\/\/knjiznice.nsk.hr\/vis\/wp-json\/wp\/v2\/comments?post=56"}],"version-history":[{"count":3,"href":"http:\/\/knjiznice.nsk.hr\/vis\/wp-json\/wp\/v2\/pages\/56\/revisions"}],"predecessor-version":[{"id":61,"href":"http:\/\/knjiznice.nsk.hr\/vis\/wp-json\/wp\/v2\/pages\/56\/revisions\/61"}],"wp:attachment":[{"href":"http:\/\/knjiznice.nsk.hr\/vis\/wp-json\/wp\/v2\/media?parent=56"}],"curies":[{"name":"wp","href":"https:\/\/api.w.org\/{rel}","templated":true}]}}

<div id="o_knjiznici">
<p><img loading="lazy" class="alignnone size-medium wp-image-59" src="http://knjiznice.nsk.hr/vis/wp-content/uploads/sites/93/2019/01/Dječji-odjel-300x225.jpg" alt="" width="300" height="225" srcset="http://knjiznice.nsk.hr/vis/wp-content/uploads/sites/93/2019/01/Dječji-odjel-300x225.jpg 300w, http://knjiznice.nsk.hr/vis/wp-content/uploads/sites/93/2019/01/Dječji-odjel-768x576.jpg 768w, http://knjiznice.nsk.hr/vis/wp-content/uploads/sites/93/2019/01/Dječji-odjel-1024x768.jpg 1024w, http://knjiznice.nsk.hr/vis/wp-content/uploads/sites/93/2019/01/Dječji-odjel-600x450.jpg 600w, http://knjiznice.nsk.hr/vis/wp-content/uploads/sites/93/2019/01/Dječji-odjel.jpg 1632w" sizes="(max-width: 300px) 100vw, 300px" /></p>
<p>Gradska knjižnica i čitaonica Vis otvorena je 1999. godine, uz potporu Ministarstva kulture i Ministarstva obrane, a na poticaj ogranka Matice Hrvatske u gradu Visu.</p>
</div>
<div id="vise_o_knjiznici">
<p>Gradska knjižnica i čitaonica Vis osnovana je 1999. g. odlukom Grada Visa. Baštini tradiciju čitaonice Viški skup osnovane, zaslugom narodnjaka, daleke 1870. g. Kontinuitet djelatnosti održava se sve do Drugog svjetskog rata.</p>
<p>Nakon rata, 1953. g. osnovana je Narodna biblioteka i čitaonica, čiji se rad gasi početkom sedamdesetih godina prošloga stoljeća. Bogat knjižni fond koji je skupljan godinama, preseljen je dijelom u školsku knjižnicu, dijelom na druga mjesta.</p>
<p>Dvadesetak godina kasnije, točnije 1996. g. pokreće sa akcija ponovnog osnivanja javne gradske knjižnice u Visu koja je uz pomoć Ministarstva kulture Republike Hrvatske uspješno realizirana te je Knjižnica svečano otvorena 1999. g.</p>
<p>Danas Knjižnica broji 18.000 knjiga i 2.000 DVD-a, a broj članova iz godine u godinu raste.</p>
<p>Knjižnica ima veći broj članova tijekom ljeta kad je koriste brojni domaći i strani gosti koji ljetuju u Visu. Knjižnica omogućuje korisnicima pristup internetu, a organizira i kulturno-umjetničke programe, promocije, likovne i druge izložbe i stručna predavanja.</p>
</div>

<p>Gradska knjižnica i čitaonica Vis otvorena je 1999. godine, uz potporu Ministarstva kulture i Ministarstva obrane, a na poticaj ogranka Matice Hrvatske u gradu Visu. Gradska knjižnica i čitaonica Vis osnovana je 1999. g. odlukom Grada Visa. Baštini tradiciju čitaonice Viški skup osnovane, zaslugom narodnjaka, daleke 1870. g. Kontinuitet djelatnosti održava se sve do Drugog [&hellip;]</p>

<!-- This site is optimized with the Yoast SEO plugin v16.4 - https://yoast.com/wordpress/plugins/seo/ -->
<meta name="robots" content="index, follow, max-snippet:-1, max-image-preview:large, max-video-preview:-1" />
<link rel="canonical" href="http://knjiznice.nsk.hr/vis/o-nama/" />
<meta property="og:locale" content="hr_HR" />
<meta property="og:type" content="article" />
<meta property="og:title" content="O nama - Gradska knjižnica i čitaonica Vis" />
<meta property="og:description" content="Gradska knjižnica i čitaonica Vis otvorena je 1999. godine, uz potporu Ministarstva kulture i Ministarstva obrane, a na poticaj ogranka Matice Hrvatske u gradu Visu. Gradska knjižnica i čitaonica Vis osnovana je 1999. g. odlukom Grada Visa. Baštini tradiciju čitaonice Viški skup osnovane, zaslugom narodnjaka, daleke 1870. g. Kontinuitet djelatnosti održava se sve do Drugog [&hellip;]" />
<meta property="og:url" content="http://knjiznice.nsk.hr/vis/o-nama/" />
<meta property="og:site_name" content="Gradska knjižnica i čitaonica Vis" />
<meta property="article:publisher" content="https://www.facebook.com/knjiznicavis" />
<meta property="article:modified_time" content="2019-01-14T17:06:28+00:00" />
<meta property="og:image" content="http://knjiznice.nsk.hr/vis/wp-content/uploads/sites/93/2019/01/Dječji-odjel-300x225.jpg" />
<meta name="twitter:card" content="summary_large_image" />
<meta name="twitter:label1" content="Procijenjeno vrijeme čitanja" />
	<meta name="twitter:data1" content="1 minuta" />
<script type="application/ld+json" class="yoast-schema-graph">{"@context":"https://schema.org","@graph":[{"@type":"WebSite","@id":"https://knjiznice.nsk.hr/vis/#website","url":"https://knjiznice.nsk.hr/vis/","name":"Gradska knji\u017enica i \u010ditaonica Vis","description":"Gradska knji\u017enica Vis","potentialAction":[{"@type":"SearchAction","target":"https://knjiznice.nsk.hr/vis/?s={search_term_string}","query-input":"required name=search_term_string"}],"inLanguage":"hr"},{"@type":"ImageObject","@id":"http://knjiznice.nsk.hr/vis/o-nama/#primaryimage","inLanguage":"hr","url":"http://knjiznice.nsk.hr/vis/wp-content/uploads/sites/93/2019/01/Dje\u010dji-odjel.jpg","contentUrl":"http://knjiznice.nsk.hr/vis/wp-content/uploads/sites/93/2019/01/Dje\u010dji-odjel.jpg","width":1632,"height":1224},{"@type":"WebPage","@id":"http://knjiznice.nsk.hr/vis/o-nama/#webpage","url":"http://knjiznice.nsk.hr/vis/o-nama/","name":"O nama - Gradska knji\u017enica i \u010ditaonica Vis","isPartOf":{"@id":"https://knjiznice.nsk.hr/vis/#website"},"primaryImageOfPage":{"@id":"http://knjiznice.nsk.hr/vis/o-nama/#primaryimage"},"datePublished":"2019-01-14T16:58:53+00:00","dateModified":"2019-01-14T17:06:28+00:00","breadcrumb":{"@id":"http://knjiznice.nsk.hr/vis/o-nama/#breadcrumb"},"inLanguage":"hr","potentialAction":[{"@type":"ReadAction","target":["http://knjiznice.nsk.hr/vis/o-nama/"]}]},{"@type":"BreadcrumbList","@id":"http://knjiznice.nsk.hr/vis/o-nama/#breadcrumb","itemListElement":[{"@type":"ListItem","position":1,"item":{"@type":"WebPage","@id":"https://knjiznice.nsk.hr/vis/","url":"https://knjiznice.nsk.hr/vis/","name":"Po\u010detna stranica"}},{"@type":"ListItem","position":2,"item":{"@id":"http://knjiznice.nsk.hr/vis/o-nama/#webpage"}}]}]}</script>
<!-- / Yoast SEO plugin. -->
