{"id":986,"date":"2021-09-08T09:43:20","date_gmt":"2021-09-08T09:43:20","guid":{"rendered":"http:\/\/knjiznice.nsk.hr\/ston\/?page_id=986"},"modified":"2021-09-08T09:43:20","modified_gmt":"2021-09-08T09:43:20","slug":"misini-novi-prijatelji-tom-percival","status":"publish","type":"page","link":"http:\/\/knjiznice.nsk.hr\/ston\/misini-novi-prijatelji-tom-percival\/","title":{"rendered":"Mi\u0161ini novi prijatelji &#8211; Tom Percival"},"content":{"rendered":"<p>Mi\u0161ini novi prijatelji slikovnica je popularnog dje\u010djeg autora Toma Percivala, a dio je serijala \u201eveliki va\u017eni osje\u0107aji.\u201c Slikovnica prati djevoj\u010dicu Mi\u0161u koja ima problema sa sklapanjem prijateljstava. Iako je Mi\u0161a pametna i vrlo vje\u0161ta djevoj\u010dica koja se dobro snalazi u raznim aktivnostima kada na red do\u0111e dru\u017eenje sa drugim vr\u0161njacima ona upada u problem. Ne zna kako pristupiti drugoj dijeci, \u0161to re\u0107i ili u\u010diniti kada do\u0111e do njih. Zbog toga postaje nesigurna i  zatvara se u svoj svijet te izra\u0111uje pli\u0161ane prijatelje koji popunjavaju prazninu prijateljstava u njenom \u017eivotu.  Na kraju, njena vje\u0161tina izra\u0111ivanja pli\u0161anih prijatelja je privukla drugu djecu i tako  su njeni pli\u0161anci postali \u201emost\u201c preko kojeg je do\u0161la u dru\u0161tvo svojih vr\u0161njaka.<\/p>\n<p>U dana\u0161njem dru\u0161tvu nemali je broj djece koja se suo\u010davaju sa problemom sklapanja prijateljstava. Roditeljima i samoj djeci te\u0161ko je prona\u0107i na\u010din kako to prevladati i izbje\u0107i stanje nesigurnosti stoga je ova slikovnica izvrstan po\u010detak za ohrabrenje mali\u0161ana. S druge strane slikovnica \u0161alje poruku svoj djeci kako je potrebno da budu solidarni i prihvate one koji su povu\u010deni i srame\u017eljivi.<\/p>\n<p><a href=\"http:\/\/knjiznice.nsk.hr\/ston\/wp-content\/uploads\/sites\/12\/2021\/09\/241187819_885041615782716_7677448759008618442_n.jpg\"><img loading=\"lazy\" src=\"http:\/\/knjiznice.nsk.hr\/ston\/wp-content\/uploads\/sites\/12\/2021\/09\/241187819_885041615782716_7677448759008618442_n-225x300.jpg\" alt=\"\" width=\"225\" height=\"300\" class=\"alignnone size-medium wp-image-987\" srcset=\"http:\/\/knjiznice.nsk.hr\/ston\/wp-content\/uploads\/sites\/12\/2021\/09\/241187819_885041615782716_7677448759008618442_n-225x300.jpg 225w, http:\/\/knjiznice.nsk.hr\/ston\/wp-content\/uploads\/sites\/12\/2021\/09\/241187819_885041615782716_7677448759008618442_n-768x1024.jpg 768w, http:\/\/knjiznice.nsk.hr\/ston\/wp-content\/uploads\/sites\/12\/2021\/09\/241187819_885041615782716_7677448759008618442_n-600x800.jpg 600w, http:\/\/knjiznice.nsk.hr\/ston\/wp-content\/uploads\/sites\/12\/2021\/09\/241187819_885041615782716_7677448759008618442_n-1152x1536.jpg 1152w, http:\/\/knjiznice.nsk.hr\/ston\/wp-content\/uploads\/sites\/12\/2021\/09\/241187819_885041615782716_7677448759008618442_n.jpg 1536w\" sizes=\"(max-width: 225px) 100vw, 225px\" \/><\/a><br \/>\nLokacija: Park Komarda u Stonu<br \/>\nPoveznica na katalog: <a href=\"https:\/\/library.foi.hr\/lib\/knjiga.php?B=67&amp;H=&amp;E=&amp;V=&amp;lok=&amp;zbi=&amp;item=17294&amp;nivo=&amp;upit=mi%9Aini%20novi\">dostupnost<\/a><\/p>\n","protected":false},"excerpt":{"rendered":"<p>Mi\u0161ini novi prijatelji slikovnica je popularnog dje\u010djeg autora Toma Percivala, a dio je serijala \u201eveliki va\u017eni osje\u0107aji.\u201c Slikovnica prati djevoj\u010dicu Mi\u0161u koja ima problema sa sklapanjem prijateljstava. Iako je Mi\u0161a pametna i vrlo vje\u0161ta djevoj\u010dica koja se dobro snalazi u raznim aktivnostima kada na red do\u0111e dru\u017eenje sa drugim vr\u0161njacima ona upada u problem. Ne [&hellip;]<\/p>\n","protected":false},"author":55,"featured_media":0,"parent":0,"menu_order":0,"comment_status":"closed","ping_status":"closed","template":"","meta":{"ngg_post_thumbnail":0},"yoast_head":"<!-- This site is optimized with the Yoast SEO plugin v16.4 - https:\/\/yoast.com\/wordpress\/plugins\/seo\/ -->\n<meta name=\"robots\" content=\"index, follow, max-snippet:-1, max-image-preview:large, max-video-preview:-1\" \/>\n<link rel=\"canonical\" href=\"http:\/\/knjiznice.nsk.hr\/ston\/misini-novi-prijatelji-tom-percival\/\" \/>\n<meta property=\"og:locale\" content=\"hr_HR\" \/>\n<meta property=\"og:type\" content=\"article\" \/>\n<meta property=\"og:title\" content=\"Mi\u0161ini novi prijatelji - Tom Percival &ndash; Narodna knji\u017enica Ston\" \/>\n<meta property=\"og:description\" content=\"Mi\u0161ini novi prijatelji slikovnica je popularnog dje\u010djeg autora Toma Percivala, a dio je serijala \u201eveliki va\u017eni osje\u0107aji.\u201c Slikovnica prati djevoj\u010dicu Mi\u0161u koja ima problema sa sklapanjem prijateljstava. Iako je Mi\u0161a pametna i vrlo vje\u0161ta djevoj\u010dica koja se dobro snalazi u raznim aktivnostima kada na red do\u0111e dru\u017eenje sa drugim vr\u0161njacima ona upada u problem. Ne [&hellip;]\" \/>\n<meta property=\"og:url\" content=\"http:\/\/knjiznice.nsk.hr\/ston\/misini-novi-prijatelji-tom-percival\/\" \/>\n<meta property=\"og:site_name\" content=\"Narodna knji\u017enica Ston\" \/>\n<meta property=\"og:image\" content=\"http:\/\/knjiznice.nsk.hr\/ston\/wp-content\/uploads\/sites\/12\/2021\/09\/241187819_885041615782716_7677448759008618442_n-225x300.jpg\" \/>\n<meta name=\"twitter:label1\" content=\"Procijenjeno vrijeme \u010ditanja\" \/>\n\t<meta name=\"twitter:data1\" content=\"1 minuta\" \/>\n<script type=\"application\/ld+json\" class=\"yoast-schema-graph\">{\"@context\":\"https:\/\/schema.org\",\"@graph\":[{\"@type\":\"WebSite\",\"@id\":\"http:\/\/knjiznice.nsk.hr\/ston\/#website\",\"url\":\"http:\/\/knjiznice.nsk.hr\/ston\/\",\"name\":\"Narodna knji\\u017enica Ston\",\"description\":\"\",\"potentialAction\":[{\"@type\":\"SearchAction\",\"target\":\"http:\/\/knjiznice.nsk.hr\/ston\/?s={search_term_string}\",\"query-input\":\"required name=search_term_string\"}],\"inLanguage\":\"hr\"},{\"@type\":\"ImageObject\",\"@id\":\"http:\/\/knjiznice.nsk.hr\/ston\/misini-novi-prijatelji-tom-percival\/#primaryimage\",\"inLanguage\":\"hr\",\"url\":\"http:\/\/knjiznice.nsk.hr\/ston\/wp-content\/uploads\/sites\/12\/2021\/09\/241187819_885041615782716_7677448759008618442_n.jpg\",\"contentUrl\":\"http:\/\/knjiznice.nsk.hr\/ston\/wp-content\/uploads\/sites\/12\/2021\/09\/241187819_885041615782716_7677448759008618442_n.jpg\",\"width\":1536,\"height\":2048},{\"@type\":\"WebPage\",\"@id\":\"http:\/\/knjiznice.nsk.hr\/ston\/misini-novi-prijatelji-tom-percival\/#webpage\",\"url\":\"http:\/\/knjiznice.nsk.hr\/ston\/misini-novi-prijatelji-tom-percival\/\",\"name\":\"Mi\\u0161ini novi prijatelji - Tom Percival &ndash; Narodna knji\\u017enica Ston\",\"isPartOf\":{\"@id\":\"http:\/\/knjiznice.nsk.hr\/ston\/#website\"},\"primaryImageOfPage\":{\"@id\":\"http:\/\/knjiznice.nsk.hr\/ston\/misini-novi-prijatelji-tom-percival\/#primaryimage\"},\"datePublished\":\"2021-09-08T09:43:20+00:00\",\"dateModified\":\"2021-09-08T09:43:20+00:00\",\"breadcrumb\":{\"@id\":\"http:\/\/knjiznice.nsk.hr\/ston\/misini-novi-prijatelji-tom-percival\/#breadcrumb\"},\"inLanguage\":\"hr\",\"potentialAction\":[{\"@type\":\"ReadAction\",\"target\":[\"http:\/\/knjiznice.nsk.hr\/ston\/misini-novi-prijatelji-tom-percival\/\"]}]},{\"@type\":\"BreadcrumbList\",\"@id\":\"http:\/\/knjiznice.nsk.hr\/ston\/misini-novi-prijatelji-tom-percival\/#breadcrumb\",\"itemListElement\":[{\"@type\":\"ListItem\",\"position\":1,\"item\":{\"@type\":\"WebPage\",\"@id\":\"http:\/\/knjiznice.nsk.hr\/ston\/\",\"url\":\"http:\/\/knjiznice.nsk.hr\/ston\/\",\"name\":\"Po\\u010detna stranica\"}},{\"@type\":\"ListItem\",\"position\":2,\"item\":{\"@id\":\"http:\/\/knjiznice.nsk.hr\/ston\/misini-novi-prijatelji-tom-percival\/#webpage\"}}]}]}<\/script>\n<!-- \/ Yoast SEO plugin. -->","_links":{"self":[{"href":"http:\/\/knjiznice.nsk.hr\/ston\/wp-json\/wp\/v2\/pages\/986"}],"collection":[{"href":"http:\/\/knjiznice.nsk.hr\/ston\/wp-json\/wp\/v2\/pages"}],"about":[{"href":"http:\/\/knjiznice.nsk.hr\/ston\/wp-json\/wp\/v2\/types\/page"}],"author":[{"embeddable":true,"href":"http:\/\/knjiznice.nsk.hr\/ston\/wp-json\/wp\/v2\/users\/55"}],"replies":[{"embeddable":true,"href":"http:\/\/knjiznice.nsk.hr\/ston\/wp-json\/wp\/v2\/comments?post=986"}],"version-history":[{"count":1,"href":"http:\/\/knjiznice.nsk.hr\/ston\/wp-json\/wp\/v2\/pages\/986\/revisions"}],"predecessor-version":[{"id":988,"href":"http:\/\/knjiznice.nsk.hr\/ston\/wp-json\/wp\/v2\/pages\/986\/revisions\/988"}],"wp:attachment":[{"href":"http:\/\/knjiznice.nsk.hr\/ston\/wp-json\/wp\/v2\/media?parent=986"}],"curies":[{"name":"wp","href":"https:\/\/api.w.org\/{rel}","templated":true}]}}