{"id":894,"date":"2021-08-04T10:50:28","date_gmt":"2021-08-04T10:50:28","guid":{"rendered":"http:\/\/knjiznice.nsk.hr\/ston\/?page_id=894"},"modified":"2021-08-04T10:51:32","modified_gmt":"2021-08-04T10:51:32","slug":"vjernost-marco-missiroli","status":"publish","type":"page","link":"http:\/\/knjiznice.nsk.hr\/ston\/vjernost-marco-missiroli\/","title":{"rendered":"Vjernost &#8211; Marco Missiroli"},"content":{"rendered":"<p>Vjernost je roman Talijana Marca Missirolija koji donosi temu bra\u010dne nevjere. Radnja prati milanski bra\u010dni par, fakultetskog profesora Carla i Margheritu, agenticu za nekretnine. Roman ocrtava izvanjsku stabilnost njihova braka, ali i brojne pukotine koje se u njemu skrivaju. Otvaranje tih pukotina u radnju autor uvodi na po\u010detku romana kroz mladu studenticu  Sofiju koja pobu\u0111uje sve neostvarene \u017eelje Carla. Suprotno o\u010dekivanjima, Margherita koristi suprugovu aferu za vlastitu, za ostvarenje vlastitih skrivenih \u010de\u017enji&#8230;No sve to ipak ne zna\u010di da ljubavi izme\u0111u dvoje supru\u017enika nema. Pitanje je kojim \u0107e vrijednostima likovi ovog romana ostati vjerni. Ho\u0107e li ostati vjerni sebi ili supru\u017eniku ili je pak to istovremeno mogu\u0107e?<\/p>\n<p>U kaoti\u010dnoj atmosferi odnosa dvaju glavnih likova u koje se upli\u0107u roditelji, prijatelji i poznanici vlada jak emocionalni naboj i \u010ditatelj \u0107e ga svakako osjetiti. Intrigantnu i uzbudljivu radnju romana smje\u0161tenu na ulice slikovitog Milana prepoznala je i platforma Netflix pa je najavljeno snimanje istoimene serije.<\/p>\n<p><a href=\"http:\/\/knjiznice.nsk.hr\/ston\/wp-content\/uploads\/sites\/12\/2021\/08\/DSC_4351-scaled.jpg\"><img loading=\"lazy\" src=\"http:\/\/knjiznice.nsk.hr\/ston\/wp-content\/uploads\/sites\/12\/2021\/08\/DSC_4351-213x300.jpg\" alt=\"\" width=\"213\" height=\"300\" class=\"alignnone size-medium wp-image-895\" srcset=\"http:\/\/knjiznice.nsk.hr\/ston\/wp-content\/uploads\/sites\/12\/2021\/08\/DSC_4351-213x300.jpg 213w, http:\/\/knjiznice.nsk.hr\/ston\/wp-content\/uploads\/sites\/12\/2021\/08\/DSC_4351-726x1024.jpg 726w, http:\/\/knjiznice.nsk.hr\/ston\/wp-content\/uploads\/sites\/12\/2021\/08\/DSC_4351-768x1083.jpg 768w, http:\/\/knjiznice.nsk.hr\/ston\/wp-content\/uploads\/sites\/12\/2021\/08\/DSC_4351-600x846.jpg 600w, http:\/\/knjiznice.nsk.hr\/ston\/wp-content\/uploads\/sites\/12\/2021\/08\/DSC_4351-1089x1536.jpg 1089w, http:\/\/knjiznice.nsk.hr\/ston\/wp-content\/uploads\/sites\/12\/2021\/08\/DSC_4351-1452x2048.jpg 1452w, http:\/\/knjiznice.nsk.hr\/ston\/wp-content\/uploads\/sites\/12\/2021\/08\/DSC_4351-scaled.jpg 1815w\" sizes=\"(max-width: 213px) 100vw, 213px\" \/><\/a><br \/>\nLokacija: \u010cesvinica<br \/>\nPoveznica na katalog: <a href=\"https:\/\/library.foi.hr\/lib\/knjiga.php?B=67&amp;H=&amp;E=&amp;V=&amp;lok=&amp;zbi=&amp;item=17471&amp;nivo=&amp;upit=vjernost\">dostupnost<\/a><\/p>\n","protected":false},"excerpt":{"rendered":"<p>Vjernost je roman Talijana Marca Missirolija koji donosi temu bra\u010dne nevjere. Radnja prati milanski bra\u010dni par, fakultetskog profesora Carla i Margheritu, agenticu za nekretnine. Roman ocrtava izvanjsku stabilnost njihova braka, ali i brojne pukotine koje se u njemu skrivaju. Otvaranje tih pukotina u radnju autor uvodi na po\u010detku romana kroz mladu studenticu Sofiju koja pobu\u0111uje [&hellip;]<\/p>\n","protected":false},"author":55,"featured_media":0,"parent":0,"menu_order":0,"comment_status":"closed","ping_status":"closed","template":"","meta":{"ngg_post_thumbnail":0},"yoast_head":"<!-- This site is optimized with the Yoast SEO plugin v16.4 - https:\/\/yoast.com\/wordpress\/plugins\/seo\/ -->\n<meta name=\"robots\" content=\"index, follow, max-snippet:-1, max-image-preview:large, max-video-preview:-1\" \/>\n<link rel=\"canonical\" href=\"https:\/\/knjiznice.nsk.hr\/ston\/vjernost-marco-missiroli\/\" \/>\n<meta property=\"og:locale\" content=\"hr_HR\" \/>\n<meta property=\"og:type\" content=\"article\" \/>\n<meta property=\"og:title\" content=\"Vjernost - Marco Missiroli &ndash; Narodna knji\u017enica Ston\" \/>\n<meta property=\"og:description\" content=\"Vjernost je roman Talijana Marca Missirolija koji donosi temu bra\u010dne nevjere. Radnja prati milanski bra\u010dni par, fakultetskog profesora Carla i Margheritu, agenticu za nekretnine. Roman ocrtava izvanjsku stabilnost njihova braka, ali i brojne pukotine koje se u njemu skrivaju. Otvaranje tih pukotina u radnju autor uvodi na po\u010detku romana kroz mladu studenticu Sofiju koja pobu\u0111uje [&hellip;]\" \/>\n<meta property=\"og:url\" content=\"https:\/\/knjiznice.nsk.hr\/ston\/vjernost-marco-missiroli\/\" \/>\n<meta property=\"og:site_name\" content=\"Narodna knji\u017enica Ston\" \/>\n<meta property=\"article:modified_time\" content=\"2021-08-04T10:51:32+00:00\" \/>\n<meta property=\"og:image\" content=\"http:\/\/knjiznice.nsk.hr\/ston\/wp-content\/uploads\/sites\/12\/2021\/08\/DSC_4351-213x300.jpg\" \/>\n<meta name=\"twitter:label1\" content=\"Procijenjeno vrijeme \u010ditanja\" \/>\n\t<meta name=\"twitter:data1\" content=\"1 minuta\" \/>\n<script type=\"application\/ld+json\" class=\"yoast-schema-graph\">{\"@context\":\"https:\/\/schema.org\",\"@graph\":[{\"@type\":\"WebSite\",\"@id\":\"http:\/\/knjiznice.nsk.hr\/ston\/#website\",\"url\":\"http:\/\/knjiznice.nsk.hr\/ston\/\",\"name\":\"Narodna knji\\u017enica Ston\",\"description\":\"\",\"potentialAction\":[{\"@type\":\"SearchAction\",\"target\":\"http:\/\/knjiznice.nsk.hr\/ston\/?s={search_term_string}\",\"query-input\":\"required name=search_term_string\"}],\"inLanguage\":\"hr\"},{\"@type\":\"ImageObject\",\"@id\":\"https:\/\/knjiznice.nsk.hr\/ston\/vjernost-marco-missiroli\/#primaryimage\",\"inLanguage\":\"hr\",\"url\":\"http:\/\/knjiznice.nsk.hr\/ston\/wp-content\/uploads\/sites\/12\/2021\/08\/DSC_4351-213x300.jpg\",\"contentUrl\":\"http:\/\/knjiznice.nsk.hr\/ston\/wp-content\/uploads\/sites\/12\/2021\/08\/DSC_4351-213x300.jpg\"},{\"@type\":\"WebPage\",\"@id\":\"https:\/\/knjiznice.nsk.hr\/ston\/vjernost-marco-missiroli\/#webpage\",\"url\":\"https:\/\/knjiznice.nsk.hr\/ston\/vjernost-marco-missiroli\/\",\"name\":\"Vjernost - Marco Missiroli &ndash; Narodna knji\\u017enica Ston\",\"isPartOf\":{\"@id\":\"http:\/\/knjiznice.nsk.hr\/ston\/#website\"},\"primaryImageOfPage\":{\"@id\":\"https:\/\/knjiznice.nsk.hr\/ston\/vjernost-marco-missiroli\/#primaryimage\"},\"datePublished\":\"2021-08-04T10:50:28+00:00\",\"dateModified\":\"2021-08-04T10:51:32+00:00\",\"breadcrumb\":{\"@id\":\"https:\/\/knjiznice.nsk.hr\/ston\/vjernost-marco-missiroli\/#breadcrumb\"},\"inLanguage\":\"hr\",\"potentialAction\":[{\"@type\":\"ReadAction\",\"target\":[\"https:\/\/knjiznice.nsk.hr\/ston\/vjernost-marco-missiroli\/\"]}]},{\"@type\":\"BreadcrumbList\",\"@id\":\"https:\/\/knjiznice.nsk.hr\/ston\/vjernost-marco-missiroli\/#breadcrumb\",\"itemListElement\":[{\"@type\":\"ListItem\",\"position\":1,\"item\":{\"@type\":\"WebPage\",\"@id\":\"http:\/\/knjiznice.nsk.hr\/ston\/\",\"url\":\"http:\/\/knjiznice.nsk.hr\/ston\/\",\"name\":\"Po\\u010detna stranica\"}},{\"@type\":\"ListItem\",\"position\":2,\"item\":{\"@id\":\"https:\/\/knjiznice.nsk.hr\/ston\/vjernost-marco-missiroli\/#webpage\"}}]}]}<\/script>\n<!-- \/ Yoast SEO plugin. -->","_links":{"self":[{"href":"http:\/\/knjiznice.nsk.hr\/ston\/wp-json\/wp\/v2\/pages\/894"}],"collection":[{"href":"http:\/\/knjiznice.nsk.hr\/ston\/wp-json\/wp\/v2\/pages"}],"about":[{"href":"http:\/\/knjiznice.nsk.hr\/ston\/wp-json\/wp\/v2\/types\/page"}],"author":[{"embeddable":true,"href":"http:\/\/knjiznice.nsk.hr\/ston\/wp-json\/wp\/v2\/users\/55"}],"replies":[{"embeddable":true,"href":"http:\/\/knjiznice.nsk.hr\/ston\/wp-json\/wp\/v2\/comments?post=894"}],"version-history":[{"count":1,"href":"http:\/\/knjiznice.nsk.hr\/ston\/wp-json\/wp\/v2\/pages\/894\/revisions"}],"predecessor-version":[{"id":896,"href":"http:\/\/knjiznice.nsk.hr\/ston\/wp-json\/wp\/v2\/pages\/894\/revisions\/896"}],"wp:attachment":[{"href":"http:\/\/knjiznice.nsk.hr\/ston\/wp-json\/wp\/v2\/media?parent=894"}],"curies":[{"name":"wp","href":"https:\/\/api.w.org\/{rel}","templated":true}]}}