{"id":808,"date":"2021-07-26T08:50:48","date_gmt":"2021-07-26T08:50:48","guid":{"rendered":"http:\/\/knjiznice.nsk.hr\/ston\/?page_id=808"},"modified":"2022-08-03T08:33:17","modified_gmt":"2022-08-03T08:33:17","slug":"djeca","status":"publish","type":"page","link":"http:\/\/knjiznice.nsk.hr\/ston\/djeca\/","title":{"rendered":"DJECA"},"content":{"rendered":"<p>&nbsp;<\/p>\n<ul>\n<li><a href=\"http:\/\/knjiznice.nsk.hr\/ston\/o-biljkama-i-zivotinjama\/\">O biljkama i \u017eivotinjama<\/a>&nbsp;<\/li>\n<li><a href=\"http:\/\/knjiznice.nsk.hr\/ston\/orion-i-mrak-emma-yarlett\/\">Orion i MRAK &#8211; Emma Yarlett<\/a><\/li>\n<li><a href=\"http:\/\/knjiznice.nsk.hr\/ston\/jura-i-kuckalo-protiv-dosade-roman-simic\/\">Jura i kuckalo protiv dosade &#8211; Roman Simi\u0107<\/a><\/li>\n<li><a href=\"http:\/\/knjiznice.nsk.hr\/ston\/djecak-koji-je-poplavio-svijet-snjezana-babic-visnjic\/\">Dje\u010dak koji je poplavio svijet &#8211; Snje\u017eana Babi\u0107 Vi\u0161nji\u0107<\/a><\/li>\n<li><a href=\"http:\/\/knjiznice.nsk.hr\/ston\/misini-novi-prijatelji-tom-percival\/\">Mi\u0161ini novi prijatelji &#8211; Tom Percival<\/a><\/li>\n<li><a href=\"http:\/\/knjiznice.nsk.hr\/ston\/medo-klavir-i-koncert-malene-medvjedice-david-litchfielda\/\">Medo, klavir i koncert malene medvjedice &#8211; David Litchfielda<\/a><\/li>\n<li><a href=\"http:\/\/knjiznice.nsk.hr\/ston\/ako-dodes-na-zemlju-sophie-blackall\/\">Ako do\u0111e\u0161 na zemlju &#8211;&nbsp; Sophie Blackall<\/a><\/li>\n<\/ul>\n","protected":false},"excerpt":{"rendered":"<p>&nbsp; O biljkama i \u017eivotinjama&nbsp; Orion i MRAK &#8211; Emma Yarlett Jura i kuckalo protiv dosade &#8211; Roman Simi\u0107 Dje\u010dak koji je poplavio svijet &#8211; Snje\u017eana Babi\u0107 Vi\u0161nji\u0107 Mi\u0161ini novi prijatelji &#8211; Tom Percival Medo, klavir i koncert malene medvjedice &#8211; David Litchfielda Ako do\u0111e\u0161 na zemlju &#8211;&nbsp; Sophie Blackall<\/p>\n","protected":false},"author":55,"featured_media":0,"parent":0,"menu_order":0,"comment_status":"closed","ping_status":"closed","template":"","meta":{"ngg_post_thumbnail":0},"yoast_head":"<!-- This site is optimized with the Yoast SEO plugin v16.4 - https:\/\/yoast.com\/wordpress\/plugins\/seo\/ -->\n<meta name=\"robots\" content=\"index, follow, max-snippet:-1, max-image-preview:large, max-video-preview:-1\" \/>\n<link rel=\"canonical\" href=\"http:\/\/knjiznice.nsk.hr\/ston\/djeca\/\" \/>\n<meta property=\"og:locale\" content=\"hr_HR\" \/>\n<meta property=\"og:type\" content=\"article\" \/>\n<meta property=\"og:title\" content=\"DJECA &ndash; Narodna knji\u017enica Ston\" \/>\n<meta property=\"og:description\" content=\"&nbsp; O biljkama i \u017eivotinjama&nbsp; Orion i MRAK &#8211; Emma Yarlett Jura i kuckalo protiv dosade &#8211; Roman Simi\u0107 Dje\u010dak koji je poplavio svijet &#8211; Snje\u017eana Babi\u0107 Vi\u0161nji\u0107 Mi\u0161ini novi prijatelji &#8211; Tom Percival Medo, klavir i koncert malene medvjedice &#8211; David Litchfielda Ako do\u0111e\u0161 na zemlju &#8211;&nbsp; Sophie Blackall\" \/>\n<meta property=\"og:url\" content=\"http:\/\/knjiznice.nsk.hr\/ston\/djeca\/\" \/>\n<meta property=\"og:site_name\" content=\"Narodna knji\u017enica Ston\" \/>\n<meta property=\"article:modified_time\" content=\"2022-08-03T08:33:17+00:00\" \/>\n<meta name=\"twitter:label1\" content=\"Procijenjeno vrijeme \u010ditanja\" \/>\n\t<meta name=\"twitter:data1\" content=\"1 minuta\" \/>\n<script type=\"application\/ld+json\" class=\"yoast-schema-graph\">{\"@context\":\"https:\/\/schema.org\",\"@graph\":[{\"@type\":\"WebSite\",\"@id\":\"https:\/\/knjiznice.nsk.hr\/ston\/#website\",\"url\":\"https:\/\/knjiznice.nsk.hr\/ston\/\",\"name\":\"Narodna knji\\u017enica Ston\",\"description\":\"\",\"potentialAction\":[{\"@type\":\"SearchAction\",\"target\":\"https:\/\/knjiznice.nsk.hr\/ston\/?s={search_term_string}\",\"query-input\":\"required name=search_term_string\"}],\"inLanguage\":\"hr\"},{\"@type\":\"WebPage\",\"@id\":\"http:\/\/knjiznice.nsk.hr\/ston\/djeca\/#webpage\",\"url\":\"http:\/\/knjiznice.nsk.hr\/ston\/djeca\/\",\"name\":\"DJECA &ndash; Narodna knji\\u017enica Ston\",\"isPartOf\":{\"@id\":\"https:\/\/knjiznice.nsk.hr\/ston\/#website\"},\"datePublished\":\"2021-07-26T08:50:48+00:00\",\"dateModified\":\"2022-08-03T08:33:17+00:00\",\"breadcrumb\":{\"@id\":\"http:\/\/knjiznice.nsk.hr\/ston\/djeca\/#breadcrumb\"},\"inLanguage\":\"hr\",\"potentialAction\":[{\"@type\":\"ReadAction\",\"target\":[\"http:\/\/knjiznice.nsk.hr\/ston\/djeca\/\"]}]},{\"@type\":\"BreadcrumbList\",\"@id\":\"http:\/\/knjiznice.nsk.hr\/ston\/djeca\/#breadcrumb\",\"itemListElement\":[{\"@type\":\"ListItem\",\"position\":1,\"item\":{\"@type\":\"WebPage\",\"@id\":\"https:\/\/knjiznice.nsk.hr\/ston\/\",\"url\":\"https:\/\/knjiznice.nsk.hr\/ston\/\",\"name\":\"Po\\u010detna stranica\"}},{\"@type\":\"ListItem\",\"position\":2,\"item\":{\"@id\":\"http:\/\/knjiznice.nsk.hr\/ston\/djeca\/#webpage\"}}]}]}<\/script>\n<!-- \/ Yoast SEO plugin. -->","_links":{"self":[{"href":"http:\/\/knjiznice.nsk.hr\/ston\/wp-json\/wp\/v2\/pages\/808"}],"collection":[{"href":"http:\/\/knjiznice.nsk.hr\/ston\/wp-json\/wp\/v2\/pages"}],"about":[{"href":"http:\/\/knjiznice.nsk.hr\/ston\/wp-json\/wp\/v2\/types\/page"}],"author":[{"embeddable":true,"href":"http:\/\/knjiznice.nsk.hr\/ston\/wp-json\/wp\/v2\/users\/55"}],"replies":[{"embeddable":true,"href":"http:\/\/knjiznice.nsk.hr\/ston\/wp-json\/wp\/v2\/comments?post=808"}],"version-history":[{"count":3,"href":"http:\/\/knjiznice.nsk.hr\/ston\/wp-json\/wp\/v2\/pages\/808\/revisions"}],"predecessor-version":[{"id":1442,"href":"http:\/\/knjiznice.nsk.hr\/ston\/wp-json\/wp\/v2\/pages\/808\/revisions\/1442"}],"wp:attachment":[{"href":"http:\/\/knjiznice.nsk.hr\/ston\/wp-json\/wp\/v2\/media?parent=808"}],"curies":[{"name":"wp","href":"https:\/\/api.w.org\/{rel}","templated":true}]}}