{"id":1450,"date":"2022-08-03T09:39:47","date_gmt":"2022-08-03T09:39:47","guid":{"rendered":"http:\/\/knjiznice.nsk.hr\/ston\/?page_id=1450"},"modified":"2024-07-11T08:23:33","modified_gmt":"2024-07-11T08:23:33","slug":"financijski-izvjestaj-za-2021-godinu","status":"publish","type":"page","link":"http:\/\/knjiznice.nsk.hr\/ston\/financijski-izvjestaj-za-2021-godinu\/","title":{"rendered":"Financijski izvje\u0161taj za 2021. godinu"},"content":{"rendered":"<ul>\n<li><a href=\"http:\/\/knjiznice.nsk.hr\/ston\/wp-content\/uploads\/sites\/12\/2021\/07\/Financijski-izvjestaj-proracunskog-korisnika-za-razdoblje-od-1.-sijecnja-2021.-do-30.-lipnja-2021..pdf\" target=\"_blank\" rel=\"noopener\" data-wahfont=\"16\">Financijski izvje\u0161taj&nbsp; za razdoblje od 1. sije\u010dnja do 30. lipnja 2021.<\/a><\/li>\n<li><a href=\"http:\/\/knjiznice.nsk.hr\/ston\/wp-content\/uploads\/sites\/12\/2021\/11\/Referentna-stranica-2021.-lipanj.pdf\" data-wahfont=\"16\">Referentna stranica 2021. \u2013 lipanj<\/a><\/li>\n<li><a href=\"http:\/\/knjiznice.nsk.hr\/ston\/wp-content\/uploads\/sites\/12\/2021\/11\/Financijski-izvjestaj-proracunskog-korisnika-za-razdoblje-od-1.-sijecnja-2021.-do-30.-rujna-2021..pdf\" data-wahfont=\"16\">Financijski izvje\u0161taj prora\u010dunskog korisnika za razdoblje od 1. sije\u010dnja 2021. do 30. rujna 2021.<\/a><\/li>\n<li><a href=\"http:\/\/knjiznice.nsk.hr\/ston\/wp-content\/uploads\/sites\/12\/2021\/11\/Referentna-stranica-2021.-rujan.pdf\" data-wahfont=\"16\">Referentna stranica 2021. \u2013 rujan<\/a><\/li>\n<li><a href=\"http:\/\/knjiznice.nsk.hr\/ston\/wp-content\/uploads\/sites\/12\/2022\/01\/Financijski-izvjestaj-za-2021..pdf\" data-wahfont=\"16\">Financijski izvje\u0161taj za 2021. -prosinac<\/a><\/li>\n<li><a href=\"http:\/\/knjiznice.nsk.hr\/ston\/wp-content\/uploads\/sites\/12\/2022\/01\/Referentna-stanica-za-2021..pdf\" data-wahfont=\"16\">Referentna stanica za 2021. -prosinac<\/a><\/li>\n<li><a href=\"http:\/\/knjiznice.nsk.hr\/ston\/wp-content\/uploads\/sites\/12\/2022\/01\/Biljeske-uz-financijska-izvjesca-za-2021..pdf\" data-wahfont=\"16\">Bilje\u0161ke uz financijska izvje\u0161\u0107a za 2021.<\/a><\/li>\n<\/ul>\n","protected":false},"excerpt":{"rendered":"<p>Financijski izvje\u0161taj&nbsp; za razdoblje od 1. sije\u010dnja do 30. lipnja 2021. Referentna stranica 2021. \u2013 lipanj Financijski izvje\u0161taj prora\u010dunskog korisnika za razdoblje od 1. sije\u010dnja 2021. do 30. rujna 2021. Referentna stranica 2021. \u2013 rujan Financijski izvje\u0161taj za 2021. -prosinac Referentna stanica za 2021. -prosinac Bilje\u0161ke uz financijska izvje\u0161\u0107a za 2021.<\/p>\n","protected":false},"author":55,"featured_media":0,"parent":0,"menu_order":0,"comment_status":"closed","ping_status":"closed","template":"","meta":{"ngg_post_thumbnail":0},"yoast_head":"<!-- This site is optimized with the Yoast SEO plugin v16.4 - https:\/\/yoast.com\/wordpress\/plugins\/seo\/ -->\n<meta name=\"robots\" content=\"index, follow, max-snippet:-1, max-image-preview:large, max-video-preview:-1\" \/>\n<link rel=\"canonical\" href=\"http:\/\/knjiznice.nsk.hr\/ston\/financijski-izvjestaj-za-2021-godinu\/\" \/>\n<meta property=\"og:locale\" content=\"hr_HR\" \/>\n<meta property=\"og:type\" content=\"article\" \/>\n<meta property=\"og:title\" content=\"Financijski izvje\u0161taj za 2021. godinu &ndash; Narodna knji\u017enica Ston\" \/>\n<meta property=\"og:description\" content=\"Financijski izvje\u0161taj&nbsp; za razdoblje od 1. sije\u010dnja do 30. lipnja 2021. Referentna stranica 2021. \u2013 lipanj Financijski izvje\u0161taj prora\u010dunskog korisnika za razdoblje od 1. sije\u010dnja 2021. do 30. rujna 2021. Referentna stranica 2021. \u2013 rujan Financijski izvje\u0161taj za 2021. -prosinac Referentna stanica za 2021. -prosinac Bilje\u0161ke uz financijska izvje\u0161\u0107a za 2021.\" \/>\n<meta property=\"og:url\" content=\"http:\/\/knjiznice.nsk.hr\/ston\/financijski-izvjestaj-za-2021-godinu\/\" \/>\n<meta property=\"og:site_name\" content=\"Narodna knji\u017enica Ston\" \/>\n<meta property=\"article:modified_time\" content=\"2024-07-11T08:23:33+00:00\" \/>\n<meta name=\"twitter:label1\" content=\"Procijenjeno vrijeme \u010ditanja\" \/>\n\t<meta name=\"twitter:data1\" content=\"1 minuta\" \/>\n<script type=\"application\/ld+json\" class=\"yoast-schema-graph\">{\"@context\":\"https:\/\/schema.org\",\"@graph\":[{\"@type\":\"WebSite\",\"@id\":\"http:\/\/knjiznice.nsk.hr\/ston\/#website\",\"url\":\"http:\/\/knjiznice.nsk.hr\/ston\/\",\"name\":\"Narodna knji\\u017enica Ston\",\"description\":\"\",\"potentialAction\":[{\"@type\":\"SearchAction\",\"target\":\"http:\/\/knjiznice.nsk.hr\/ston\/?s={search_term_string}\",\"query-input\":\"required name=search_term_string\"}],\"inLanguage\":\"hr\"},{\"@type\":\"WebPage\",\"@id\":\"http:\/\/knjiznice.nsk.hr\/ston\/financijski-izvjestaj-za-2021-godinu\/#webpage\",\"url\":\"http:\/\/knjiznice.nsk.hr\/ston\/financijski-izvjestaj-za-2021-godinu\/\",\"name\":\"Financijski izvje\\u0161taj za 2021. godinu &ndash; Narodna knji\\u017enica Ston\",\"isPartOf\":{\"@id\":\"http:\/\/knjiznice.nsk.hr\/ston\/#website\"},\"datePublished\":\"2022-08-03T09:39:47+00:00\",\"dateModified\":\"2024-07-11T08:23:33+00:00\",\"breadcrumb\":{\"@id\":\"http:\/\/knjiznice.nsk.hr\/ston\/financijski-izvjestaj-za-2021-godinu\/#breadcrumb\"},\"inLanguage\":\"hr\",\"potentialAction\":[{\"@type\":\"ReadAction\",\"target\":[\"http:\/\/knjiznice.nsk.hr\/ston\/financijski-izvjestaj-za-2021-godinu\/\"]}]},{\"@type\":\"BreadcrumbList\",\"@id\":\"http:\/\/knjiznice.nsk.hr\/ston\/financijski-izvjestaj-za-2021-godinu\/#breadcrumb\",\"itemListElement\":[{\"@type\":\"ListItem\",\"position\":1,\"item\":{\"@type\":\"WebPage\",\"@id\":\"http:\/\/knjiznice.nsk.hr\/ston\/\",\"url\":\"http:\/\/knjiznice.nsk.hr\/ston\/\",\"name\":\"Po\\u010detna stranica\"}},{\"@type\":\"ListItem\",\"position\":2,\"item\":{\"@id\":\"http:\/\/knjiznice.nsk.hr\/ston\/financijski-izvjestaj-za-2021-godinu\/#webpage\"}}]}]}<\/script>\n<!-- \/ Yoast SEO plugin. -->","_links":{"self":[{"href":"http:\/\/knjiznice.nsk.hr\/ston\/wp-json\/wp\/v2\/pages\/1450"}],"collection":[{"href":"http:\/\/knjiznice.nsk.hr\/ston\/wp-json\/wp\/v2\/pages"}],"about":[{"href":"http:\/\/knjiznice.nsk.hr\/ston\/wp-json\/wp\/v2\/types\/page"}],"author":[{"embeddable":true,"href":"http:\/\/knjiznice.nsk.hr\/ston\/wp-json\/wp\/v2\/users\/55"}],"replies":[{"embeddable":true,"href":"http:\/\/knjiznice.nsk.hr\/ston\/wp-json\/wp\/v2\/comments?post=1450"}],"version-history":[{"count":5,"href":"http:\/\/knjiznice.nsk.hr\/ston\/wp-json\/wp\/v2\/pages\/1450\/revisions"}],"predecessor-version":[{"id":3285,"href":"http:\/\/knjiznice.nsk.hr\/ston\/wp-json\/wp\/v2\/pages\/1450\/revisions\/3285"}],"wp:attachment":[{"href":"http:\/\/knjiznice.nsk.hr\/ston\/wp-json\/wp\/v2\/media?parent=1450"}],"curies":[{"name":"wp","href":"https:\/\/api.w.org\/{rel}","templated":true}]}}