{"id":1405,"date":"2022-08-03T07:57:47","date_gmt":"2022-08-03T07:57:47","guid":{"rendered":"http:\/\/knjiznice.nsk.hr\/ston\/?page_id=1405"},"modified":"2026-04-23T10:59:41","modified_gmt":"2026-04-23T10:59:41","slug":"akti-knjiznice","status":"publish","type":"page","link":"http:\/\/knjiznice.nsk.hr\/ston\/akti-knjiznice\/","title":{"rendered":"Akti knji\u017enice"},"content":{"rendered":"<p>PRAVILNICI<\/p>\n<ul>\n<li><a href=\"http:\/\/knjiznice.nsk.hr\/ston\/wp-content\/uploads\/sites\/12\/2020\/09\/STATUT-Narodna-knjiznica-Ston.docx\" data-wahfont=\"16\">Statut Narodne knji\u017enice Ston<\/a><\/li>\n<li><a href=\"http:\/\/knjiznice.nsk.hr\/ston\/wp-content\/uploads\/sites\/12\/2020\/09\/Pravilnik-o-uvjetima-i-nacinu-koristenja-2019..docx\" data-wahfont=\"16\">Pravilnik o uvjetima i na\u010dinu kori\u0161tenja knji\u017eni\u010dne gra\u0111e i usluga<\/a><\/li>\n<li><a href=\"http:\/\/knjiznice.nsk.hr\/ston\/wp-content\/uploads\/sites\/12\/2022\/08\/Pravilnik-o-unutarnjem-ustrojstvu19.pdf\">Pravilnik o unutarnjem ustrojstvu i na\u010dinu rada Narodne knji\u017enice Ston<\/a><\/li>\n<\/ul>\n<p>ODLUKE<\/p>\n<ul>\n<li><a href=\"http:\/\/knjiznice.nsk.hr\/ston\/wp-content\/uploads\/sites\/12\/2026\/04\/odluka-o-cjeniku_20260423_0001.pdf\">odluka o cjeniku za 2026. godinu<\/a><\/li>\n<li><a href=\"http:\/\/knjiznice.nsk.hr\/ston\/wp-content\/uploads\/sites\/12\/2024\/12\/Odluka-o-placama_20241210_0001.pdf\">Odluka o pla\u0107ama<\/a><\/li>\n<\/ul>\n<p>&nbsp;<\/p>\n<p>SMJERNICE<\/p>\n<p><a href=\"http:\/\/knjiznice.nsk.hr\/ston\/wp-content\/uploads\/sites\/12\/2026\/04\/Smjernice-za-nabavu-knjiznicne-grade.docx\">Smjernice za nabavu knji\u017eni\u010dne gra\u0111e<\/a><\/p>\n","protected":false},"excerpt":{"rendered":"<p>PRAVILNICI Statut Narodne knji\u017enice Ston Pravilnik o uvjetima i na\u010dinu kori\u0161tenja knji\u017eni\u010dne gra\u0111e i usluga Pravilnik o unutarnjem ustrojstvu i na\u010dinu rada Narodne knji\u017enice Ston ODLUKE odluka o cjeniku za 2026. godinu Odluka o pla\u0107ama &nbsp; SMJERNICE Smjernice za nabavu knji\u017eni\u010dne gra\u0111e<\/p>\n","protected":false},"author":55,"featured_media":0,"parent":0,"menu_order":0,"comment_status":"closed","ping_status":"closed","template":"","meta":{"ngg_post_thumbnail":0},"yoast_head":"<!-- This site is optimized with the Yoast SEO plugin v16.4 - https:\/\/yoast.com\/wordpress\/plugins\/seo\/ -->\n<meta name=\"robots\" content=\"index, follow, max-snippet:-1, max-image-preview:large, max-video-preview:-1\" \/>\n<link rel=\"canonical\" href=\"https:\/\/knjiznice.nsk.hr\/ston\/akti-knjiznice\/\" \/>\n<meta property=\"og:locale\" content=\"hr_HR\" \/>\n<meta property=\"og:type\" content=\"article\" \/>\n<meta property=\"og:title\" content=\"Akti knji\u017enice &ndash; Narodna knji\u017enica Ston\" \/>\n<meta property=\"og:description\" content=\"PRAVILNICI Statut Narodne knji\u017enice Ston Pravilnik o uvjetima i na\u010dinu kori\u0161tenja knji\u017eni\u010dne gra\u0111e i usluga Pravilnik o unutarnjem ustrojstvu i na\u010dinu rada Narodne knji\u017enice Ston ODLUKE odluka o cjeniku za 2026. godinu Odluka o pla\u0107ama &nbsp; SMJERNICE Smjernice za nabavu knji\u017eni\u010dne gra\u0111e\" \/>\n<meta property=\"og:url\" content=\"https:\/\/knjiznice.nsk.hr\/ston\/akti-knjiznice\/\" \/>\n<meta property=\"og:site_name\" content=\"Narodna knji\u017enica Ston\" \/>\n<meta property=\"article:modified_time\" content=\"2026-04-23T10:59:41+00:00\" \/>\n<meta name=\"twitter:label1\" content=\"Procijenjeno vrijeme \u010ditanja\" \/>\n\t<meta name=\"twitter:data1\" content=\"1 minuta\" \/>\n<script type=\"application\/ld+json\" class=\"yoast-schema-graph\">{\"@context\":\"https:\/\/schema.org\",\"@graph\":[{\"@type\":\"WebSite\",\"@id\":\"https:\/\/knjiznice.nsk.hr\/ston\/#website\",\"url\":\"https:\/\/knjiznice.nsk.hr\/ston\/\",\"name\":\"Narodna knji\\u017enica Ston\",\"description\":\"\",\"potentialAction\":[{\"@type\":\"SearchAction\",\"target\":\"https:\/\/knjiznice.nsk.hr\/ston\/?s={search_term_string}\",\"query-input\":\"required name=search_term_string\"}],\"inLanguage\":\"hr\"},{\"@type\":\"WebPage\",\"@id\":\"https:\/\/knjiznice.nsk.hr\/ston\/akti-knjiznice\/#webpage\",\"url\":\"https:\/\/knjiznice.nsk.hr\/ston\/akti-knjiznice\/\",\"name\":\"Akti knji\\u017enice &ndash; Narodna knji\\u017enica Ston\",\"isPartOf\":{\"@id\":\"https:\/\/knjiznice.nsk.hr\/ston\/#website\"},\"datePublished\":\"2022-08-03T07:57:47+00:00\",\"dateModified\":\"2026-04-23T10:59:41+00:00\",\"breadcrumb\":{\"@id\":\"https:\/\/knjiznice.nsk.hr\/ston\/akti-knjiznice\/#breadcrumb\"},\"inLanguage\":\"hr\",\"potentialAction\":[{\"@type\":\"ReadAction\",\"target\":[\"https:\/\/knjiznice.nsk.hr\/ston\/akti-knjiznice\/\"]}]},{\"@type\":\"BreadcrumbList\",\"@id\":\"https:\/\/knjiznice.nsk.hr\/ston\/akti-knjiznice\/#breadcrumb\",\"itemListElement\":[{\"@type\":\"ListItem\",\"position\":1,\"item\":{\"@type\":\"WebPage\",\"@id\":\"https:\/\/knjiznice.nsk.hr\/ston\/\",\"url\":\"https:\/\/knjiznice.nsk.hr\/ston\/\",\"name\":\"Po\\u010detna stranica\"}},{\"@type\":\"ListItem\",\"position\":2,\"item\":{\"@id\":\"https:\/\/knjiznice.nsk.hr\/ston\/akti-knjiznice\/#webpage\"}}]}]}<\/script>\n<!-- \/ Yoast SEO plugin. -->","_links":{"self":[{"href":"http:\/\/knjiznice.nsk.hr\/ston\/wp-json\/wp\/v2\/pages\/1405"}],"collection":[{"href":"http:\/\/knjiznice.nsk.hr\/ston\/wp-json\/wp\/v2\/pages"}],"about":[{"href":"http:\/\/knjiznice.nsk.hr\/ston\/wp-json\/wp\/v2\/types\/page"}],"author":[{"embeddable":true,"href":"http:\/\/knjiznice.nsk.hr\/ston\/wp-json\/wp\/v2\/users\/55"}],"replies":[{"embeddable":true,"href":"http:\/\/knjiznice.nsk.hr\/ston\/wp-json\/wp\/v2\/comments?post=1405"}],"version-history":[{"count":11,"href":"http:\/\/knjiznice.nsk.hr\/ston\/wp-json\/wp\/v2\/pages\/1405\/revisions"}],"predecessor-version":[{"id":4556,"href":"http:\/\/knjiznice.nsk.hr\/ston\/wp-json\/wp\/v2\/pages\/1405\/revisions\/4556"}],"wp:attachment":[{"href":"http:\/\/knjiznice.nsk.hr\/ston\/wp-json\/wp\/v2\/media?parent=1405"}],"curies":[{"name":"wp","href":"https:\/\/api.w.org\/{rel}","templated":true}]}}