{"id":1146,"date":"2021-11-10T16:30:11","date_gmt":"2021-11-10T16:30:11","guid":{"rendered":"http:\/\/knjiznice.nsk.hr\/ston\/?page_id=1146"},"modified":"2021-11-10T16:31:19","modified_gmt":"2021-11-10T16:31:19","slug":"orion-i-mrak-emma-yarlett","status":"publish","type":"page","link":"http:\/\/knjiznice.nsk.hr\/ston\/orion-i-mrak-emma-yarlett\/","title":{"rendered":"Orion i MRAK &#8211; Emma Yarlett"},"content":{"rendered":"<p>Orion i MRAK je slikovnica nagra\u0111ivane dje\u010dje autorice i ilustratorice Emme Yarlett. Glavni junak je dje\u010dak Orion koji ima mno\u0161tvo strahova. On se boji \u010dudovi\u0161ta, oluja, sjena, djevoj\u010dica, bicikla, pasa te ponajvi\u0161e mraka. Toliko se boji da je spavanje no\u0107na mora za njega, najradije bi ga presko\u010dio. Me\u0111utim spavati se mora pa je tako Orion dok je jednu ve\u010der i\u0161ao na spavanje upoznao Mrak. Upoznavanje sa svojim strahom Orion je zami\u0161ljao vrlo negativno no pokazalo se da Mrak nije tako stra\u0161an\u2026 Mrak je Oriona poveo u no\u0107nu avanturu gdje je ru\u0161io sve njegove predrasude i strahove. Bila je to toliko uspje\u0161na avantura da je Orion izjavio:<\/p>\n<p>\u201eMrak mo\u017ee biti zabavan,<br \/>\nmrak mo\u017ee biti zanimljiv,<br \/>\nmrak mo\u017ee biti \u010daroban.<br \/>\nI, \u0161to je najva\u017enije od svega&#8230;<br \/>\nMrak je moj prijatelj.\u201c<\/p>\n<p>\u010citaju\u0107i slikovnicu saznajte koje je sve zablude o no\u0107nom svijetu Orion imao i kako ih je Mrak razrije\u0161io!<br \/>\nNe postoji dijete koje nema strah od ne\u010dega. Ipak, strah od mraka je jedna od u\u010destalijih pojava. U ovoj slikovnici je vrlo jednostavno i za djecu na pristupa\u010dan na\u010din prikazano kako su mrak i no\u0107 normalne pojave u kojima nema ni\u010deg stra\u0161nog. \u0160alje se poruka kako se bojimo onog \u0161to nam je nepoznato, a kada to upoznamo stavovi se mijenjaju. Iz tog razloga ova slikovnica je izvrsna pripomo\u0107 roditeljima u \u201erazbijanju\u201c dje\u010djeg straha. Ona nudi inspiraciju kako zapo\u010deti razgovor o strahu i kako im pribli\u017eiti predmet straha.<\/p>\n<p><a href=\"http:\/\/knjiznice.nsk.hr\/ston\/wp-content\/uploads\/sites\/12\/2021\/11\/254956245_406028537655531_511412037220409720_n.jpg\"><img loading=\"lazy\" src=\"http:\/\/knjiznice.nsk.hr\/ston\/wp-content\/uploads\/sites\/12\/2021\/11\/254956245_406028537655531_511412037220409720_n-269x300.jpg\" alt=\"\" width=\"269\" height=\"300\" class=\"alignnone size-medium wp-image-1148\" srcset=\"http:\/\/knjiznice.nsk.hr\/ston\/wp-content\/uploads\/sites\/12\/2021\/11\/254956245_406028537655531_511412037220409720_n-269x300.jpg 269w, http:\/\/knjiznice.nsk.hr\/ston\/wp-content\/uploads\/sites\/12\/2021\/11\/254956245_406028537655531_511412037220409720_n-918x1024.jpg 918w, http:\/\/knjiznice.nsk.hr\/ston\/wp-content\/uploads\/sites\/12\/2021\/11\/254956245_406028537655531_511412037220409720_n-768x857.jpg 768w, http:\/\/knjiznice.nsk.hr\/ston\/wp-content\/uploads\/sites\/12\/2021\/11\/254956245_406028537655531_511412037220409720_n-600x669.jpg 600w, http:\/\/knjiznice.nsk.hr\/ston\/wp-content\/uploads\/sites\/12\/2021\/11\/254956245_406028537655531_511412037220409720_n-1377x1536.jpg 1377w, http:\/\/knjiznice.nsk.hr\/ston\/wp-content\/uploads\/sites\/12\/2021\/11\/254956245_406028537655531_511412037220409720_n.jpg 1836w\" sizes=\"(max-width: 269px) 100vw, 269px\" \/><\/a><br \/>\nLokacija: Ston<br \/>\nPoveznica na katalog: <a href=\"https:\/\/library.foi.hr\/lib\/knjiga.php?B=67&amp;H=&amp;E=&amp;V=&amp;lok=&amp;zbi=&amp;item=16819&amp;nivo=&amp;upit=orion\">dostupnost<\/a><\/p>\n","protected":false},"excerpt":{"rendered":"<p>Orion i MRAK je slikovnica nagra\u0111ivane dje\u010dje autorice i ilustratorice Emme Yarlett. Glavni junak je dje\u010dak Orion koji ima mno\u0161tvo strahova. On se boji \u010dudovi\u0161ta, oluja, sjena, djevoj\u010dica, bicikla, pasa te ponajvi\u0161e mraka. Toliko se boji da je spavanje no\u0107na mora za njega, najradije bi ga presko\u010dio. Me\u0111utim spavati se mora pa je tako Orion [&hellip;]<\/p>\n","protected":false},"author":55,"featured_media":0,"parent":0,"menu_order":0,"comment_status":"closed","ping_status":"closed","template":"","meta":{"ngg_post_thumbnail":0},"yoast_head":"<!-- This site is optimized with the Yoast SEO plugin v16.4 - https:\/\/yoast.com\/wordpress\/plugins\/seo\/ -->\n<meta name=\"robots\" content=\"index, follow, max-snippet:-1, max-image-preview:large, max-video-preview:-1\" \/>\n<link rel=\"canonical\" href=\"http:\/\/knjiznice.nsk.hr\/ston\/orion-i-mrak-emma-yarlett\/\" \/>\n<meta property=\"og:locale\" content=\"hr_HR\" \/>\n<meta property=\"og:type\" content=\"article\" \/>\n<meta property=\"og:title\" content=\"Orion i MRAK - Emma Yarlett &ndash; Narodna knji\u017enica Ston\" \/>\n<meta property=\"og:description\" content=\"Orion i MRAK je slikovnica nagra\u0111ivane dje\u010dje autorice i ilustratorice Emme Yarlett. Glavni junak je dje\u010dak Orion koji ima mno\u0161tvo strahova. On se boji \u010dudovi\u0161ta, oluja, sjena, djevoj\u010dica, bicikla, pasa te ponajvi\u0161e mraka. Toliko se boji da je spavanje no\u0107na mora za njega, najradije bi ga presko\u010dio. Me\u0111utim spavati se mora pa je tako Orion [&hellip;]\" \/>\n<meta property=\"og:url\" content=\"http:\/\/knjiznice.nsk.hr\/ston\/orion-i-mrak-emma-yarlett\/\" \/>\n<meta property=\"og:site_name\" content=\"Narodna knji\u017enica Ston\" \/>\n<meta property=\"article:modified_time\" content=\"2021-11-10T16:31:19+00:00\" \/>\n<meta property=\"og:image\" content=\"http:\/\/knjiznice.nsk.hr\/ston\/wp-content\/uploads\/sites\/12\/2021\/11\/254956245_406028537655531_511412037220409720_n-269x300.jpg\" \/>\n<meta name=\"twitter:label1\" content=\"Procijenjeno vrijeme \u010ditanja\" \/>\n\t<meta name=\"twitter:data1\" content=\"1 minuta\" \/>\n<script type=\"application\/ld+json\" class=\"yoast-schema-graph\">{\"@context\":\"https:\/\/schema.org\",\"@graph\":[{\"@type\":\"WebSite\",\"@id\":\"http:\/\/knjiznice.nsk.hr\/ston\/#website\",\"url\":\"http:\/\/knjiznice.nsk.hr\/ston\/\",\"name\":\"Narodna knji\\u017enica Ston\",\"description\":\"\",\"potentialAction\":[{\"@type\":\"SearchAction\",\"target\":\"http:\/\/knjiznice.nsk.hr\/ston\/?s={search_term_string}\",\"query-input\":\"required name=search_term_string\"}],\"inLanguage\":\"hr\"},{\"@type\":\"ImageObject\",\"@id\":\"http:\/\/knjiznice.nsk.hr\/ston\/orion-i-mrak-emma-yarlett\/#primaryimage\",\"inLanguage\":\"hr\",\"url\":\"http:\/\/knjiznice.nsk.hr\/ston\/wp-content\/uploads\/sites\/12\/2021\/11\/254956245_406028537655531_511412037220409720_n.jpg\",\"contentUrl\":\"http:\/\/knjiznice.nsk.hr\/ston\/wp-content\/uploads\/sites\/12\/2021\/11\/254956245_406028537655531_511412037220409720_n.jpg\",\"width\":1836,\"height\":2048},{\"@type\":\"WebPage\",\"@id\":\"http:\/\/knjiznice.nsk.hr\/ston\/orion-i-mrak-emma-yarlett\/#webpage\",\"url\":\"http:\/\/knjiznice.nsk.hr\/ston\/orion-i-mrak-emma-yarlett\/\",\"name\":\"Orion i MRAK - Emma Yarlett &ndash; Narodna knji\\u017enica Ston\",\"isPartOf\":{\"@id\":\"http:\/\/knjiznice.nsk.hr\/ston\/#website\"},\"primaryImageOfPage\":{\"@id\":\"http:\/\/knjiznice.nsk.hr\/ston\/orion-i-mrak-emma-yarlett\/#primaryimage\"},\"datePublished\":\"2021-11-10T16:30:11+00:00\",\"dateModified\":\"2021-11-10T16:31:19+00:00\",\"breadcrumb\":{\"@id\":\"http:\/\/knjiznice.nsk.hr\/ston\/orion-i-mrak-emma-yarlett\/#breadcrumb\"},\"inLanguage\":\"hr\",\"potentialAction\":[{\"@type\":\"ReadAction\",\"target\":[\"http:\/\/knjiznice.nsk.hr\/ston\/orion-i-mrak-emma-yarlett\/\"]}]},{\"@type\":\"BreadcrumbList\",\"@id\":\"http:\/\/knjiznice.nsk.hr\/ston\/orion-i-mrak-emma-yarlett\/#breadcrumb\",\"itemListElement\":[{\"@type\":\"ListItem\",\"position\":1,\"item\":{\"@type\":\"WebPage\",\"@id\":\"http:\/\/knjiznice.nsk.hr\/ston\/\",\"url\":\"http:\/\/knjiznice.nsk.hr\/ston\/\",\"name\":\"Po\\u010detna stranica\"}},{\"@type\":\"ListItem\",\"position\":2,\"item\":{\"@id\":\"http:\/\/knjiznice.nsk.hr\/ston\/orion-i-mrak-emma-yarlett\/#webpage\"}}]}]}<\/script>\n<!-- \/ Yoast SEO plugin. -->","_links":{"self":[{"href":"http:\/\/knjiznice.nsk.hr\/ston\/wp-json\/wp\/v2\/pages\/1146"}],"collection":[{"href":"http:\/\/knjiznice.nsk.hr\/ston\/wp-json\/wp\/v2\/pages"}],"about":[{"href":"http:\/\/knjiznice.nsk.hr\/ston\/wp-json\/wp\/v2\/types\/page"}],"author":[{"embeddable":true,"href":"http:\/\/knjiznice.nsk.hr\/ston\/wp-json\/wp\/v2\/users\/55"}],"replies":[{"embeddable":true,"href":"http:\/\/knjiznice.nsk.hr\/ston\/wp-json\/wp\/v2\/comments?post=1146"}],"version-history":[{"count":2,"href":"http:\/\/knjiznice.nsk.hr\/ston\/wp-json\/wp\/v2\/pages\/1146\/revisions"}],"predecessor-version":[{"id":1149,"href":"http:\/\/knjiznice.nsk.hr\/ston\/wp-json\/wp\/v2\/pages\/1146\/revisions\/1149"}],"wp:attachment":[{"href":"http:\/\/knjiznice.nsk.hr\/ston\/wp-json\/wp\/v2\/media?parent=1146"}],"curies":[{"name":"wp","href":"https:\/\/api.w.org\/{rel}","templated":true}]}}