{"id":267,"date":"2015-03-30T07:35:41","date_gmt":"2015-03-30T07:35:41","guid":{"rendered":"http:\/\/knjiznice.nsk.hr\/porec\/?page_id=267"},"modified":"2015-03-30T07:46:35","modified_gmt":"2015-03-30T07:46:35","slug":"otvaranje-knjiznicnog-stacionara-baderna","status":"publish","type":"page","link":"http:\/\/knjiznice.nsk.hr\/porec\/booktiga\/program\/otvaranje-knjiznicnog-stacionara-baderna\/","title":{"rendered":"Otvorenje 4. knji\u017eni\u010dnog stacionara Gradske knji\u017enice Pore\u010d u Baderni"},"content":{"rendered":"<p style=\"text-align: right\"><a title=\"Program\" href=\"http:\/\/knjiznice.nsk.hr\/porec\/booktiga\/program\/\"><span style=\"color: #ff6600\"><strong>Povratak &lt;<\/strong><\/span><\/a><\/p>\n<p>Nakon otvaranja knji\u017eni\u010dnih stacionara u \u010cervar Portu, Novoj Vasi i Varvarima, i nakon pozitivnih odjeka me\u0111u sugra\u0111anima, Gradska knji\u017enica Pore\u010d sa zadovoljstvom nastavlja s projektom <strong>\u201cKnjiga pri ruci\u201d<\/strong> u suradnji s mjesnim odborima Grada Pore\u010da, kako bi nastavila svoju misiju \u0161irenja knji\u017eni\u010dne mre\u017ee u Pore\u010du.<\/p>\n<p>Stoga s rado\u0161\u0107u najavljujemo otvorenje \u010detvrtoga po redu knji\u017eni\u010dnog stacionara Gradske knji\u017enice Pore\u010d u <strong>Mjesnom odboru\u00a0 Baderna <\/strong>koji \u0107e biti otvoren 24. travnja 2015. godine u 11 sati u okviru programa festivala pro\u010ditanih knjiga <strong>BOOKtiga 2015<\/strong>. Manifestacija je to koja kroz jedinstven oblik popularizacije knjige i \u010ditanja uz prodaju, razmjenu i darivanje rabljenih knjiga, obra\u0107a se naj\u0161iroj javnosti uz poziv na kulturni dijalog. Fokus na knjigu i \u010ditanje dan je kroz raznovrstan program u kojem se nastoji zadovoljiti najrazli\u010ditije \u010ditateljske afinitete.<\/p>\n<p>Za razvoj knji\u017eni\u010dne mre\u017ee odabran je model knji\u017eni\u010dnog stacionara kako bi se osigurale osnovne knji\u017eni\u010dne usluge i na manje dostupnim i udaljenijim mjestima gradskog sredi\u0161ta. Na taj \u0107e se na\u010din, na \u0161irem podru\u010dju grada Pore\u010da, olak\u0161ati dostup knjiga svim \u010dlanovima lokalne zajednice, a posebice djeci te starijim i slabije pokretnim sugra\u0111anima.<\/p>\n<p>Mjesni odbor Baderna prigrlio je ideju o osnivanju knji\u017eni\u010dnog stacionara u kojem je smje\u0161teno vi\u0161e od pet stotina knjiga te ve\u0107i broj slobodnih knjiga u BookCrossingu, projektu za razmjenu knjiga.<\/p>\n<p>S ovim stacionarom zatvara se prvi dio projekta \u0161irenja knji\u017eni\u010dne mre\u017ee, jer je Baderna posljednja stanica koja ima prostorne uvjete za prihvat knjiga.\u00a0 Ostaje jo\u0161 jedino MO \u017dbandaj gdje \u0107e se, nakon rekonstrukcije zgrade, otvoriti zadnji stacionar.<\/p>\n<p>No, s na\u0161om BOOKtigom zapo\u010dinje drugi dio misije \u0161irenja knji\u017eni\u010dne mre\u017ee uklju\u010denjem u \u00a0me\u0111unarodni projekt <strong>Little Free Library<\/strong> koji je za\u017eivo u 70 dr\u017eava svijeta ukazuju\u0107i na dinami\u010dnost i spontanost \u017eivljenja uz knjigu u svakodnevnim aktivnostima i na otvorenim prostorima.<\/p>\n<p>Na\u0161 Festival humanitarnoga je karaktera, a tako \u0107e se na 8. BOOKtigi sva prikupljena sredstva od prodaje darovanih knjiga usmjerit za izradu <strong>ku\u0107ica za knjige<\/strong>, malim knji\u017enicama na otvorenom, i to u onim mjesnim odborima koji nemaju uvjete za otvorenje stacionara.<\/p>\n<p>Stoga vas s rado\u0161\u0107u i ponosom pozivamo vas da nam se pridru\u017eite u <strong>petak 24. travnja u 11 sati <\/strong>kako bismo zajedni\u010dkim dru\u017eenjem okrenuli prvu stranicu knji\u017eni\u010dne djelatnosti u Baderni !<\/p>\n<p>Dobro nam do\u0161li!<\/p>\n<p style=\"text-align: right\"><span style=\"color: #ff6600\">\u00a0<a style=\"color: #ff6600\" title=\"Program\" href=\"http:\/\/knjiznice.nsk.hr\/porec\/booktiga\/program\/\"><strong>Povratak &lt;<\/strong><\/a><\/span><\/p>\n","protected":false},"excerpt":{"rendered":"<p>Povratak &lt; Nakon otvaranja knji\u017eni\u010dnih stacionara u \u010cervar Portu, Novoj Vasi i Varvarima, i nakon pozitivnih odjeka me\u0111u sugra\u0111anima, Gradska knji\u017enica Pore\u010d sa zadovoljstvom nastavlja s projektom \u201cKnjiga pri ruci\u201d u suradnji s mjesnim odborima Grada Pore\u010da, kako bi nastavila svoju misiju \u0161irenja knji\u017eni\u010dne mre\u017ee u Pore\u010du. Stoga s rado\u0161\u0107u najavljujemo otvorenje \u010detvrtoga po redu [&hellip;]<\/p>\n","protected":false},"author":39,"featured_media":0,"parent":133,"menu_order":0,"comment_status":"closed","ping_status":"closed","template":"page_landing.php","meta":{"ngg_post_thumbnail":0},"yoast_head":"<!-- This site is optimized with the Yoast SEO plugin v16.4 - https:\/\/yoast.com\/wordpress\/plugins\/seo\/ -->\n<meta name=\"robots\" content=\"index, follow, max-snippet:-1, max-image-preview:large, max-video-preview:-1\" \/>\n<link rel=\"canonical\" href=\"http:\/\/knjiznice.nsk.hr\/porec\/booktiga\/program\/otvaranje-knjiznicnog-stacionara-baderna\/\" \/>\n<meta property=\"og:locale\" content=\"hr_HR\" \/>\n<meta property=\"og:type\" content=\"article\" \/>\n<meta property=\"og:title\" content=\"Otvorenje 4. knji\u017eni\u010dnog stacionara Gradske knji\u017enice Pore\u010d u Baderni - Gradska knji\u017enica Pore\u010d\" \/>\n<meta property=\"og:description\" content=\"Povratak &lt; Nakon otvaranja knji\u017eni\u010dnih stacionara u \u010cervar Portu, Novoj Vasi i Varvarima, i nakon pozitivnih odjeka me\u0111u sugra\u0111anima, Gradska knji\u017enica Pore\u010d sa zadovoljstvom nastavlja s projektom \u201cKnjiga pri ruci\u201d u suradnji s mjesnim odborima Grada Pore\u010da, kako bi nastavila svoju misiju \u0161irenja knji\u017eni\u010dne mre\u017ee u Pore\u010du. Stoga s rado\u0161\u0107u najavljujemo otvorenje \u010detvrtoga po redu [&hellip;]\" \/>\n<meta property=\"og:url\" content=\"http:\/\/knjiznice.nsk.hr\/porec\/booktiga\/program\/otvaranje-knjiznicnog-stacionara-baderna\/\" \/>\n<meta property=\"og:site_name\" content=\"Gradska knji\u017enica Pore\u010d\" \/>\n<meta property=\"article:modified_time\" content=\"2015-03-30T07:46:35+00:00\" \/>\n<meta name=\"twitter:label1\" content=\"Procijenjeno vrijeme \u010ditanja\" \/>\n\t<meta name=\"twitter:data1\" content=\"2 minute\" \/>\n<script type=\"application\/ld+json\" class=\"yoast-schema-graph\">{\"@context\":\"https:\/\/schema.org\",\"@graph\":[{\"@type\":\"WebSite\",\"@id\":\"https:\/\/knjiznice.nsk.hr\/porec\/#website\",\"url\":\"https:\/\/knjiznice.nsk.hr\/porec\/\",\"name\":\"Gradska knji\\u017enica Pore\\u010d\",\"description\":\"\",\"potentialAction\":[{\"@type\":\"SearchAction\",\"target\":\"https:\/\/knjiznice.nsk.hr\/porec\/?s={search_term_string}\",\"query-input\":\"required name=search_term_string\"}],\"inLanguage\":\"hr\"},{\"@type\":\"WebPage\",\"@id\":\"http:\/\/knjiznice.nsk.hr\/porec\/booktiga\/program\/otvaranje-knjiznicnog-stacionara-baderna\/#webpage\",\"url\":\"http:\/\/knjiznice.nsk.hr\/porec\/booktiga\/program\/otvaranje-knjiznicnog-stacionara-baderna\/\",\"name\":\"Otvorenje 4. knji\\u017eni\\u010dnog stacionara Gradske knji\\u017enice Pore\\u010d u Baderni - Gradska knji\\u017enica Pore\\u010d\",\"isPartOf\":{\"@id\":\"https:\/\/knjiznice.nsk.hr\/porec\/#website\"},\"datePublished\":\"2015-03-30T07:35:41+00:00\",\"dateModified\":\"2015-03-30T07:46:35+00:00\",\"breadcrumb\":{\"@id\":\"http:\/\/knjiznice.nsk.hr\/porec\/booktiga\/program\/otvaranje-knjiznicnog-stacionara-baderna\/#breadcrumb\"},\"inLanguage\":\"hr\",\"potentialAction\":[{\"@type\":\"ReadAction\",\"target\":[\"http:\/\/knjiznice.nsk.hr\/porec\/booktiga\/program\/otvaranje-knjiznicnog-stacionara-baderna\/\"]}]},{\"@type\":\"BreadcrumbList\",\"@id\":\"http:\/\/knjiznice.nsk.hr\/porec\/booktiga\/program\/otvaranje-knjiznicnog-stacionara-baderna\/#breadcrumb\",\"itemListElement\":[{\"@type\":\"ListItem\",\"position\":1,\"item\":{\"@type\":\"WebPage\",\"@id\":\"https:\/\/knjiznice.nsk.hr\/porec\/\",\"url\":\"https:\/\/knjiznice.nsk.hr\/porec\/\",\"name\":\"Po\\u010detna stranica\"}},{\"@type\":\"ListItem\",\"position\":2,\"item\":{\"@type\":\"WebPage\",\"@id\":\"http:\/\/knjiznice.nsk.hr\/porec\/booktiga\/\",\"url\":\"http:\/\/knjiznice.nsk.hr\/porec\/booktiga\/\",\"name\":\"Booktiga\"}},{\"@type\":\"ListItem\",\"position\":3,\"item\":{\"@type\":\"WebPage\",\"@id\":\"http:\/\/knjiznice.nsk.hr\/porec\/booktiga\/program\/\",\"url\":\"http:\/\/knjiznice.nsk.hr\/porec\/booktiga\/program\/\",\"name\":\"Program\"}},{\"@type\":\"ListItem\",\"position\":4,\"item\":{\"@id\":\"http:\/\/knjiznice.nsk.hr\/porec\/booktiga\/program\/otvaranje-knjiznicnog-stacionara-baderna\/#webpage\"}}]}]}<\/script>\n<!-- \/ Yoast SEO plugin. -->","_links":{"self":[{"href":"http:\/\/knjiznice.nsk.hr\/porec\/wp-json\/wp\/v2\/pages\/267"}],"collection":[{"href":"http:\/\/knjiznice.nsk.hr\/porec\/wp-json\/wp\/v2\/pages"}],"about":[{"href":"http:\/\/knjiznice.nsk.hr\/porec\/wp-json\/wp\/v2\/types\/page"}],"author":[{"embeddable":true,"href":"http:\/\/knjiznice.nsk.hr\/porec\/wp-json\/wp\/v2\/users\/39"}],"replies":[{"embeddable":true,"href":"http:\/\/knjiznice.nsk.hr\/porec\/wp-json\/wp\/v2\/comments?post=267"}],"version-history":[{"count":2,"href":"http:\/\/knjiznice.nsk.hr\/porec\/wp-json\/wp\/v2\/pages\/267\/revisions"}],"predecessor-version":[{"id":280,"href":"http:\/\/knjiznice.nsk.hr\/porec\/wp-json\/wp\/v2\/pages\/267\/revisions\/280"}],"up":[{"embeddable":true,"href":"http:\/\/knjiznice.nsk.hr\/porec\/wp-json\/wp\/v2\/pages\/133"}],"wp:attachment":[{"href":"http:\/\/knjiznice.nsk.hr\/porec\/wp-json\/wp\/v2\/media?parent=267"}],"curies":[{"name":"wp","href":"https:\/\/api.w.org\/{rel}","templated":true}]}}