{"id":133,"date":"2015-03-24T13:06:56","date_gmt":"2015-03-24T13:06:56","guid":{"rendered":"http:\/\/knjiznice.nsk.hr\/porec\/?page_id=133"},"modified":"2015-04-17T11:30:05","modified_gmt":"2015-04-17T11:30:05","slug":"program","status":"publish","type":"page","link":"http:\/\/knjiznice.nsk.hr\/porec\/booktiga\/program\/","title":{"rendered":"Program"},"content":{"rendered":"<p>&nbsp;<\/p>\n<h4 style=\"text-align: right\"><span style=\"color: #ff6600\"><strong><a style=\"color: #ff6600\" title=\"Booktiga\" href=\"http:\/\/knjiznice.nsk.hr\/porec\/booktiga\/\">Povratak &lt; <\/a><\/strong><\/span><\/h4>\n<h2 style=\"text-align: left\"><span style=\"color: #b40431\">BOOKtiga 2015.<\/span><\/h2>\n<hr \/>\n<table style=\"height: 230px\" width=\"952\">\n<tbody>\n<tr>\n<td valign=\"top\">\n<h3 style=\"text-align: center\"><span style=\"color: #b40431\"><em><strong>Ponedjeljak 20.4.<\/strong><\/em><\/span><\/h3>\n<p style=\"text-align: center\"><strong><span style=\"color: #b40431\">BOOKti\u017ein<\/span><br \/>\n<\/strong>Trg Marafor<br \/>\n10.00 do 19.00 sati<\/p>\n<\/td>\n<td valign=\"top\">\n<h3 style=\"text-align: center\"><span style=\"color: #b40431\"> <em><strong>Utorak 21.4.<\/strong><\/em><\/span><\/h3>\n<p style=\"text-align: center\"><strong><span style=\"color: #b40431\">BOOKti\u017ein<\/span><br \/>\n<\/strong>Trg Marafor<br \/>\n10.00 do 19.00 sati<\/p>\n<\/td>\n<td valign=\"top\">\n<h3 style=\"text-align: center\"><span style=\"color: #ff6600\"><em><strong><span style=\"color: #b40431\">Srijeda 22.4.<\/span><br \/>\n<\/strong><\/em><\/span><\/h3>\n<p style=\"text-align: center\">19.00 sati<br \/>\nGradska knji\u017enica Pore\u010d<br \/>\n<span style=\"font-family: inherit;font-size: inherit;line-height: 1.5\">Otvaranje Festivala<br \/>\n<\/span><a title=\"Gosti knji\u017eevnici\" href=\"http:\/\/knjiznice.nsk.hr\/porec\/booktiga\/autori\/\"><span style=\"color: #ff6600\"><strong><span style=\"color: #b40431\">Dodjela Nagrade BOOKtiga<\/span><br \/>\n<\/strong><\/span><strong><span style=\"color: #ff6600\"><span style=\"color: #333333\">Gost knji\u017eevnik:<\/span> <span style=\"color: #b40431\">Drago Pilsel<\/span><\/span> <\/strong><\/a><\/p>\n<\/td>\n<\/tr>\n<\/tbody>\n<\/table>\n<table style=\"width: 882px;height: 756px\">\n<tbody>\n<tr>\n<td valign=\"top\">\n<h3 style=\"text-align: center\"><span style=\"color: #b40431\"> <em><strong>\u010cetvrtak 23.4.<br \/>\n<\/strong><\/em><em><strong> ~No\u0107 knjige~<\/strong><\/em><\/span><\/h3>\n<p style=\"text-align: center\">9.00 sati<br \/>\nStudijska u\u010dionica<br \/>\n<a title=\"Radionica kreativnog pisanja\" href=\"http:\/\/knjiznice.nsk.hr\/porec\/booktiga\/program\/radionica-kreativnog-pisanja\/\"><span style=\"color: #b40431\"><span style=\"color: #333333\"><strong>Radionica kreativnog pisanja <\/strong><\/span><strong><em>Hodanje uz prugu<br \/>\n<\/em><\/strong><strong><span style=\"color: #333333\">Voditelj:<\/span> Miroslav Mi\u0107anovi\u0107<\/strong><\/span><\/a><\/p>\n<p style=\"text-align: center\">11.00 sati<br \/>\nGradska knji\u017enica Pore\u010d<br \/>\n<span style=\"color: #ff6600\"><a title=\"Izlo\u017eba taktilnih slikovnica\" href=\"http:\/\/knjiznice.nsk.hr\/porec\/booktiga\/program\/izlozba-taktilnih-slikovnica\/\"><strong><span style=\"color: #333333\">Otvorenje izlo\u017ebe taktilnih slikovnica:<\/span> <em><span style=\"color: #b40431\">\u010citajte dodirom!<\/span><br \/>\n<\/em><\/strong><strong><span style=\"color: #333333\">Autorice izlo\u017ebe:<\/span> <span style=\"color: #b40431\">Tanja \u0160upe i Javorka Milkovi\u0107<\/span><\/strong><\/a><\/span><\/p>\n<p style=\"text-align: center\">18.00\u00a0sati<br \/>\nGradska knji\u017enica Pore\u010d<br \/>\n<span style=\"color: #ff6600\"><strong><span style=\"color: #333333\">Multimedijalno predavanje<\/span> <em><span style=\"color: #b40431\">U zemlji zmaja<\/span><br \/>\n<\/em><\/strong><a title=\"Gosti knji\u017eevnici\" href=\"http:\/\/knjiznice.nsk.hr\/porec\/booktiga\/autori\/\"><strong><span style=\"color: #333333\">Gost knji\u017eevnik:<\/span> <span style=\"color: #b40431\">Davor Rostuhar<\/span><\/strong><\/a><\/span><\/p>\n<p style=\"text-align: center\">\n<p style=\"text-align: center\">\n<p style=\"text-align: center\"><strong><span style=\"color: #ff0000\">NAJAVLJENI KNJI\u017dEVNI SUSRET S IGOROM MANDI\u0106EM JE OTKAZAN<\/span><\/strong><\/p>\n<\/td>\n<td valign=\"top\">\n<h3 style=\"text-align: center\"><span style=\"color: #b40431\"><em><strong>Petak 24.4.<\/strong><\/em><\/span><\/h3>\n<p style=\"text-align: center\">9.00 sati<br \/>\nStudijska u\u010dionica<br \/>\n<a title=\"Radionica kreativnog pisanja\" href=\"http:\/\/knjiznice.nsk.hr\/porec\/booktiga\/program\/radionica-kreativnog-pisanja\/\"><span style=\"color: #ff6600\"><strong><span style=\"color: #333333\">Radionica kreativnog pisanja<br \/>\n<\/span><\/strong><\/span><strong><em><span style=\"color: #b40431\">Hodanje uz prugu<\/span><br \/>\n<\/em><\/strong><strong><span style=\"color: #333333\">Voditelj:<\/span> <span style=\"color: #b40431\">Miroslav Mi\u0107anovi\u0107<\/span><\/strong><\/a><\/p>\n<p style=\"text-align: center\">12.00 sati<br \/>\nMjesni odbor Baderna<br \/>\n<a title=\"Otvaranje knji\u017eni\u010dnog stacionara Baderna\" href=\"http:\/\/knjiznice.nsk.hr\/porec\/booktiga\/program\/otvaranje-knjiznicnog-stacionara-baderna\/\"><span style=\"color: #b40431\"><strong>Otvorenje 4. knji\u017eni\u010dnog stacionara<\/strong><\/span><\/a><br \/>\n<a title=\"Otvaranje knji\u017eni\u010dnog stacionara Baderna\" href=\"http:\/\/knjiznice.nsk.hr\/porec\/booktiga\/program\/otvaranje-knjiznicnog-stacionara-baderna\/\"> <span style=\"color: #b40431\"> <strong>Gradske knji\u017enice Pore\u010d<\/strong><\/span><\/a><\/p>\n<p style=\"text-align: center\">17.00 sati<br \/>\nOdjel za djecu<br \/>\n<a title=\"Findus\" href=\"http:\/\/knjiznice.nsk.hr\/porec\/booktiga\/program\/findus\/\"><span style=\"color: #ff6600\"><strong style=\"font-family: inherit;font-size: inherit;line-height: 1.5\"><em><span style=\"color: #b40431\">Petkom u pet: \u010citamo Findusa<\/span><br \/>\n<\/em><\/strong><strong><span style=\"color: #333333\">Gosti:<\/span> <span style=\"color: #b40431\">Jan Kl\u00f8vstad i Iva Ciceran<\/span><\/strong><\/span><\/a><\/p>\n<p style=\"text-align: center\">19.00 sati<br \/>\nGradska knji\u017enica Pore\u010d<br \/>\n<a title=\"Gosti knji\u017eevnici\" href=\"http:\/\/knjiznice.nsk.hr\/porec\/booktiga\/autori\/\"><span style=\"color: #ff6600\"><strong style=\"font-family: inherit;font-size: inherit;line-height: 1.5\"><span style=\"color: #333333\">Knji\u017eevni susret:<\/span> <em><span style=\"color: #b40431\">Od Fasunga, Nigdje, niotkuda do Ljep\u0161ega kraja i Sandala<\/span><br \/>\n<\/em><\/strong><strong><span style=\"color: #333333\">Gost knji\u017eevnik:<\/span> <span style=\"color: #b40431\">Bekim Sejranovi\u0107<\/span><\/strong><\/span><\/a><\/p>\n<\/td>\n<td valign=\"top\">\n<h3 style=\"text-align: center\"><span style=\"color: #b40431\"><em><strong>Subota 25. 4.<\/strong><\/em><\/span><\/h3>\n<p style=\"text-align: center\">11.00 sati<br \/>\nDje\u010dji odjel<br \/>\n<a title=\"Kamishibai\" href=\"http:\/\/knjiznice.nsk.hr\/porec\/booktiga\/program\/kamishibai\/\"><span style=\"color: #ff6600\"><strong><span style=\"color: #333333\">Dobar dan uz kamishibai<br \/>\npredstave za velike i male:<\/span><br \/>\n<\/strong><span style=\"color: #b40431\"><strong>Jerca Cvetko: <em>Ovca Olga<br \/>\n<\/em><\/strong><strong style=\"font-family: inherit;font-size: inherit;line-height: 1.5\">Jure Engelsberger: <em>Cvr\u010dak ide na more<br \/>\n<\/em><\/strong><strong>Igor Cvetko: <em>Prijatelji u ki\u0161nom danu<br \/>\n<\/em><\/strong><strong>Jelena Sitar: <em>O pisanoj ptici<br \/>\n<\/em><\/strong><strong>Rok Glavan: <em>Gospodin Libar<\/em><\/strong><\/span><\/span><\/a><\/p>\n<p style=\"text-align: center\">12.00 sati<br \/>\nDje\u010dji odjel<br \/>\n<a title=\"Kamishibai\" href=\"http:\/\/knjiznice.nsk.hr\/porec\/booktiga\/program\/kamishibai\/\"><span style=\"color: #ff6600\"><strong><span style=\"color: #333333\">Radionica:<\/span> <span style=\"color: #b40431\">Kako izraditi kamishibai?<\/span><br \/>\n<\/strong><strong><span style=\"color: #333333\">Voditelji:<\/span> <span style=\"color: #b40431\">Jure Engelsberger, Jelena Sitar, Jerca Cvetko i Igor Cvetko<\/span><\/strong><\/span><\/a><\/p>\n<p style=\"text-align: center\">\n<\/td>\n<\/tr>\n<\/tbody>\n<\/table>\n<h4 style=\"text-align: right\"><a title=\"Booktiga\" href=\"http:\/\/knjiznice.nsk.hr\/porec\/booktiga\/\"><strong>Povratak &lt;<\/strong><\/a><\/h4>\n","protected":false},"excerpt":{"rendered":"<p>&nbsp; Povratak &lt; BOOKtiga 2015. Ponedjeljak 20.4. BOOKti\u017ein Trg Marafor 10.00 do 19.00 sati Utorak 21.4. BOOKti\u017ein Trg Marafor 10.00 do 19.00 sati Srijeda 22.4. 19.00 sati Gradska knji\u017enica Pore\u010d Otvaranje Festivala Dodjela Nagrade BOOKtiga Gost knji\u017eevnik: Drago Pilsel \u010cetvrtak 23.4. ~No\u0107 knjige~ 9.00 sati Studijska u\u010dionica Radionica kreativnog pisanja Hodanje uz prugu Voditelj: Miroslav [&hellip;]<\/p>\n","protected":false},"author":39,"featured_media":0,"parent":51,"menu_order":0,"comment_status":"closed","ping_status":"closed","template":"page_landing.php","meta":{"ngg_post_thumbnail":0},"yoast_head":"<!-- This site is optimized with the Yoast SEO plugin v16.4 - https:\/\/yoast.com\/wordpress\/plugins\/seo\/ -->\n<meta name=\"robots\" content=\"index, follow, max-snippet:-1, max-image-preview:large, max-video-preview:-1\" \/>\n<link rel=\"canonical\" href=\"http:\/\/knjiznice.nsk.hr\/porec\/booktiga\/program\/\" \/>\n<meta property=\"og:locale\" content=\"hr_HR\" \/>\n<meta property=\"og:type\" content=\"article\" \/>\n<meta property=\"og:title\" content=\"Program - Gradska knji\u017enica Pore\u010d\" \/>\n<meta property=\"og:description\" content=\"&nbsp; Povratak &lt; BOOKtiga 2015. Ponedjeljak 20.4. BOOKti\u017ein Trg Marafor 10.00 do 19.00 sati Utorak 21.4. BOOKti\u017ein Trg Marafor 10.00 do 19.00 sati Srijeda 22.4. 19.00 sati Gradska knji\u017enica Pore\u010d Otvaranje Festivala Dodjela Nagrade BOOKtiga Gost knji\u017eevnik: Drago Pilsel \u010cetvrtak 23.4. ~No\u0107 knjige~ 9.00 sati Studijska u\u010dionica Radionica kreativnog pisanja Hodanje uz prugu Voditelj: Miroslav [&hellip;]\" \/>\n<meta property=\"og:url\" content=\"http:\/\/knjiznice.nsk.hr\/porec\/booktiga\/program\/\" \/>\n<meta property=\"og:site_name\" content=\"Gradska knji\u017enica Pore\u010d\" \/>\n<meta property=\"article:modified_time\" content=\"2015-04-17T11:30:05+00:00\" \/>\n<meta name=\"twitter:label1\" content=\"Procijenjeno vrijeme \u010ditanja\" \/>\n\t<meta name=\"twitter:data1\" content=\"1 minuta\" \/>\n<script type=\"application\/ld+json\" class=\"yoast-schema-graph\">{\"@context\":\"https:\/\/schema.org\",\"@graph\":[{\"@type\":\"WebSite\",\"@id\":\"https:\/\/knjiznice.nsk.hr\/porec\/#website\",\"url\":\"https:\/\/knjiznice.nsk.hr\/porec\/\",\"name\":\"Gradska knji\\u017enica Pore\\u010d\",\"description\":\"\",\"potentialAction\":[{\"@type\":\"SearchAction\",\"target\":\"https:\/\/knjiznice.nsk.hr\/porec\/?s={search_term_string}\",\"query-input\":\"required name=search_term_string\"}],\"inLanguage\":\"hr\"},{\"@type\":\"WebPage\",\"@id\":\"http:\/\/knjiznice.nsk.hr\/porec\/booktiga\/program\/#webpage\",\"url\":\"http:\/\/knjiznice.nsk.hr\/porec\/booktiga\/program\/\",\"name\":\"Program - Gradska knji\\u017enica Pore\\u010d\",\"isPartOf\":{\"@id\":\"https:\/\/knjiznice.nsk.hr\/porec\/#website\"},\"datePublished\":\"2015-03-24T13:06:56+00:00\",\"dateModified\":\"2015-04-17T11:30:05+00:00\",\"breadcrumb\":{\"@id\":\"http:\/\/knjiznice.nsk.hr\/porec\/booktiga\/program\/#breadcrumb\"},\"inLanguage\":\"hr\",\"potentialAction\":[{\"@type\":\"ReadAction\",\"target\":[\"http:\/\/knjiznice.nsk.hr\/porec\/booktiga\/program\/\"]}]},{\"@type\":\"BreadcrumbList\",\"@id\":\"http:\/\/knjiznice.nsk.hr\/porec\/booktiga\/program\/#breadcrumb\",\"itemListElement\":[{\"@type\":\"ListItem\",\"position\":1,\"item\":{\"@type\":\"WebPage\",\"@id\":\"https:\/\/knjiznice.nsk.hr\/porec\/\",\"url\":\"https:\/\/knjiznice.nsk.hr\/porec\/\",\"name\":\"Po\\u010detna stranica\"}},{\"@type\":\"ListItem\",\"position\":2,\"item\":{\"@type\":\"WebPage\",\"@id\":\"http:\/\/knjiznice.nsk.hr\/porec\/booktiga\/\",\"url\":\"http:\/\/knjiznice.nsk.hr\/porec\/booktiga\/\",\"name\":\"Booktiga\"}},{\"@type\":\"ListItem\",\"position\":3,\"item\":{\"@id\":\"http:\/\/knjiznice.nsk.hr\/porec\/booktiga\/program\/#webpage\"}}]}]}<\/script>\n<!-- \/ Yoast SEO plugin. -->","_links":{"self":[{"href":"http:\/\/knjiznice.nsk.hr\/porec\/wp-json\/wp\/v2\/pages\/133"}],"collection":[{"href":"http:\/\/knjiznice.nsk.hr\/porec\/wp-json\/wp\/v2\/pages"}],"about":[{"href":"http:\/\/knjiznice.nsk.hr\/porec\/wp-json\/wp\/v2\/types\/page"}],"author":[{"embeddable":true,"href":"http:\/\/knjiznice.nsk.hr\/porec\/wp-json\/wp\/v2\/users\/39"}],"replies":[{"embeddable":true,"href":"http:\/\/knjiznice.nsk.hr\/porec\/wp-json\/wp\/v2\/comments?post=133"}],"version-history":[{"count":42,"href":"http:\/\/knjiznice.nsk.hr\/porec\/wp-json\/wp\/v2\/pages\/133\/revisions"}],"predecessor-version":[{"id":311,"href":"http:\/\/knjiznice.nsk.hr\/porec\/wp-json\/wp\/v2\/pages\/133\/revisions\/311"}],"up":[{"embeddable":true,"href":"http:\/\/knjiznice.nsk.hr\/porec\/wp-json\/wp\/v2\/pages\/51"}],"wp:attachment":[{"href":"http:\/\/knjiznice.nsk.hr\/porec\/wp-json\/wp\/v2\/media?parent=133"}],"curies":[{"name":"wp","href":"https:\/\/api.w.org\/{rel}","templated":true}]}}