{"id":3049,"date":"2019-01-30T10:04:03","date_gmt":"2019-01-30T09:04:03","guid":{"rendered":"http:\/\/knjiznice.nsk.hr\/ploce\/?page_id=3049"},"modified":"2025-07-08T16:13:57","modified_gmt":"2025-07-08T14:13:57","slug":"izvjesca-o-radu","status":"publish","type":"page","link":"http:\/\/knjiznice.nsk.hr\/ploce\/knjiznica\/dokumenti\/izvjesca-o-radu\/","title":{"rendered":"Izvje\u0161\u0107a o radu"},"content":{"rendered":"<ul>\n<li><a href=\"https:\/\/drive.google.com\/file\/d\/1mKjKfMjnGZl1vLPOgPeJnSXlhYkVSpNc\/view?usp=drive_link\" target=\"_blank\" rel=\"noopener\">Izvje\u0161\u0107e o radu za 2024. godinu<\/a><\/li>\n<li><a href=\"https:\/\/drive.google.com\/file\/d\/1FrRWSdmUn6pAGDow3-RHVokVJc-4Ep-9\/view?usp=sharing\" target=\"_blank\" rel=\"noopener\">Izvje\u0161\u0107e o radu za 2023. godinu<\/a><\/li>\n<li><a href=\"https:\/\/drive.google.com\/file\/d\/1lyKjJ1MNZS4LOyOwZHujQly5GKyHiDim\/view?usp=drive_link\" target=\"_blank\" rel=\"noopener\">Izvje\u0161\u0107e o radu za 2022. godinu<\/a><\/li>\n<li><a href=\"https:\/\/drive.google.com\/file\/d\/10dJgvdDYdyMujQgxRp5Nb9n2xvUJurzM\/view?usp=sharing\" target=\"_blank\" rel=\"noopener\">Izvje\u0161\u0107e o radu za 2021. godinu<\/a><\/li>\n<li><a href=\"https:\/\/drive.google.com\/file\/d\/1hCxvjZWHB_ylLjPRfnQTFXiribclX84W\/view?usp=sharing\" target=\"_blank\" rel=\"noopener\">Izvje\u0161\u0107e o radu za 2020. godinu<\/a><\/li>\n<li><a href=\"https:\/\/drive.google.com\/file\/d\/1PL-ZEpWC-ytq7WKJR2CAM98TL6cbweaw\/view?usp=sharing\" target=\"_blank\" rel=\"noopener noreferrer\">Izvje\u0161\u0107e o radu za 2019. godinu<\/a><\/li>\n<li><a href=\"https:\/\/drive.google.com\/file\/d\/14tEIx3c_SHe49oGjAlDh26I50NjNzFoq\/view?usp=sharing\" target=\"_blank\" rel=\"noopener noreferrer\">Izvje\u0161\u0107e o radu za 2018. godinu<\/a><\/li>\n<li><a href=\"https:\/\/drive.google.com\/open?id=1ZZN5KQr-8xTcIPoNJuDQ6rI9ZdAlP_BU\" target=\"_blank\" rel=\"noopener noreferrer\">Izvje\u0161\u0107e o radu za 2017. godinu<\/a><\/li>\n<li><a href=\"https:\/\/drive.google.com\/file\/d\/1zxe2OadpuiwBNoXINJyWwb5axtGh_TJu\/view?usp=sharing\" target=\"_blank\" rel=\"noopener noreferrer\">Izvje\u0161\u0107e o radu za 2016. godinu<\/a><\/li>\n<li><a href=\"https:\/\/drive.google.com\/open?id=1PHMVOs9hjCx2VQqi25Y8XiPwgLhTR7mH\" target=\"_blank\" rel=\"noopener noreferrer\">Izvje\u0161\u0107e o radu za 2015. godinu<\/a><\/li>\n<\/ul>\n","protected":false},"excerpt":{"rendered":"<p>Izvje\u0161\u0107e o radu za 2024. godinu Izvje\u0161\u0107e o radu za 2023. godinu Izvje\u0161\u0107e o radu za 2022. godinu Izvje\u0161\u0107e o radu za 2021. godinu Izvje\u0161\u0107e o radu za 2020. godinu Izvje\u0161\u0107e o radu za 2019. godinu Izvje\u0161\u0107e o radu za 2018. godinu Izvje\u0161\u0107e o radu za 2017. godinu Izvje\u0161\u0107e o radu za 2016. godinu Izvje\u0161\u0107e [&hellip;]<\/p>\n","protected":false},"author":89,"featured_media":0,"parent":3000,"menu_order":3,"comment_status":"closed","ping_status":"closed","template":"","meta":{"ngg_post_thumbnail":0},"yoast_head":"<!-- This site is optimized with the Yoast SEO plugin v16.4 - https:\/\/yoast.com\/wordpress\/plugins\/seo\/ -->\n<meta name=\"robots\" content=\"index, follow, max-snippet:-1, max-image-preview:large, max-video-preview:-1\" \/>\n<link rel=\"canonical\" href=\"https:\/\/knjiznice.nsk.hr\/ploce\/knjiznica\/dokumenti\/izvjesca-o-radu\/\" \/>\n<meta property=\"og:locale\" content=\"hr_HR\" \/>\n<meta property=\"og:type\" content=\"article\" \/>\n<meta property=\"og:title\" content=\"Izvje\u0161\u0107a o radu - Narodna knji\u017enica Plo\u010de\" \/>\n<meta property=\"og:description\" content=\"Izvje\u0161\u0107e o radu za 2024. godinu Izvje\u0161\u0107e o radu za 2023. godinu Izvje\u0161\u0107e o radu za 2022. godinu Izvje\u0161\u0107e o radu za 2021. godinu Izvje\u0161\u0107e o radu za 2020. godinu Izvje\u0161\u0107e o radu za 2019. godinu Izvje\u0161\u0107e o radu za 2018. godinu Izvje\u0161\u0107e o radu za 2017. godinu Izvje\u0161\u0107e o radu za 2016. godinu Izvje\u0161\u0107e [&hellip;]\" \/>\n<meta property=\"og:url\" content=\"https:\/\/knjiznice.nsk.hr\/ploce\/knjiznica\/dokumenti\/izvjesca-o-radu\/\" \/>\n<meta property=\"og:site_name\" content=\"Narodna knji\u017enica Plo\u010de\" \/>\n<meta property=\"article:publisher\" content=\"https:\/\/www.facebook.com\/narodnaknjiznica.ploce\/\" \/>\n<meta property=\"article:modified_time\" content=\"2025-07-08T14:13:57+00:00\" \/>\n<meta name=\"twitter:label1\" content=\"Procijenjeno vrijeme \u010ditanja\" \/>\n\t<meta name=\"twitter:data1\" content=\"1 minuta\" \/>\n<script type=\"application\/ld+json\" class=\"yoast-schema-graph\">{\"@context\":\"https:\/\/schema.org\",\"@graph\":[{\"@type\":\"Organization\",\"@id\":\"http:\/\/knjiznice.nsk.hr\/ploce\/#organization\",\"name\":\"Narodna knji\\u017enica Plo\\u010de\",\"url\":\"http:\/\/knjiznice.nsk.hr\/ploce\/\",\"sameAs\":[\"https:\/\/www.facebook.com\/narodnaknjiznica.ploce\/\"],\"logo\":{\"@type\":\"ImageObject\",\"@id\":\"http:\/\/knjiznice.nsk.hr\/ploce\/#logo\",\"inLanguage\":\"hr\",\"url\":\"http:\/\/knjiznice.nsk.hr\/ploce\/wp-content\/uploads\/sites\/74\/2015\/09\/logo_1.png\",\"contentUrl\":\"http:\/\/knjiznice.nsk.hr\/ploce\/wp-content\/uploads\/sites\/74\/2015\/09\/logo_1.png\",\"width\":861,\"height\":503,\"caption\":\"Narodna knji\\u017enica Plo\\u010de\"},\"image\":{\"@id\":\"http:\/\/knjiznice.nsk.hr\/ploce\/#logo\"}},{\"@type\":\"WebSite\",\"@id\":\"http:\/\/knjiznice.nsk.hr\/ploce\/#website\",\"url\":\"http:\/\/knjiznice.nsk.hr\/ploce\/\",\"name\":\"Narodna knji\\u017enica Plo\\u010de\",\"description\":\"\",\"publisher\":{\"@id\":\"http:\/\/knjiznice.nsk.hr\/ploce\/#organization\"},\"potentialAction\":[{\"@type\":\"SearchAction\",\"target\":\"http:\/\/knjiznice.nsk.hr\/ploce\/?s={search_term_string}\",\"query-input\":\"required name=search_term_string\"}],\"inLanguage\":\"hr\"},{\"@type\":\"WebPage\",\"@id\":\"https:\/\/knjiznice.nsk.hr\/ploce\/knjiznica\/dokumenti\/izvjesca-o-radu\/#webpage\",\"url\":\"https:\/\/knjiznice.nsk.hr\/ploce\/knjiznica\/dokumenti\/izvjesca-o-radu\/\",\"name\":\"Izvje\\u0161\\u0107a o radu - Narodna knji\\u017enica Plo\\u010de\",\"isPartOf\":{\"@id\":\"http:\/\/knjiznice.nsk.hr\/ploce\/#website\"},\"datePublished\":\"2019-01-30T09:04:03+00:00\",\"dateModified\":\"2025-07-08T14:13:57+00:00\",\"breadcrumb\":{\"@id\":\"https:\/\/knjiznice.nsk.hr\/ploce\/knjiznica\/dokumenti\/izvjesca-o-radu\/#breadcrumb\"},\"inLanguage\":\"hr\",\"potentialAction\":[{\"@type\":\"ReadAction\",\"target\":[\"https:\/\/knjiznice.nsk.hr\/ploce\/knjiznica\/dokumenti\/izvjesca-o-radu\/\"]}]},{\"@type\":\"BreadcrumbList\",\"@id\":\"https:\/\/knjiznice.nsk.hr\/ploce\/knjiznica\/dokumenti\/izvjesca-o-radu\/#breadcrumb\",\"itemListElement\":[{\"@type\":\"ListItem\",\"position\":1,\"item\":{\"@type\":\"WebPage\",\"@id\":\"http:\/\/knjiznice.nsk.hr\/ploce\/\",\"url\":\"http:\/\/knjiznice.nsk.hr\/ploce\/\",\"name\":\"Po\\u010detna stranica\"}},{\"@type\":\"ListItem\",\"position\":2,\"item\":{\"@type\":\"WebPage\",\"@id\":\"http:\/\/knjiznice.nsk.hr\/ploce\/knjiznica\/\",\"url\":\"http:\/\/knjiznice.nsk.hr\/ploce\/knjiznica\/\",\"name\":\"Knji\\u017enica\"}},{\"@type\":\"ListItem\",\"position\":3,\"item\":{\"@type\":\"WebPage\",\"@id\":\"http:\/\/knjiznice.nsk.hr\/ploce\/knjiznica\/dokumenti\/\",\"url\":\"http:\/\/knjiznice.nsk.hr\/ploce\/knjiznica\/dokumenti\/\",\"name\":\"Dokumenti i izvje\\u0161\\u0107a\"}},{\"@type\":\"ListItem\",\"position\":4,\"item\":{\"@id\":\"https:\/\/knjiznice.nsk.hr\/ploce\/knjiznica\/dokumenti\/izvjesca-o-radu\/#webpage\"}}]}]}<\/script>\n<!-- \/ Yoast SEO plugin. -->","_links":{"self":[{"href":"http:\/\/knjiznice.nsk.hr\/ploce\/wp-json\/wp\/v2\/pages\/3049"}],"collection":[{"href":"http:\/\/knjiznice.nsk.hr\/ploce\/wp-json\/wp\/v2\/pages"}],"about":[{"href":"http:\/\/knjiznice.nsk.hr\/ploce\/wp-json\/wp\/v2\/types\/page"}],"author":[{"embeddable":true,"href":"http:\/\/knjiznice.nsk.hr\/ploce\/wp-json\/wp\/v2\/users\/89"}],"replies":[{"embeddable":true,"href":"http:\/\/knjiznice.nsk.hr\/ploce\/wp-json\/wp\/v2\/comments?post=3049"}],"version-history":[{"count":14,"href":"http:\/\/knjiznice.nsk.hr\/ploce\/wp-json\/wp\/v2\/pages\/3049\/revisions"}],"predecessor-version":[{"id":3051,"href":"http:\/\/knjiznice.nsk.hr\/ploce\/wp-json\/wp\/v2\/pages\/3049\/revisions\/3051"}],"up":[{"embeddable":true,"href":"http:\/\/knjiznice.nsk.hr\/ploce\/wp-json\/wp\/v2\/pages\/3000"}],"wp:attachment":[{"href":"http:\/\/knjiznice.nsk.hr\/ploce\/wp-json\/wp\/v2\/media?parent=3049"}],"curies":[{"name":"wp","href":"https:\/\/api.w.org\/{rel}","templated":true}]}}