{"id":3005,"date":"2019-01-29T15:49:12","date_gmt":"2019-01-29T14:49:12","guid":{"rendered":"http:\/\/knjiznice.nsk.hr\/ploce\/?page_id=3005"},"modified":"2026-02-02T15:38:07","modified_gmt":"2026-02-02T14:38:07","slug":"financijski-izvjestaji","status":"publish","type":"page","link":"http:\/\/knjiznice.nsk.hr\/ploce\/knjiznica\/dokumenti\/financijski-izvjestaji\/","title":{"rendered":"Financijski izvje\u0161taji i planovi"},"content":{"rendered":"<hr>\n<p>Financijski izvje\u0161taji:<\/p>\n<ul>\n<li><a href=\"http:\/\/knjiznice.nsk.hr\/ploce\/knjiznica\/dokumenti\/financijski-izvjestaji\/izvjestaj-o-prihodima-i-rashodima-primicima-i-izdacima-za-2025-godinu\/\">Izvje\u0161taj o prihodima i rashodima, primicima i izdacima za <strong>2025<\/strong>. godinu<\/a><\/li>\n<li><a href=\"http:\/\/knjiznice.nsk.hr\/ploce\/knjiznica\/dokumenti\/financijski-izvjestaji\/izvjestaj-o-prihodima-i-rashodima-primicima-i-izdacima-za-2024-godinu\/\">Izvje\u0161taj o prihodima i rashodima, primicima i izdacima za <strong>2024<\/strong>. godinu<\/a><\/li>\n<li><a href=\"http:\/\/knjiznice.nsk.hr\/ploce\/knjiznica\/dokumenti\/financijski-izvjestaji\/izvjestaj-o-prihodima-i-rashodima-primicima-i-izdacima-2023\/\">Izvje\u0161taj o prihodima i rashodima, primicima i izdacima za <strong>2023<\/strong>. godinu<\/a><\/li>\n<li><a role=\"link\" href=\"https:\/\/gk-korcula.hr\/nova\/wp-content\/uploads\/2023\/07\/Knji\u017enica-izje\u0161taj-06-23.xlsx\">Izvje\u0161taj o prihodima i rashodima, primicima i izdacima za<\/a><a href=\"https:\/\/docs.google.com\/spreadsheets\/d\/1C1W9JsIqKH7xziZSVtgSza1-SfElC4qk\/edit#gid=1793366324\" target=\"_blank\" rel=\"noopener\"> <strong>2022.<\/strong> godinu<\/a><\/li>\n<li><a role=\"link\" href=\"https:\/\/gk-korcula.hr\/nova\/wp-content\/uploads\/2023\/07\/Knji\u017enica-izje\u0161taj-06-23.xlsx\">Izvje\u0161taj o prihodima i rashodima, primicima i izdacima za<\/a><a href=\"https:\/\/docs.google.com\/spreadsheets\/d\/16hkc90c6gh4esW1g6o1w8xoBjAyLg-8M\/edit?usp=sharing&amp;ouid=101998232239676564505&amp;rtpof=true&amp;sd=true\" target=\"_blank\" rel=\"noopener\"> <strong>2021.<\/strong> godinu<\/a><\/li>\n<li><a role=\"link\" href=\"https:\/\/gk-korcula.hr\/nova\/wp-content\/uploads\/2023\/07\/Knji\u017enica-izje\u0161taj-06-23.xlsx\">Izvje\u0161taj o prihodima i rashodima, primicima i izdacima za<\/a><a href=\"https:\/\/drive.google.com\/file\/d\/1a_my2NyNNBEAOsTs8Vmtir7wUgfH0Nfx\/view?usp=sharing\" target=\"_blank\" rel=\"noopener noreferrer\"> <strong>2020.<\/strong> godinu<\/a><\/li>\n<li><a role=\"link\" href=\"https:\/\/gk-korcula.hr\/nova\/wp-content\/uploads\/2023\/07\/Knji\u017enica-izje\u0161taj-06-23.xlsx\">Izvje\u0161taj o prihodima i rashodima, primicima i izdacima za<\/a><a href=\"https:\/\/drive.google.com\/file\/d\/1IabMjt-zwBLlAOsRYkfp-jSbjSe_JhGt\/view?usp=sharing\" target=\"_blank\" rel=\"noopener noreferrer\"> <strong>2019.<\/strong> godinu<\/a><\/li>\n<li><a role=\"link\" href=\"https:\/\/gk-korcula.hr\/nova\/wp-content\/uploads\/2023\/07\/Knji\u017enica-izje\u0161taj-06-23.xlsx\">Izvje\u0161taj o prihodima i rashodima, primicima i izdacima za<\/a><a href=\"https:\/\/drive.google.com\/open?id=1VHsLuQtUCJUB4Fy929soD1aC-DXAhDk1\" target=\"_blank\" rel=\"noopener noreferrer\"> <strong>2018.<\/strong> godinu<\/a><\/li>\n<li><a role=\"link\" href=\"https:\/\/gk-korcula.hr\/nova\/wp-content\/uploads\/2023\/07\/Knji\u017enica-izje\u0161taj-06-23.xlsx\">Izvje\u0161taj o prihodima i rashodima, primicima i izdacima za<\/a><a href=\"https:\/\/drive.google.com\/open?id=1clBcrzmp8bcJbmXB8heFG8jX2uecL3wik6r2sWlkM4Q\" target=\"_blank\" rel=\"noopener noreferrer\"> <strong>2017.<\/strong> godinu<\/a><\/li>\n<li><a role=\"link\" href=\"https:\/\/gk-korcula.hr\/nova\/wp-content\/uploads\/2023\/07\/Knji\u017enica-izje\u0161taj-06-23.xlsx\">Izvje\u0161taj o prihodima i rashodima, primicima i izdacima za<\/a><a href=\"https:\/\/drive.google.com\/open?id=1WCX5-43n1pqHrSh-SjCyjFn6lur4DzFe\" target=\"_blank\" rel=\"noopener noreferrer\"> <strong>2016.<\/strong> godinu<\/a><\/li>\n<\/ul>\n<p>Financijski planovi:<\/p>\n<ul>\n<li><a href=\"https:\/\/drive.google.com\/file\/d\/1CIICCPo_9BbiiqIiC4OixOMuSY0qT9Hh\/view?usp=sharing\" target=\"_blank\" rel=\"noopener\">Financijski plan za <strong>2026.<\/strong> godinu<\/a><\/li>\n<li><a href=\"https:\/\/drive.google.com\/file\/d\/1shRL4rCyA1an9Dxt4EjOIwC_KR_HJI8U\/view?usp=sharing\" target=\"_blank\" rel=\"noopener\">Financijski plan za <strong>2025.<\/strong> godinu<\/a><\/li>\n<li><a href=\"https:\/\/drive.google.com\/file\/d\/1hNq0on44Urrra_1I2MKuaEja2ZM5wa0y\/view?usp=sharing\" target=\"_blank\" rel=\"noopener\">Financijski plan za <strong>2024.<\/strong> godinu<\/a><\/li>\n<li><a href=\"https:\/\/drive.google.com\/file\/d\/1cDfWPRiMPHZ7vFnw_2PH5DUVVaTjITuc\/view?usp=share_link\" target=\"_blank\" rel=\"noopener\">Financijski plan za <strong>2023.<\/strong> godinu<\/a><\/li>\n<li><a href=\"https:\/\/drive.google.com\/file\/d\/1SXr89mjsyQdPUImT0QGXP5fYDi8PHPWb\/view?usp=sharing\">Financijski plan za<strong> 2022.<\/strong> godinu<\/a><\/li>\n<li><a href=\"https:\/\/drive.google.com\/file\/d\/1j3yTVQqpmPL3bFDhBW4sHJlkUGaB25nV\/view?usp=sharing\" target=\"_blank\" rel=\"noopener noreferrer\">Financijski plan za <strong>2021.<\/strong> godinu<\/a><\/li>\n<li><a href=\"https:\/\/drive.google.com\/file\/d\/17T6ng3FwoxPgGEyYLsQ0FTx-Th4IIRKU\/view?usp=sharing\" target=\"_blank\" rel=\"noopener noreferrer\">Financijski plan za <strong>2020.<\/strong> godinu<\/a><\/li>\n<\/ul>\n","protected":false},"excerpt":{"rendered":"<p>Financijski izvje\u0161taji: Izvje\u0161taj o prihodima i rashodima, primicima i izdacima za 2025. godinu Izvje\u0161taj o prihodima i rashodima, primicima i izdacima za 2024. godinu Izvje\u0161taj o prihodima i rashodima, primicima i izdacima za 2023. godinu Izvje\u0161taj o prihodima i rashodima, primicima i izdacima za 2022. godinu Izvje\u0161taj o prihodima i rashodima, primicima i izdacima za [&hellip;]<\/p>\n","protected":false},"author":89,"featured_media":0,"parent":3000,"menu_order":1,"comment_status":"closed","ping_status":"closed","template":"","meta":{"ngg_post_thumbnail":0},"yoast_head":"<!-- This site is optimized with the Yoast SEO plugin v16.4 - https:\/\/yoast.com\/wordpress\/plugins\/seo\/ -->\n<meta name=\"robots\" content=\"index, follow, max-snippet:-1, max-image-preview:large, max-video-preview:-1\" \/>\n<link rel=\"canonical\" href=\"http:\/\/knjiznice.nsk.hr\/ploce\/knjiznica\/dokumenti\/financijski-izvjestaji\/\" \/>\n<meta property=\"og:locale\" content=\"hr_HR\" \/>\n<meta property=\"og:type\" content=\"article\" \/>\n<meta property=\"og:title\" content=\"Financijski izvje\u0161taji i planovi - Narodna knji\u017enica Plo\u010de\" \/>\n<meta property=\"og:description\" content=\"Financijski izvje\u0161taji: Izvje\u0161taj o prihodima i rashodima, primicima i izdacima za 2025. godinu Izvje\u0161taj o prihodima i rashodima, primicima i izdacima za 2024. godinu Izvje\u0161taj o prihodima i rashodima, primicima i izdacima za 2023. godinu Izvje\u0161taj o prihodima i rashodima, primicima i izdacima za 2022. godinu Izvje\u0161taj o prihodima i rashodima, primicima i izdacima za [&hellip;]\" \/>\n<meta property=\"og:url\" content=\"http:\/\/knjiznice.nsk.hr\/ploce\/knjiznica\/dokumenti\/financijski-izvjestaji\/\" \/>\n<meta property=\"og:site_name\" content=\"Narodna knji\u017enica Plo\u010de\" \/>\n<meta property=\"article:publisher\" content=\"https:\/\/www.facebook.com\/narodnaknjiznica.ploce\/\" \/>\n<meta property=\"article:modified_time\" content=\"2026-02-02T14:38:07+00:00\" \/>\n<meta name=\"twitter:label1\" content=\"Procijenjeno vrijeme \u010ditanja\" \/>\n\t<meta name=\"twitter:data1\" content=\"1 minuta\" \/>\n<script type=\"application\/ld+json\" class=\"yoast-schema-graph\">{\"@context\":\"https:\/\/schema.org\",\"@graph\":[{\"@type\":\"Organization\",\"@id\":\"https:\/\/knjiznice.nsk.hr\/ploce\/#organization\",\"name\":\"Narodna knji\\u017enica Plo\\u010de\",\"url\":\"https:\/\/knjiznice.nsk.hr\/ploce\/\",\"sameAs\":[\"https:\/\/www.facebook.com\/narodnaknjiznica.ploce\/\"],\"logo\":{\"@type\":\"ImageObject\",\"@id\":\"https:\/\/knjiznice.nsk.hr\/ploce\/#logo\",\"inLanguage\":\"hr\",\"url\":\"http:\/\/knjiznice.nsk.hr\/ploce\/wp-content\/uploads\/sites\/74\/2015\/09\/logo_1.png\",\"contentUrl\":\"http:\/\/knjiznice.nsk.hr\/ploce\/wp-content\/uploads\/sites\/74\/2015\/09\/logo_1.png\",\"width\":861,\"height\":503,\"caption\":\"Narodna knji\\u017enica Plo\\u010de\"},\"image\":{\"@id\":\"https:\/\/knjiznice.nsk.hr\/ploce\/#logo\"}},{\"@type\":\"WebSite\",\"@id\":\"https:\/\/knjiznice.nsk.hr\/ploce\/#website\",\"url\":\"https:\/\/knjiznice.nsk.hr\/ploce\/\",\"name\":\"Narodna knji\\u017enica Plo\\u010de\",\"description\":\"\",\"publisher\":{\"@id\":\"https:\/\/knjiznice.nsk.hr\/ploce\/#organization\"},\"potentialAction\":[{\"@type\":\"SearchAction\",\"target\":\"https:\/\/knjiznice.nsk.hr\/ploce\/?s={search_term_string}\",\"query-input\":\"required name=search_term_string\"}],\"inLanguage\":\"hr\"},{\"@type\":\"WebPage\",\"@id\":\"http:\/\/knjiznice.nsk.hr\/ploce\/knjiznica\/dokumenti\/financijski-izvjestaji\/#webpage\",\"url\":\"http:\/\/knjiznice.nsk.hr\/ploce\/knjiznica\/dokumenti\/financijski-izvjestaji\/\",\"name\":\"Financijski izvje\\u0161taji i planovi - Narodna knji\\u017enica Plo\\u010de\",\"isPartOf\":{\"@id\":\"https:\/\/knjiznice.nsk.hr\/ploce\/#website\"},\"datePublished\":\"2019-01-29T14:49:12+00:00\",\"dateModified\":\"2026-02-02T14:38:07+00:00\",\"breadcrumb\":{\"@id\":\"http:\/\/knjiznice.nsk.hr\/ploce\/knjiznica\/dokumenti\/financijski-izvjestaji\/#breadcrumb\"},\"inLanguage\":\"hr\",\"potentialAction\":[{\"@type\":\"ReadAction\",\"target\":[\"http:\/\/knjiznice.nsk.hr\/ploce\/knjiznica\/dokumenti\/financijski-izvjestaji\/\"]}]},{\"@type\":\"BreadcrumbList\",\"@id\":\"http:\/\/knjiznice.nsk.hr\/ploce\/knjiznica\/dokumenti\/financijski-izvjestaji\/#breadcrumb\",\"itemListElement\":[{\"@type\":\"ListItem\",\"position\":1,\"item\":{\"@type\":\"WebPage\",\"@id\":\"https:\/\/knjiznice.nsk.hr\/ploce\/\",\"url\":\"https:\/\/knjiznice.nsk.hr\/ploce\/\",\"name\":\"Po\\u010detna stranica\"}},{\"@type\":\"ListItem\",\"position\":2,\"item\":{\"@type\":\"WebPage\",\"@id\":\"https:\/\/knjiznice.nsk.hr\/ploce\/knjiznica\/\",\"url\":\"https:\/\/knjiznice.nsk.hr\/ploce\/knjiznica\/\",\"name\":\"Knji\\u017enica\"}},{\"@type\":\"ListItem\",\"position\":3,\"item\":{\"@type\":\"WebPage\",\"@id\":\"https:\/\/knjiznice.nsk.hr\/ploce\/knjiznica\/dokumenti\/\",\"url\":\"https:\/\/knjiznice.nsk.hr\/ploce\/knjiznica\/dokumenti\/\",\"name\":\"Dokumenti i izvje\\u0161\\u0107a\"}},{\"@type\":\"ListItem\",\"position\":4,\"item\":{\"@id\":\"http:\/\/knjiznice.nsk.hr\/ploce\/knjiznica\/dokumenti\/financijski-izvjestaji\/#webpage\"}}]}]}<\/script>\n<!-- \/ Yoast SEO plugin. -->","_links":{"self":[{"href":"http:\/\/knjiznice.nsk.hr\/ploce\/wp-json\/wp\/v2\/pages\/3005"}],"collection":[{"href":"http:\/\/knjiznice.nsk.hr\/ploce\/wp-json\/wp\/v2\/pages"}],"about":[{"href":"http:\/\/knjiznice.nsk.hr\/ploce\/wp-json\/wp\/v2\/types\/page"}],"author":[{"embeddable":true,"href":"http:\/\/knjiznice.nsk.hr\/ploce\/wp-json\/wp\/v2\/users\/89"}],"replies":[{"embeddable":true,"href":"http:\/\/knjiznice.nsk.hr\/ploce\/wp-json\/wp\/v2\/comments?post=3005"}],"version-history":[{"count":40,"href":"http:\/\/knjiznice.nsk.hr\/ploce\/wp-json\/wp\/v2\/pages\/3005\/revisions"}],"predecessor-version":[{"id":10111,"href":"http:\/\/knjiznice.nsk.hr\/ploce\/wp-json\/wp\/v2\/pages\/3005\/revisions\/10111"}],"up":[{"embeddable":true,"href":"http:\/\/knjiznice.nsk.hr\/ploce\/wp-json\/wp\/v2\/pages\/3000"}],"wp:attachment":[{"href":"http:\/\/knjiznice.nsk.hr\/ploce\/wp-json\/wp\/v2\/media?parent=3005"}],"curies":[{"name":"wp","href":"https:\/\/api.w.org\/{rel}","templated":true}]}}