{"id":60,"date":"2015-04-16T08:38:14","date_gmt":"2015-04-16T08:38:14","guid":{"rendered":"http:\/\/knjiznice.nsk.hr\/pitomaca\/?page_id=60"},"modified":"2020-11-30T12:33:33","modified_gmt":"2020-11-30T12:33:33","slug":"info","status":"publish","type":"page","link":"http:\/\/knjiznice.nsk.hr\/pitomaca\/info\/","title":{"rendered":"Djelatnost"},"content":{"rendered":"<div id=\"div_temeljni_podaci\">\n<div id=\"div_kat_-10000\">&nbsp;<\/div>\n<\/div>\n<p>Adresa: Trg Kralja Tomislava 2, 33405 Pitoma\u010da<br \/>\nOIB 31930875182<br \/>\nTel.: 033\/782-284<br \/>\nFax: 033\/800-155<br \/>\nE-mail: knjiznica.pitomaca@vt.t-com.hr<\/p>\n<p>Knji\u017eni\u010dno osoblje: Irena Gavran\u010di\u0107<\/p>\n<p>V.d. ravnateljice: Danijela Re\u0161etar<\/p>\n<p>Godi\u0161nja \u010dlanarina iznosi 50,00 kn.<\/p>\n<p>Djelatnosti:<br \/>\n* nabava knji\u017ene gra\u0111e<br \/>\n* stru\u010dna obrada, \u010duvanje i za\u0161tita knji\u017ene gra\u0111e koja je kulturno dobro<br \/>\n* izrada biltena, kataloga, bibliografija i drugih informacijskih pomagala<br \/>\n* sudjelovanje u izradi skupnih kataloga i baza podataka<br \/>\n* omogu\u0107avanje pristupa\u010dnosti knji\u017eni\u010dne gra\u0111e i informacija korisnicima prema njihovim potrebama i zahtjevima<br \/>\n* osiguranje kori\u0161tenja i posudbe knji\u017eni\u010dne gra\u0111e, te protok informacija<br \/>\n* poticanje i pomo\u0107 korisnicima pri izboru i kori\u0161tenju knji\u017eni\u010dne gra\u0111e, informacijskih pomagala i izvora.<\/p>\n<p>Izvje\u0161taji:<br \/>\n* <a href=\"http:\/\/knjiznice.nsk.hr\/pitomaca\/wp-content\/uploads\/sites\/50\/2020\/11\/Financijski-izvjestaj-Knjiznice-Pitomaca-2019.pdf\">Financijski izvje\u0161taj Knji\u017enice Pitoma\u010da 2019.<\/a><br \/>\n* <a href=\"http:\/\/knjiznice.nsk.hr\/pitomaca\/wp-content\/uploads\/sites\/50\/2020\/11\/Godisnje_izvjesce-PPI.pdf\">Godi\u0161nje_izvje\u0161\u0107e PPI<\/a><\/p>\n","protected":false},"excerpt":{"rendered":"<p>&nbsp; Adresa: Trg Kralja Tomislava 2, 33405 Pitoma\u010da OIB 31930875182 Tel.: 033\/782-284 Fax: 033\/800-155 E-mail: knjiznica.pitomaca@vt.t-com.hr Knji\u017eni\u010dno osoblje: Irena Gavran\u010di\u0107 V.d. ravnateljice: Danijela Re\u0161etar Godi\u0161nja \u010dlanarina iznosi 50,00 kn. Djelatnosti: * nabava knji\u017ene gra\u0111e * stru\u010dna obrada, \u010duvanje i za\u0161tita knji\u017ene gra\u0111e koja je kulturno dobro * izrada biltena, kataloga, bibliografija i drugih informacijskih pomagala [&hellip;]<\/p>\n","protected":false},"author":45,"featured_media":0,"parent":0,"menu_order":0,"comment_status":"closed","ping_status":"closed","template":"","meta":{"ngg_post_thumbnail":0},"yoast_head":"<!-- This site is optimized with the Yoast SEO plugin v16.4 - https:\/\/yoast.com\/wordpress\/plugins\/seo\/ -->\n<meta name=\"robots\" content=\"index, follow, max-snippet:-1, max-image-preview:large, max-video-preview:-1\" \/>\n<link rel=\"canonical\" href=\"http:\/\/knjiznice.nsk.hr\/pitomaca\/info\/\" \/>\n<meta property=\"og:locale\" content=\"hr_HR\" \/>\n<meta property=\"og:type\" content=\"article\" \/>\n<meta property=\"og:title\" content=\"Djelatnost - Knji\u017enica i \u010ditaonica Pitoma\u010da\" \/>\n<meta property=\"og:description\" content=\"&nbsp; Adresa: Trg Kralja Tomislava 2, 33405 Pitoma\u010da OIB 31930875182 Tel.: 033\/782-284 Fax: 033\/800-155 E-mail: knjiznica.pitomaca@vt.t-com.hr Knji\u017eni\u010dno osoblje: Irena Gavran\u010di\u0107 V.d. ravnateljice: Danijela Re\u0161etar Godi\u0161nja \u010dlanarina iznosi 50,00 kn. Djelatnosti: * nabava knji\u017ene gra\u0111e * stru\u010dna obrada, \u010duvanje i za\u0161tita knji\u017ene gra\u0111e koja je kulturno dobro * izrada biltena, kataloga, bibliografija i drugih informacijskih pomagala [&hellip;]\" \/>\n<meta property=\"og:url\" content=\"http:\/\/knjiznice.nsk.hr\/pitomaca\/info\/\" \/>\n<meta property=\"og:site_name\" content=\"Knji\u017enica i \u010ditaonica Pitoma\u010da\" \/>\n<meta property=\"article:modified_time\" content=\"2020-11-30T12:33:33+00:00\" \/>\n<meta name=\"twitter:label1\" content=\"Procijenjeno vrijeme \u010ditanja\" \/>\n\t<meta name=\"twitter:data1\" content=\"1 minuta\" \/>\n<script type=\"application\/ld+json\" class=\"yoast-schema-graph\">{\"@context\":\"https:\/\/schema.org\",\"@graph\":[{\"@type\":\"WebSite\",\"@id\":\"http:\/\/knjiznice.nsk.hr\/pitomaca\/#website\",\"url\":\"http:\/\/knjiznice.nsk.hr\/pitomaca\/\",\"name\":\"Knji\\u017enica i \\u010ditaonica Pitoma\\u010da\",\"description\":\"\",\"potentialAction\":[{\"@type\":\"SearchAction\",\"target\":\"http:\/\/knjiznice.nsk.hr\/pitomaca\/?s={search_term_string}\",\"query-input\":\"required name=search_term_string\"}],\"inLanguage\":\"hr\"},{\"@type\":\"WebPage\",\"@id\":\"http:\/\/knjiznice.nsk.hr\/pitomaca\/info\/#webpage\",\"url\":\"http:\/\/knjiznice.nsk.hr\/pitomaca\/info\/\",\"name\":\"Djelatnost - Knji\\u017enica i \\u010ditaonica Pitoma\\u010da\",\"isPartOf\":{\"@id\":\"http:\/\/knjiznice.nsk.hr\/pitomaca\/#website\"},\"datePublished\":\"2015-04-16T08:38:14+00:00\",\"dateModified\":\"2020-11-30T12:33:33+00:00\",\"breadcrumb\":{\"@id\":\"http:\/\/knjiznice.nsk.hr\/pitomaca\/info\/#breadcrumb\"},\"inLanguage\":\"hr\",\"potentialAction\":[{\"@type\":\"ReadAction\",\"target\":[\"http:\/\/knjiznice.nsk.hr\/pitomaca\/info\/\"]}]},{\"@type\":\"BreadcrumbList\",\"@id\":\"http:\/\/knjiznice.nsk.hr\/pitomaca\/info\/#breadcrumb\",\"itemListElement\":[{\"@type\":\"ListItem\",\"position\":1,\"item\":{\"@type\":\"WebPage\",\"@id\":\"http:\/\/knjiznice.nsk.hr\/pitomaca\/\",\"url\":\"http:\/\/knjiznice.nsk.hr\/pitomaca\/\",\"name\":\"Po\\u010detna stranica\"}},{\"@type\":\"ListItem\",\"position\":2,\"item\":{\"@id\":\"http:\/\/knjiznice.nsk.hr\/pitomaca\/info\/#webpage\"}}]}]}<\/script>\n<!-- \/ Yoast SEO plugin. -->","_links":{"self":[{"href":"http:\/\/knjiznice.nsk.hr\/pitomaca\/wp-json\/wp\/v2\/pages\/60"}],"collection":[{"href":"http:\/\/knjiznice.nsk.hr\/pitomaca\/wp-json\/wp\/v2\/pages"}],"about":[{"href":"http:\/\/knjiznice.nsk.hr\/pitomaca\/wp-json\/wp\/v2\/types\/page"}],"author":[{"embeddable":true,"href":"http:\/\/knjiznice.nsk.hr\/pitomaca\/wp-json\/wp\/v2\/users\/45"}],"replies":[{"embeddable":true,"href":"http:\/\/knjiznice.nsk.hr\/pitomaca\/wp-json\/wp\/v2\/comments?post=60"}],"version-history":[{"count":8,"href":"http:\/\/knjiznice.nsk.hr\/pitomaca\/wp-json\/wp\/v2\/pages\/60\/revisions"}],"predecessor-version":[{"id":417,"href":"http:\/\/knjiznice.nsk.hr\/pitomaca\/wp-json\/wp\/v2\/pages\/60\/revisions\/417"}],"wp:attachment":[{"href":"http:\/\/knjiznice.nsk.hr\/pitomaca\/wp-json\/wp\/v2\/media?parent=60"}],"curies":[{"name":"wp","href":"https:\/\/api.w.org\/{rel}","templated":true}]}}