{"id":577,"date":"2016-04-12T15:05:37","date_gmt":"2016-04-12T14:05:37","guid":{"rendered":"http:\/\/knjiznice.nsk.hr\/ogulin\/?page_id=577"},"modified":"2017-01-31T20:47:35","modified_gmt":"2017-01-31T19:47:35","slug":"top-10-najcitanijih-knjiga-za-odrasle","status":"publish","type":"page","link":"http:\/\/knjiznice.nsk.hr\/ogulin\/top-10-najcitanijih-knjiga-za-odrasle\/","title":{"rendered":"Top 10 naj\u010ditanijih knjiga za odrasle"},"content":{"rendered":"<p>Sije\u010danj 2017. godine<\/p>\n<p><a href=\"http:\/\/gk-ogulin.zaki.com.hr\/pagesResults\/bibliografskiZapis.aspx?&amp;currentPage=1&amp;searchById=1&amp;sort=5&amp;spid0=1&amp;spv0=Prije+pada&amp;selectedId=497001206\">Noah Hawley: Prije pada<\/a><\/p>\n<p><a href=\"http:\/\/gk-ogulin.zaki.com.hr\/pagesResults\/bibliografskiZapis.aspx?&amp;action=search&amp;currentPage=1&amp;searchById=1&amp;sort=0&amp;spid0=1&amp;spv0=Zato+%C5%A1to+te+volim&amp;selectedId=454012624\">Guillaume Musso: Zato \u0161to te volim<\/a><\/p>\n<p><a href=\"http:\/\/gk-ogulin.zaki.com.hr\/pagesResults\/bibliografskiZapis.aspx?&amp;action=search&amp;currentPage=1&amp;searchById=1&amp;sort=0&amp;spid0=1&amp;spv0=juda&amp;selectedId=91000845\">Amos Oz: Juda<\/a><\/p>\n<p><a href=\"http:\/\/gk-ogulin.zaki.com.hr\/pagesResults\/bibliografskiZapis.aspx?&amp;action=search&amp;currentPage=1&amp;searchById=1&amp;sort=0&amp;spid0=1&amp;spv0=mirne+vode&amp;selectedId=995000880\">Viveca Sten: Mirne vode<\/a><\/p>\n<p><a href=\"http:\/\/gk-ogulin.zaki.com.hr\/pagesResults\/bibliografskiZapis.aspx?&amp;action=search&amp;currentPage=1&amp;searchById=1&amp;sort=0&amp;spid0=1&amp;spv0=Opasne+namjere&amp;selectedId=1031002046\">Elizabeth Hoyt:&nbsp;Opasne namjere<\/a><\/p>\n<p><a href=\"http:\/\/gk-ogulin.zaki.com.hr\/pagesResults\/bibliografskiZapis.aspx?&amp;action=search&amp;currentPage=1&amp;searchById=1&amp;sort=0&amp;spid0=1&amp;spv0=Ustav+Republike+Hrvatske&amp;selectedId=1031002348\"><span class=\"highlight\">Ustav Republike Hrvatske<\/span> : ljubavna pri\u010da o mr\u017enji<\/a><\/p>\n<p><a href=\"http:\/\/gk-ogulin.zaki.com.hr\/pagesResults\/bibliografskiZapis.aspx?&amp;action=search&amp;currentPage=1&amp;searchById=1&amp;sort=0&amp;spid0=1&amp;spv0=Mala+pari%C5%A1ka+knji%C5%BEara&amp;selectedId=433003002\">Nina George: Mala pari\u0161ka knji\u017eara<\/a><\/p>\n<p><a href=\"http:\/\/gk-ogulin.zaki.com.hr\/pagesResults\/bibliografskiZapis.aspx?&amp;action=search&amp;currentPage=1&amp;searchById=1&amp;sort=0&amp;spid0=1&amp;spv0=meta&amp;selectedId=995000492\">David Baldacci: Meta<\/a><\/p>\n<p><a href=\"http:\/\/gk-ogulin.zaki.com.hr\/pagesResults\/bibliografskiZapis.aspx?&amp;action=search&amp;currentPage=1&amp;searchById=1&amp;sort=0&amp;spid0=1&amp;spv0=Trka%C4%8D&amp;selectedId=995000495\">Patrick Lee: Trka\u010d<\/a><\/p>\n<p><a href=\"http:\/\/gk-ogulin.zaki.com.hr\/pagesResults\/bibliografskiZapis.aspx?&amp;action=search&amp;currentPage=1&amp;searchById=1&amp;sort=0&amp;spid0=1&amp;spv0=Zavedi+me+u+zoru&amp;selectedId=992000600\">Lisa Kleypas: Zavedi me u zoru<\/a><\/p>\n<p>&nbsp;<\/p>\n<p>&nbsp;<\/p>\n<p>&nbsp;<\/p>\n<p>&nbsp;<\/p>\n","protected":false},"excerpt":{"rendered":"<p>Sije\u010danj 2017. godine Noah Hawley: Prije pada Guillaume Musso: Zato \u0161to te volim Amos Oz: Juda Viveca Sten: Mirne vode Elizabeth Hoyt:&nbsp;Opasne namjere Ustav Republike Hrvatske : ljubavna pri\u010da o mr\u017enji Nina George: Mala pari\u0161ka knji\u017eara David Baldacci: Meta Patrick Lee: Trka\u010d Lisa Kleypas: Zavedi me u zoru &nbsp; &nbsp; &nbsp; &nbsp;<\/p>\n","protected":false},"author":99,"featured_media":0,"parent":0,"menu_order":0,"comment_status":"closed","ping_status":"closed","template":"","meta":{"ngg_post_thumbnail":0},"yoast_head":"<!-- This site is optimized with the Yoast SEO plugin v16.4 - https:\/\/yoast.com\/wordpress\/plugins\/seo\/ -->\n<meta name=\"robots\" content=\"index, follow, max-snippet:-1, max-image-preview:large, max-video-preview:-1\" \/>\n<link rel=\"canonical\" href=\"https:\/\/knjiznice.nsk.hr\/ogulin\/top-10-najcitanijih-knjiga-za-odrasle\/\" \/>\n<meta property=\"og:locale\" content=\"hr_HR\" \/>\n<meta property=\"og:type\" content=\"article\" \/>\n<meta property=\"og:title\" content=\"Top 10 naj\u010ditanijih knjiga za odrasle - Gradska knji\u017enica i \u010ditaonica Ogulin\" \/>\n<meta property=\"og:description\" content=\"Sije\u010danj 2017. godine Noah Hawley: Prije pada Guillaume Musso: Zato \u0161to te volim Amos Oz: Juda Viveca Sten: Mirne vode Elizabeth Hoyt:&nbsp;Opasne namjere Ustav Republike Hrvatske : ljubavna pri\u010da o mr\u017enji Nina George: Mala pari\u0161ka knji\u017eara David Baldacci: Meta Patrick Lee: Trka\u010d Lisa Kleypas: Zavedi me u zoru &nbsp; &nbsp; &nbsp; &nbsp;\" \/>\n<meta property=\"og:url\" content=\"https:\/\/knjiznice.nsk.hr\/ogulin\/top-10-najcitanijih-knjiga-za-odrasle\/\" \/>\n<meta property=\"og:site_name\" content=\"Gradska knji\u017enica i \u010ditaonica Ogulin\" \/>\n<meta property=\"article:modified_time\" content=\"2017-01-31T19:47:35+00:00\" \/>\n<script type=\"application\/ld+json\" class=\"yoast-schema-graph\">{\"@context\":\"https:\/\/schema.org\",\"@graph\":[{\"@type\":\"WebSite\",\"@id\":\"http:\/\/knjiznice.nsk.hr\/ogulin\/#website\",\"url\":\"http:\/\/knjiznice.nsk.hr\/ogulin\/\",\"name\":\"Gradska knji\\u017enica i \\u010ditaonica Ogulin\",\"description\":\"Najbolja stvar kod knji\\u017enica jest ta da je dovoljno velika da stane cijeli svijet u nju, a opet dovoljno mala da stane u tvoj grad.\",\"potentialAction\":[{\"@type\":\"SearchAction\",\"target\":\"http:\/\/knjiznice.nsk.hr\/ogulin\/?s={search_term_string}\",\"query-input\":\"required name=search_term_string\"}],\"inLanguage\":\"hr\"},{\"@type\":\"WebPage\",\"@id\":\"https:\/\/knjiznice.nsk.hr\/ogulin\/top-10-najcitanijih-knjiga-za-odrasle\/#webpage\",\"url\":\"https:\/\/knjiznice.nsk.hr\/ogulin\/top-10-najcitanijih-knjiga-za-odrasle\/\",\"name\":\"Top 10 naj\\u010ditanijih knjiga za odrasle - Gradska knji\\u017enica i \\u010ditaonica Ogulin\",\"isPartOf\":{\"@id\":\"http:\/\/knjiznice.nsk.hr\/ogulin\/#website\"},\"datePublished\":\"2016-04-12T14:05:37+00:00\",\"dateModified\":\"2017-01-31T19:47:35+00:00\",\"breadcrumb\":{\"@id\":\"https:\/\/knjiznice.nsk.hr\/ogulin\/top-10-najcitanijih-knjiga-za-odrasle\/#breadcrumb\"},\"inLanguage\":\"hr\",\"potentialAction\":[{\"@type\":\"ReadAction\",\"target\":[\"https:\/\/knjiznice.nsk.hr\/ogulin\/top-10-najcitanijih-knjiga-za-odrasle\/\"]}]},{\"@type\":\"BreadcrumbList\",\"@id\":\"https:\/\/knjiznice.nsk.hr\/ogulin\/top-10-najcitanijih-knjiga-za-odrasle\/#breadcrumb\",\"itemListElement\":[{\"@type\":\"ListItem\",\"position\":1,\"item\":{\"@type\":\"WebPage\",\"@id\":\"http:\/\/knjiznice.nsk.hr\/ogulin\/\",\"url\":\"http:\/\/knjiznice.nsk.hr\/ogulin\/\",\"name\":\"Po\\u010detna stranica\"}},{\"@type\":\"ListItem\",\"position\":2,\"item\":{\"@id\":\"https:\/\/knjiznice.nsk.hr\/ogulin\/top-10-najcitanijih-knjiga-za-odrasle\/#webpage\"}}]}]}<\/script>\n<!-- \/ Yoast SEO plugin. -->","_links":{"self":[{"href":"http:\/\/knjiznice.nsk.hr\/ogulin\/wp-json\/wp\/v2\/pages\/577"}],"collection":[{"href":"http:\/\/knjiznice.nsk.hr\/ogulin\/wp-json\/wp\/v2\/pages"}],"about":[{"href":"http:\/\/knjiznice.nsk.hr\/ogulin\/wp-json\/wp\/v2\/types\/page"}],"author":[{"embeddable":true,"href":"http:\/\/knjiznice.nsk.hr\/ogulin\/wp-json\/wp\/v2\/users\/99"}],"replies":[{"embeddable":true,"href":"http:\/\/knjiznice.nsk.hr\/ogulin\/wp-json\/wp\/v2\/comments?post=577"}],"version-history":[{"count":13,"href":"http:\/\/knjiznice.nsk.hr\/ogulin\/wp-json\/wp\/v2\/pages\/577\/revisions"}],"predecessor-version":[{"id":1073,"href":"http:\/\/knjiznice.nsk.hr\/ogulin\/wp-json\/wp\/v2\/pages\/577\/revisions\/1073"}],"wp:attachment":[{"href":"http:\/\/knjiznice.nsk.hr\/ogulin\/wp-json\/wp\/v2\/media?parent=577"}],"curies":[{"name":"wp","href":"https:\/\/api.w.org\/{rel}","templated":true}]}}