{"id":511,"date":"2016-03-15T17:37:38","date_gmt":"2016-03-15T17:37:38","guid":{"rendered":"http:\/\/knjiznice.nsk.hr\/ogulin\/?page_id=511"},"modified":"2017-01-10T19:14:30","modified_gmt":"2017-01-10T18:14:30","slug":"korisni-linkovi-za-roditelje","status":"publish","type":"page","link":"http:\/\/knjiznice.nsk.hr\/ogulin\/korisni-linkovi-za-roditelje\/","title":{"rendered":"Korisni linkovi za roditelje"},"content":{"rendered":"<p>&nbsp;<\/p>\n<p style=\"text-align: center\"><a href=\"http:\/\/www.citajmi.info\/naslovna\/\" target=\"_blank\">\u010citaj mi!<\/a><\/p>\n<p style=\"text-align: center\"><a href=\"http:\/\/www.kgz.hr\/hr\/za-djecu-i-mlade\/knjige-i-linkovi-za-roditelje-odgajatelje-nastavnike\/preporucni-popisi-knjige-za-citanje-djeci-roditelji\/12460\" target=\"_blank\">Preporu\u010dni popisi &#8211; knjige za \u010ditanje djeci<\/a><\/p>\n<p style=\"text-align: center\"><a href=\"http:\/\/www.kgz.hr\/hr\/za-djecu-i-mlade\/knjige-i-linkovi-za-roditelje-odgajatelje-nastavnike\/preporucni-popisi-strucna-literatura-roditelji\/12461\" target=\"_blank\">Preporu\u010dni popisi &#8211;\u00a0stru\u010dna literatura o razvoju i odgoju djece\u00a0<\/a><\/p>\n<p style=\"text-align: center\"><a href=\"http:\/\/www.kgz.hr\/hr\/za-djecu-i-mlade\/knjige-za-djecu-i-mladez\/tematski-popis-problemskih-slikovnica\/2027\" target=\"_blank\">Tematski popis problemskih slikovnica<\/a><\/p>\n<p style=\"text-align: center\"><a href=\"http:\/\/www.kgz.hr\/hr\/za-djecu-i-mlade\/knjige-i-linkovi-za-roditelje-odgajatelje-nastavnike\/preporucni-popisi-strucna-literatura-roditelji\/12461\" target=\"_blank\">Liste dobrih knjiga za djecu, mlade i roditelje prema preporuci knji\u017eni\u010dara<\/a><\/p>\n<p style=\"text-align: center\"><a href=\"http:\/\/www.bookstart.org.uk\/have-some-fun\/#\/static\/bookstart\/have-some-fun\/activities\/some_dogs_do\/\" target=\"_blank\">Stranica sadr\u017ei pri\u010de, pjesmice i aktivnosti za malu djecu.<\/a><\/p>\n<p style=\"text-align: center\"><a href=\"http:\/\/www.roditeljstvo.com\/o-nama\" target=\"_blank\">Roditeljstvo.com<\/a><\/p>\n<p style=\"text-align: center\"><a href=\"http:\/\/www.klinfo.hr\/\" target=\"_blank\">Klinfo.hr<\/a><\/p>\n","protected":false},"excerpt":{"rendered":"<p>&nbsp; \u010citaj mi! Preporu\u010dni popisi &#8211; knjige za \u010ditanje djeci Preporu\u010dni popisi &#8211;\u00a0stru\u010dna literatura o razvoju i odgoju djece\u00a0 Tematski popis problemskih slikovnica Liste dobrih knjiga za djecu, mlade i roditelje prema preporuci knji\u017eni\u010dara Stranica sadr\u017ei pri\u010de, pjesmice i aktivnosti za malu djecu. Roditeljstvo.com Klinfo.hr<\/p>\n","protected":false},"author":99,"featured_media":0,"parent":0,"menu_order":0,"comment_status":"closed","ping_status":"closed","template":"","meta":{"ngg_post_thumbnail":0},"yoast_head":"<!-- This site is optimized with the Yoast SEO plugin v16.4 - https:\/\/yoast.com\/wordpress\/plugins\/seo\/ -->\n<meta name=\"robots\" content=\"index, follow, max-snippet:-1, max-image-preview:large, max-video-preview:-1\" \/>\n<link rel=\"canonical\" href=\"http:\/\/knjiznice.nsk.hr\/ogulin\/korisni-linkovi-za-roditelje\/\" \/>\n<meta property=\"og:locale\" content=\"hr_HR\" \/>\n<meta property=\"og:type\" content=\"article\" \/>\n<meta property=\"og:title\" content=\"Korisni linkovi za roditelje - Gradska knji\u017enica i \u010ditaonica Ogulin\" \/>\n<meta property=\"og:description\" content=\"&nbsp; \u010citaj mi! Preporu\u010dni popisi &#8211; knjige za \u010ditanje djeci Preporu\u010dni popisi &#8211;\u00a0stru\u010dna literatura o razvoju i odgoju djece\u00a0 Tematski popis problemskih slikovnica Liste dobrih knjiga za djecu, mlade i roditelje prema preporuci knji\u017eni\u010dara Stranica sadr\u017ei pri\u010de, pjesmice i aktivnosti za malu djecu. Roditeljstvo.com Klinfo.hr\" \/>\n<meta property=\"og:url\" content=\"http:\/\/knjiznice.nsk.hr\/ogulin\/korisni-linkovi-za-roditelje\/\" \/>\n<meta property=\"og:site_name\" content=\"Gradska knji\u017enica i \u010ditaonica Ogulin\" \/>\n<meta property=\"article:modified_time\" content=\"2017-01-10T18:14:30+00:00\" \/>\n<script type=\"application\/ld+json\" class=\"yoast-schema-graph\">{\"@context\":\"https:\/\/schema.org\",\"@graph\":[{\"@type\":\"WebSite\",\"@id\":\"http:\/\/knjiznice.nsk.hr\/ogulin\/#website\",\"url\":\"http:\/\/knjiznice.nsk.hr\/ogulin\/\",\"name\":\"Gradska knji\\u017enica i \\u010ditaonica Ogulin\",\"description\":\"Najbolja stvar kod knji\\u017enica jest ta da je dovoljno velika da stane cijeli svijet u nju, a opet dovoljno mala da stane u tvoj grad.\",\"potentialAction\":[{\"@type\":\"SearchAction\",\"target\":\"http:\/\/knjiznice.nsk.hr\/ogulin\/?s={search_term_string}\",\"query-input\":\"required name=search_term_string\"}],\"inLanguage\":\"hr\"},{\"@type\":\"WebPage\",\"@id\":\"http:\/\/knjiznice.nsk.hr\/ogulin\/korisni-linkovi-za-roditelje\/#webpage\",\"url\":\"http:\/\/knjiznice.nsk.hr\/ogulin\/korisni-linkovi-za-roditelje\/\",\"name\":\"Korisni linkovi za roditelje - Gradska knji\\u017enica i \\u010ditaonica Ogulin\",\"isPartOf\":{\"@id\":\"http:\/\/knjiznice.nsk.hr\/ogulin\/#website\"},\"datePublished\":\"2016-03-15T17:37:38+00:00\",\"dateModified\":\"2017-01-10T18:14:30+00:00\",\"breadcrumb\":{\"@id\":\"http:\/\/knjiznice.nsk.hr\/ogulin\/korisni-linkovi-za-roditelje\/#breadcrumb\"},\"inLanguage\":\"hr\",\"potentialAction\":[{\"@type\":\"ReadAction\",\"target\":[\"http:\/\/knjiznice.nsk.hr\/ogulin\/korisni-linkovi-za-roditelje\/\"]}]},{\"@type\":\"BreadcrumbList\",\"@id\":\"http:\/\/knjiznice.nsk.hr\/ogulin\/korisni-linkovi-za-roditelje\/#breadcrumb\",\"itemListElement\":[{\"@type\":\"ListItem\",\"position\":1,\"item\":{\"@type\":\"WebPage\",\"@id\":\"http:\/\/knjiznice.nsk.hr\/ogulin\/\",\"url\":\"http:\/\/knjiznice.nsk.hr\/ogulin\/\",\"name\":\"Po\\u010detna stranica\"}},{\"@type\":\"ListItem\",\"position\":2,\"item\":{\"@id\":\"http:\/\/knjiznice.nsk.hr\/ogulin\/korisni-linkovi-za-roditelje\/#webpage\"}}]}]}<\/script>\n<!-- \/ Yoast SEO plugin. -->","_links":{"self":[{"href":"http:\/\/knjiznice.nsk.hr\/ogulin\/wp-json\/wp\/v2\/pages\/511"}],"collection":[{"href":"http:\/\/knjiznice.nsk.hr\/ogulin\/wp-json\/wp\/v2\/pages"}],"about":[{"href":"http:\/\/knjiznice.nsk.hr\/ogulin\/wp-json\/wp\/v2\/types\/page"}],"author":[{"embeddable":true,"href":"http:\/\/knjiznice.nsk.hr\/ogulin\/wp-json\/wp\/v2\/users\/99"}],"replies":[{"embeddable":true,"href":"http:\/\/knjiznice.nsk.hr\/ogulin\/wp-json\/wp\/v2\/comments?post=511"}],"version-history":[{"count":4,"href":"http:\/\/knjiznice.nsk.hr\/ogulin\/wp-json\/wp\/v2\/pages\/511\/revisions"}],"predecessor-version":[{"id":1052,"href":"http:\/\/knjiznice.nsk.hr\/ogulin\/wp-json\/wp\/v2\/pages\/511\/revisions\/1052"}],"wp:attachment":[{"href":"http:\/\/knjiznice.nsk.hr\/ogulin\/wp-json\/wp\/v2\/media?parent=511"}],"curies":[{"name":"wp","href":"https:\/\/api.w.org\/{rel}","templated":true}]}}