{"id":504,"date":"2016-03-15T16:14:03","date_gmt":"2016-03-15T16:14:03","guid":{"rendered":"http:\/\/knjiznice.nsk.hr\/ogulin\/?page_id=504"},"modified":"2017-01-10T19:13:41","modified_gmt":"2017-01-10T18:13:41","slug":"korisni-linkovi","status":"publish","type":"page","link":"http:\/\/knjiznice.nsk.hr\/ogulin\/korisni-linkovi\/","title":{"rendered":"Korisni linkovi"},"content":{"rendered":"<p style=\"text-align: center\"><a href=\"http:\/\/katalog.zaki.com.hr\/pages\/search.aspx?&amp;currentPage=1&amp;searchById=-1\" target=\"_blank\">Skupni katalog sustava Zaki<\/a><\/p>\n<p style=\"text-align: center\"><a href=\"http:\/\/www.knjiznica.hr\/pitajte-knjiznicare\/\" target=\"_blank\">Pitajte knji\u017eni\u010dare<\/a><\/p>\n<p style=\"text-align: center\"><a href=\"http:\/\/www.citajmi.info\/kampanja\/\" target=\"_blank\">\u010citaj mi!<\/a><\/p>\n<p style=\"text-align: center\"><a href=\"http:\/\/www.hkdrustvo.hr\/\" target=\"_blank\">Hrvatsko knji\u017eni\u010darsko dru\u0161tvo<\/a><\/p>\n<p style=\"text-align: center\"><a href=\"http:\/\/www.nsk.hr\/\" target=\"_blank\">Nacionalna i sveu\u010dili\u0161na knji\u017enica<\/a><\/p>\n<p style=\"text-align: center\"><a href=\"http:\/\/www.edickarlovac.eu\/\" target=\"_blank\">Europe Direct Karlovac<\/a><\/p>\n<p style=\"text-align: center\"><a href=\"http:\/\/hrcak.srce.hr\/\" target=\"_blank\">Hr\u010dak<\/a><\/p>\n<p style=\"text-align: center\"><a href=\"http:\/\/www.enciklopedija.hr\/\" target=\"_blank\">Hrvatska enciklopedija<\/a><\/p>\n<p style=\"text-align: center\"><a href=\"http:\/\/proleksis.lzmk.hr\/\" target=\"_blank\">Proleksis enciklopedija<\/a><\/p>\n<p style=\"text-align: center\"><a href=\"http:\/\/hjp.znanje.hr\/\" target=\"_blank\">Hrvatski jezi\u010dni portal<\/a><\/p>\n<p style=\"text-align: center\"><a href=\"http:\/\/www.design-ers.net\/eh-rjecnik.asp\" target=\"_blank\">Hrvatsko-engleski rje\u010dnik i englesko-hrvatski online rje\u010dnik<\/a><\/p>\n<p style=\"text-align: center\"><a href=\"http:\/\/www.design-ers.net\/eh-rjecnik.asp\" target=\"_blank\">Hrvatsko-njema\u010dki rje\u010dnik i njema\u010dko-hrvatski online rje\u010dnik<\/a><\/p>\n","protected":false},"excerpt":{"rendered":"<p>Skupni katalog sustava Zaki Pitajte knji\u017eni\u010dare \u010citaj mi! Hrvatsko knji\u017eni\u010darsko dru\u0161tvo Nacionalna i sveu\u010dili\u0161na knji\u017enica Europe Direct Karlovac Hr\u010dak Hrvatska enciklopedija Proleksis enciklopedija Hrvatski jezi\u010dni portal Hrvatsko-engleski rje\u010dnik i englesko-hrvatski online rje\u010dnik Hrvatsko-njema\u010dki rje\u010dnik i njema\u010dko-hrvatski online rje\u010dnik<\/p>\n","protected":false},"author":99,"featured_media":0,"parent":0,"menu_order":0,"comment_status":"closed","ping_status":"closed","template":"","meta":{"ngg_post_thumbnail":0},"yoast_head":"<!-- This site is optimized with the Yoast SEO plugin v16.4 - https:\/\/yoast.com\/wordpress\/plugins\/seo\/ -->\n<meta name=\"robots\" content=\"index, follow, max-snippet:-1, max-image-preview:large, max-video-preview:-1\" \/>\n<link rel=\"canonical\" href=\"https:\/\/knjiznice.nsk.hr\/ogulin\/korisni-linkovi\/\" \/>\n<meta property=\"og:locale\" content=\"hr_HR\" \/>\n<meta property=\"og:type\" content=\"article\" \/>\n<meta property=\"og:title\" content=\"Korisni linkovi - Gradska knji\u017enica i \u010ditaonica Ogulin\" \/>\n<meta property=\"og:description\" content=\"Skupni katalog sustava Zaki Pitajte knji\u017eni\u010dare \u010citaj mi! Hrvatsko knji\u017eni\u010darsko dru\u0161tvo Nacionalna i sveu\u010dili\u0161na knji\u017enica Europe Direct Karlovac Hr\u010dak Hrvatska enciklopedija Proleksis enciklopedija Hrvatski jezi\u010dni portal Hrvatsko-engleski rje\u010dnik i englesko-hrvatski online rje\u010dnik Hrvatsko-njema\u010dki rje\u010dnik i njema\u010dko-hrvatski online rje\u010dnik\" \/>\n<meta property=\"og:url\" content=\"https:\/\/knjiznice.nsk.hr\/ogulin\/korisni-linkovi\/\" \/>\n<meta property=\"og:site_name\" content=\"Gradska knji\u017enica i \u010ditaonica Ogulin\" \/>\n<meta property=\"article:modified_time\" content=\"2017-01-10T18:13:41+00:00\" \/>\n<script type=\"application\/ld+json\" class=\"yoast-schema-graph\">{\"@context\":\"https:\/\/schema.org\",\"@graph\":[{\"@type\":\"WebSite\",\"@id\":\"http:\/\/knjiznice.nsk.hr\/ogulin\/#website\",\"url\":\"http:\/\/knjiznice.nsk.hr\/ogulin\/\",\"name\":\"Gradska knji\\u017enica i \\u010ditaonica Ogulin\",\"description\":\"Najbolja stvar kod knji\\u017enica jest ta da je dovoljno velika da stane cijeli svijet u nju, a opet dovoljno mala da stane u tvoj grad.\",\"potentialAction\":[{\"@type\":\"SearchAction\",\"target\":\"http:\/\/knjiznice.nsk.hr\/ogulin\/?s={search_term_string}\",\"query-input\":\"required name=search_term_string\"}],\"inLanguage\":\"hr\"},{\"@type\":\"WebPage\",\"@id\":\"https:\/\/knjiznice.nsk.hr\/ogulin\/korisni-linkovi\/#webpage\",\"url\":\"https:\/\/knjiznice.nsk.hr\/ogulin\/korisni-linkovi\/\",\"name\":\"Korisni linkovi - Gradska knji\\u017enica i \\u010ditaonica Ogulin\",\"isPartOf\":{\"@id\":\"http:\/\/knjiznice.nsk.hr\/ogulin\/#website\"},\"datePublished\":\"2016-03-15T16:14:03+00:00\",\"dateModified\":\"2017-01-10T18:13:41+00:00\",\"breadcrumb\":{\"@id\":\"https:\/\/knjiznice.nsk.hr\/ogulin\/korisni-linkovi\/#breadcrumb\"},\"inLanguage\":\"hr\",\"potentialAction\":[{\"@type\":\"ReadAction\",\"target\":[\"https:\/\/knjiznice.nsk.hr\/ogulin\/korisni-linkovi\/\"]}]},{\"@type\":\"BreadcrumbList\",\"@id\":\"https:\/\/knjiznice.nsk.hr\/ogulin\/korisni-linkovi\/#breadcrumb\",\"itemListElement\":[{\"@type\":\"ListItem\",\"position\":1,\"item\":{\"@type\":\"WebPage\",\"@id\":\"http:\/\/knjiznice.nsk.hr\/ogulin\/\",\"url\":\"http:\/\/knjiznice.nsk.hr\/ogulin\/\",\"name\":\"Po\\u010detna stranica\"}},{\"@type\":\"ListItem\",\"position\":2,\"item\":{\"@id\":\"https:\/\/knjiznice.nsk.hr\/ogulin\/korisni-linkovi\/#webpage\"}}]}]}<\/script>\n<!-- \/ Yoast SEO plugin. -->","_links":{"self":[{"href":"http:\/\/knjiznice.nsk.hr\/ogulin\/wp-json\/wp\/v2\/pages\/504"}],"collection":[{"href":"http:\/\/knjiznice.nsk.hr\/ogulin\/wp-json\/wp\/v2\/pages"}],"about":[{"href":"http:\/\/knjiznice.nsk.hr\/ogulin\/wp-json\/wp\/v2\/types\/page"}],"author":[{"embeddable":true,"href":"http:\/\/knjiznice.nsk.hr\/ogulin\/wp-json\/wp\/v2\/users\/99"}],"replies":[{"embeddable":true,"href":"http:\/\/knjiznice.nsk.hr\/ogulin\/wp-json\/wp\/v2\/comments?post=504"}],"version-history":[{"count":8,"href":"http:\/\/knjiznice.nsk.hr\/ogulin\/wp-json\/wp\/v2\/pages\/504\/revisions"}],"predecessor-version":[{"id":1051,"href":"http:\/\/knjiznice.nsk.hr\/ogulin\/wp-json\/wp\/v2\/pages\/504\/revisions\/1051"}],"wp:attachment":[{"href":"http:\/\/knjiznice.nsk.hr\/ogulin\/wp-json\/wp\/v2\/media?parent=504"}],"curies":[{"name":"wp","href":"https:\/\/api.w.org\/{rel}","templated":true}]}}