{"id":305,"date":"2016-03-04T12:42:28","date_gmt":"2016-03-04T12:42:28","guid":{"rendered":"http:\/\/knjiznice.nsk.hr\/ogulin\/?page_id=305"},"modified":"2016-03-09T08:46:26","modified_gmt":"2016-03-09T08:46:26","slug":"dokumenti-knjiznice","status":"publish","type":"page","link":"http:\/\/knjiznice.nsk.hr\/ogulin\/dokumenti-knjiznice\/","title":{"rendered":"Dokumenti Knji\u017enice"},"content":{"rendered":"<p><a href=\"http:\/\/knjiznice.nsk.hr\/ogulin\/wp-content\/uploads\/sites\/83\/2016\/03\/Odluka-o-ustrojavanju-Kataloga-informacija-Gradske-knji\u017enice-i-\u010ditaonice-Ogulin.pdf\" target=\"_blank\" rel=\"attachment wp-att-337\">Odluka o ustrojavanju Kataloga informacija Gradske knji\u017enice i \u010ditaonice Ogulin<\/a><\/p>\n<p><a href=\"http:\/\/knjiznice.nsk.hr\/ogulin\/wp-content\/uploads\/sites\/83\/2016\/03\/Katalog-informacija-Gradske-knji\u017enice-i-\u010ditaonice-Ogulin.pdf\" target=\"_blank\" rel=\"\">Katalog informacija Gradske knji\u017enice i \u010ditaonice Ogulin<\/a><\/p>\n<p><a href=\"http:\/\/knjiznice.nsk.hr\/ogulin\/wp-content\/uploads\/sites\/83\/2016\/03\/Odluka-o-imenovanju-slu\u017ebenika-za-informiranje.pdf\" target=\"_blank\" rel=\"\">Odluka o imenovanju slu\u017ebenika za informiranje<\/a><\/p>\n<p><a href=\"http:\/\/knjiznice.nsk.hr\/ogulin\/wp-content\/uploads\/sites\/83\/2016\/03\/Procedura-stvaranja-ugovornih-obveza-za-koje-nije-potrebna-procedura-javne-nabave-u-Gradskoj-knji\u017enici-i-\u010ditaonici-Ogulin.pdf\" target=\"_blank\" rel=\"attachment wp-att-341\">Procedura stvaranja ugovornih obveza za koje nije potrebna procedura javne nabave u Gradskoj knji\u017enici i \u010ditaonici Ogulin<\/a><\/p>\n<p><a href=\"http:\/\/knjiznice.nsk.hr\/ogulin\/wp-content\/uploads\/sites\/83\/2016\/03\/Plan-javne-nabave-za-2014.-godinu.pdf\" target=\"_blank\" rel=\"\">Plan javne nabave za 2014. godinu<\/a><\/p>\n<p><a href=\"http:\/\/knjiznice.nsk.hr\/ogulin\/wp-content\/uploads\/sites\/83\/2016\/03\/Plan-javne-nabave-za-2015.-godinu.pdf\" target=\"_blank\" rel=\"attachment wp-att-339\">Plan javne nabave za 2015. godinu<\/a><\/p>\n<p><a href=\"http:\/\/knjiznice.nsk.hr\/ogulin\/wp-content\/uploads\/sites\/83\/2016\/03\/Plan-javne-nabave-za-2016.godinu.pdf\" target=\"_blank\" rel=\"\">Plan javne nabave za 2016.godinu<\/a><\/p>\n<p><a href=\"http:\/\/knjiznice.nsk.hr\/ogulin\/wp-content\/uploads\/sites\/83\/2016\/03\/2015-Prorac-KNJI\u017dNICA-2-1.pdf\" target=\"_blank\" rel=\"\">Financijski izvje\u0161taj za 2015. godinu<\/a><\/p>\n","protected":false},"excerpt":{"rendered":"<p>Odluka o ustrojavanju Kataloga informacija Gradske knji\u017enice i \u010ditaonice Ogulin Katalog informacija Gradske knji\u017enice i \u010ditaonice Ogulin Odluka o imenovanju slu\u017ebenika za informiranje Procedura stvaranja ugovornih obveza za koje nije potrebna procedura javne nabave u Gradskoj knji\u017enici i \u010ditaonici Ogulin Plan javne nabave za 2014. godinu Plan javne nabave za 2015. godinu Plan javne nabave [&hellip;]<\/p>\n","protected":false},"author":99,"featured_media":0,"parent":0,"menu_order":0,"comment_status":"closed","ping_status":"closed","template":"","meta":{"ngg_post_thumbnail":0},"yoast_head":"<!-- This site is optimized with the Yoast SEO plugin v16.4 - https:\/\/yoast.com\/wordpress\/plugins\/seo\/ -->\n<meta name=\"robots\" content=\"index, follow, max-snippet:-1, max-image-preview:large, max-video-preview:-1\" \/>\n<link rel=\"canonical\" href=\"https:\/\/knjiznice.nsk.hr\/ogulin\/dokumenti-knjiznice\/\" \/>\n<meta property=\"og:locale\" content=\"hr_HR\" \/>\n<meta property=\"og:type\" content=\"article\" \/>\n<meta property=\"og:title\" content=\"Dokumenti Knji\u017enice - Gradska knji\u017enica i \u010ditaonica Ogulin\" \/>\n<meta property=\"og:description\" content=\"Odluka o ustrojavanju Kataloga informacija Gradske knji\u017enice i \u010ditaonice Ogulin Katalog informacija Gradske knji\u017enice i \u010ditaonice Ogulin Odluka o imenovanju slu\u017ebenika za informiranje Procedura stvaranja ugovornih obveza za koje nije potrebna procedura javne nabave u Gradskoj knji\u017enici i \u010ditaonici Ogulin Plan javne nabave za 2014. godinu Plan javne nabave za 2015. godinu Plan javne nabave [&hellip;]\" \/>\n<meta property=\"og:url\" content=\"https:\/\/knjiznice.nsk.hr\/ogulin\/dokumenti-knjiznice\/\" \/>\n<meta property=\"og:site_name\" content=\"Gradska knji\u017enica i \u010ditaonica Ogulin\" \/>\n<meta property=\"article:modified_time\" content=\"2016-03-09T08:46:26+00:00\" \/>\n<script type=\"application\/ld+json\" class=\"yoast-schema-graph\">{\"@context\":\"https:\/\/schema.org\",\"@graph\":[{\"@type\":\"WebSite\",\"@id\":\"http:\/\/knjiznice.nsk.hr\/ogulin\/#website\",\"url\":\"http:\/\/knjiznice.nsk.hr\/ogulin\/\",\"name\":\"Gradska knji\\u017enica i \\u010ditaonica Ogulin\",\"description\":\"Najbolja stvar kod knji\\u017enica jest ta da je dovoljno velika da stane cijeli svijet u nju, a opet dovoljno mala da stane u tvoj grad.\",\"potentialAction\":[{\"@type\":\"SearchAction\",\"target\":\"http:\/\/knjiznice.nsk.hr\/ogulin\/?s={search_term_string}\",\"query-input\":\"required name=search_term_string\"}],\"inLanguage\":\"hr\"},{\"@type\":\"WebPage\",\"@id\":\"https:\/\/knjiznice.nsk.hr\/ogulin\/dokumenti-knjiznice\/#webpage\",\"url\":\"https:\/\/knjiznice.nsk.hr\/ogulin\/dokumenti-knjiznice\/\",\"name\":\"Dokumenti Knji\\u017enice - Gradska knji\\u017enica i \\u010ditaonica Ogulin\",\"isPartOf\":{\"@id\":\"http:\/\/knjiznice.nsk.hr\/ogulin\/#website\"},\"datePublished\":\"2016-03-04T12:42:28+00:00\",\"dateModified\":\"2016-03-09T08:46:26+00:00\",\"breadcrumb\":{\"@id\":\"https:\/\/knjiznice.nsk.hr\/ogulin\/dokumenti-knjiznice\/#breadcrumb\"},\"inLanguage\":\"hr\",\"potentialAction\":[{\"@type\":\"ReadAction\",\"target\":[\"https:\/\/knjiznice.nsk.hr\/ogulin\/dokumenti-knjiznice\/\"]}]},{\"@type\":\"BreadcrumbList\",\"@id\":\"https:\/\/knjiznice.nsk.hr\/ogulin\/dokumenti-knjiznice\/#breadcrumb\",\"itemListElement\":[{\"@type\":\"ListItem\",\"position\":1,\"item\":{\"@type\":\"WebPage\",\"@id\":\"http:\/\/knjiznice.nsk.hr\/ogulin\/\",\"url\":\"http:\/\/knjiznice.nsk.hr\/ogulin\/\",\"name\":\"Po\\u010detna stranica\"}},{\"@type\":\"ListItem\",\"position\":2,\"item\":{\"@id\":\"https:\/\/knjiznice.nsk.hr\/ogulin\/dokumenti-knjiznice\/#webpage\"}}]}]}<\/script>\n<!-- \/ Yoast SEO plugin. -->","_links":{"self":[{"href":"http:\/\/knjiznice.nsk.hr\/ogulin\/wp-json\/wp\/v2\/pages\/305"}],"collection":[{"href":"http:\/\/knjiznice.nsk.hr\/ogulin\/wp-json\/wp\/v2\/pages"}],"about":[{"href":"http:\/\/knjiznice.nsk.hr\/ogulin\/wp-json\/wp\/v2\/types\/page"}],"author":[{"embeddable":true,"href":"http:\/\/knjiznice.nsk.hr\/ogulin\/wp-json\/wp\/v2\/users\/99"}],"replies":[{"embeddable":true,"href":"http:\/\/knjiznice.nsk.hr\/ogulin\/wp-json\/wp\/v2\/comments?post=305"}],"version-history":[{"count":29,"href":"http:\/\/knjiznice.nsk.hr\/ogulin\/wp-json\/wp\/v2\/pages\/305\/revisions"}],"predecessor-version":[{"id":366,"href":"http:\/\/knjiznice.nsk.hr\/ogulin\/wp-json\/wp\/v2\/pages\/305\/revisions\/366"}],"wp:attachment":[{"href":"http:\/\/knjiznice.nsk.hr\/ogulin\/wp-json\/wp\/v2\/media?parent=305"}],"curies":[{"name":"wp","href":"https:\/\/api.w.org\/{rel}","templated":true}]}}