{"id":44,"date":"2020-01-02T11:13:17","date_gmt":"2020-01-02T11:13:17","guid":{"rendered":"http:\/\/knjiznice.nsk.hr\/nustar\/?page_id=44"},"modified":"2021-07-02T12:37:10","modified_gmt":"2021-07-02T12:37:10","slug":"on-line-rezervacija-knjiga","status":"publish","type":"page","link":"http:\/\/knjiznice.nsk.hr\/nustar\/usluge\/on-line-rezervacija-knjiga\/","title":{"rendered":"On-line rezervacija knjiga"},"content":{"rendered":"<ul>\n<li>Na internetskoj stranici Narodne knji\u017enice i \u010ditaonice sv. Bendikta Nu\u0161tar <a href=\"http:\/\/knjiznice.nsk.hr\/nustar\">http:\/\/knjiznice.nsk.hr\/nustar<\/a>\/ odaberite<strong><em> Katalog.<\/em><\/strong><\/li>\n<\/ul>\n<p><a href=\"http:\/\/knjiznice.nsk.hr\/nustar\/wp-content\/uploads\/sites\/84\/2021\/07\/Bez-naslova.jpg\"><img loading=\"lazy\" class=\"alignnone wp-image-259\" src=\"http:\/\/knjiznice.nsk.hr\/nustar\/wp-content\/uploads\/sites\/84\/2021\/07\/Bez-naslova-300x94.jpg\" alt=\"\" width=\"434\" height=\"136\" srcset=\"http:\/\/knjiznice.nsk.hr\/nustar\/wp-content\/uploads\/sites\/84\/2021\/07\/Bez-naslova-300x94.jpg 300w, http:\/\/knjiznice.nsk.hr\/nustar\/wp-content\/uploads\/sites\/84\/2021\/07\/Bez-naslova-1024x321.jpg 1024w, http:\/\/knjiznice.nsk.hr\/nustar\/wp-content\/uploads\/sites\/84\/2021\/07\/Bez-naslova-768x241.jpg 768w, http:\/\/knjiznice.nsk.hr\/nustar\/wp-content\/uploads\/sites\/84\/2021\/07\/Bez-naslova-600x188.jpg 600w, http:\/\/knjiznice.nsk.hr\/nustar\/wp-content\/uploads\/sites\/84\/2021\/07\/Bez-naslova-624x196.jpg 624w, http:\/\/knjiznice.nsk.hr\/nustar\/wp-content\/uploads\/sites\/84\/2021\/07\/Bez-naslova.jpg 1032w\" sizes=\"(max-width: 434px) 100vw, 434px\" \/><\/a><\/p>\n<ul>\n<li>U predvi\u0111eni prostor upi\u0161ite podatke o naslovu i odaberite ikonu za pretra\u017eivanje (pove\u0107alo).<\/li>\n<\/ul>\n<p><a role=\"link\" href=\"http:\/\/knjiznice.nsk.hr\/vinkovci\/wp-content\/uploads\/sites\/5\/2021\/06\/katalog.jpg\"><img loading=\"lazy\" class=\"wp-image-4246 alignleft\" src=\"http:\/\/knjiznice.nsk.hr\/vinkovci\/wp-content\/uploads\/sites\/5\/2021\/06\/katalog.jpg\" alt=\"\" width=\"512\" height=\"63\"><\/a><\/p>\n<p>&nbsp;<\/p>\n<p>&nbsp;<\/p>\n<ul>\n<li>Na ponu\u0111enom popisu odaberite naslov koji \u017eelite rezervirati.<\/li>\n<\/ul>\n<p><a role=\"link\" href=\"http:\/\/knjiznice.nsk.hr\/vinkovci\/wp-content\/uploads\/sites\/5\/2021\/06\/naslov.jpg\"><img loading=\"lazy\" class=\" wp-image-4247 alignleft\" src=\"http:\/\/knjiznice.nsk.hr\/vinkovci\/wp-content\/uploads\/sites\/5\/2021\/06\/naslov.jpg\" alt=\"\" width=\"519\" height=\"254\"><\/a><\/p>\n<p>&nbsp;<\/p>\n<p>&nbsp;<\/p>\n<p>&nbsp;<\/p>\n<p>&nbsp;<\/p>\n<p>&nbsp;<\/p>\n<p>&nbsp;<\/p>\n<ul>\n<li>Ako je knjiga posu\u0111ena odberite <strong><em>Rezervirajte<\/em><\/strong>, a ako je dostupna odaberite <strong><em>Provjerite status.<\/em><\/strong><\/li>\n<\/ul>\n<p><a role=\"link\" href=\"http:\/\/knjiznice.nsk.hr\/vinkovci\/wp-content\/uploads\/sites\/5\/2021\/06\/rezer.jpg\"><img loading=\"lazy\" class=\"wp-image-4250 alignleft\" src=\"http:\/\/knjiznice.nsk.hr\/vinkovci\/wp-content\/uploads\/sites\/5\/2021\/06\/rezer.jpg\" alt=\"\" width=\"526\" height=\"160\"><\/a><\/p>\n<p>&nbsp;<\/p>\n<p>&nbsp;<\/p>\n<p>&nbsp;<\/p>\n<p>&nbsp;<\/p>\n<ul>\n<li>U obrazac upi\u0161ite svoje podatke \u2013 broj \u010dlanske iskaznice i osobni pin broj koji ste dobili u Gradskoj knji\u017enici i \u010ditaonici Vinkovci. Zatim odaberite <strong><em>Prijava<\/em><\/strong>.<\/li>\n<\/ul>\n<p><a role=\"link\" href=\"http:\/\/knjiznice.nsk.hr\/vinkovci\/wp-content\/uploads\/sites\/5\/2021\/06\/podatci.jpg\"><img loading=\"lazy\" class=\" wp-image-4249 alignleft\" src=\"http:\/\/knjiznice.nsk.hr\/vinkovci\/wp-content\/uploads\/sites\/5\/2021\/06\/podatci.jpg\" alt=\"\" width=\"431\" height=\"291\"><\/a><\/p>\n<p>&nbsp;<\/p>\n<p>&nbsp;<\/p>\n<p>&nbsp;<\/p>\n<p>&nbsp;<\/p>\n<p>&nbsp;<\/p>\n<p>&nbsp;<\/p>\n<p>&nbsp;<\/p>\n<ul>\n<li>U obrascu s unaprijed pripremljenim podatcima i tekstom poruke odaberite <strong><em>Po\u0161alji.<\/em><\/strong> Zahtjev za rezervaciju uspje\u0161no je poslan u Knji\u017enicu. Kada naslov bude dostupan, putem e-poruke dobit \u0107ete povratnu informaciju.<\/li>\n<\/ul>\n<p><img loading=\"lazy\" class=\"shrinkToFit alignleft\" src=\"http:\/\/knjiznice.nsk.hr\/vinkovci\/wp-content\/uploads\/sites\/5\/2021\/06\/rezerviraj.jpg\" alt=\"http:\/\/knjiznice.nsk.hr\/vinkovci\/wp-content\/uploads\/sites\/5\/2021\/06\/rezerviraj.jpg\" width=\"331\" height=\"284\"><\/p>\n","protected":false},"excerpt":{"rendered":"<p>Na internetskoj stranici Narodne knji\u017enice i \u010ditaonice sv. Bendikta Nu\u0161tar http:\/\/knjiznice.nsk.hr\/nustar\/ odaberite Katalog. U predvi\u0111eni prostor upi\u0161ite podatke o naslovu i odaberite ikonu za pretra\u017eivanje (pove\u0107alo). &nbsp; &nbsp; Na ponu\u0111enom popisu odaberite naslov koji \u017eelite rezervirati. &nbsp; &nbsp; &nbsp; &nbsp; &nbsp; &nbsp; Ako je knjiga posu\u0111ena odberite Rezervirajte, a ako je dostupna odaberite Provjerite status. [&hellip;]<\/p>\n","protected":false},"author":100,"featured_media":0,"parent":40,"menu_order":0,"comment_status":"closed","ping_status":"closed","template":"","meta":{"ngg_post_thumbnail":0},"yoast_head":"<!-- This site is optimized with the Yoast SEO plugin v16.4 - https:\/\/yoast.com\/wordpress\/plugins\/seo\/ -->\n<meta name=\"robots\" content=\"index, follow, max-snippet:-1, max-image-preview:large, max-video-preview:-1\" \/>\n<link rel=\"canonical\" href=\"http:\/\/knjiznice.nsk.hr\/nustar\/usluge\/on-line-rezervacija-knjiga\/\" \/>\n<meta property=\"og:locale\" content=\"hr_HR\" \/>\n<meta property=\"og:type\" content=\"article\" \/>\n<meta property=\"og:title\" content=\"On-line rezervacija knjiga - Narodna knji\u017enica i \u010ditaonica sv. Benedikta Nu\u0161tar\" \/>\n<meta property=\"og:description\" content=\"Na internetskoj stranici Narodne knji\u017enice i \u010ditaonice sv. Bendikta Nu\u0161tar http:\/\/knjiznice.nsk.hr\/nustar\/ odaberite Katalog. U predvi\u0111eni prostor upi\u0161ite podatke o naslovu i odaberite ikonu za pretra\u017eivanje (pove\u0107alo). &nbsp; &nbsp; Na ponu\u0111enom popisu odaberite naslov koji \u017eelite rezervirati. &nbsp; &nbsp; &nbsp; &nbsp; &nbsp; &nbsp; Ako je knjiga posu\u0111ena odberite Rezervirajte, a ako je dostupna odaberite Provjerite status. [&hellip;]\" \/>\n<meta property=\"og:url\" content=\"http:\/\/knjiznice.nsk.hr\/nustar\/usluge\/on-line-rezervacija-knjiga\/\" \/>\n<meta property=\"og:site_name\" content=\"Narodna knji\u017enica i \u010ditaonica sv. Benedikta Nu\u0161tar\" \/>\n<meta property=\"article:modified_time\" content=\"2021-07-02T12:37:10+00:00\" \/>\n<meta property=\"og:image\" content=\"http:\/\/knjiznice.nsk.hr\/nustar\/wp-content\/uploads\/sites\/84\/2021\/07\/Bez-naslova-300x94.jpg\" \/>\n<meta name=\"twitter:label1\" content=\"Procijenjeno vrijeme \u010ditanja\" \/>\n\t<meta name=\"twitter:data1\" content=\"2 minute\" \/>\n<script type=\"application\/ld+json\" class=\"yoast-schema-graph\">{\"@context\":\"https:\/\/schema.org\",\"@graph\":[{\"@type\":\"WebSite\",\"@id\":\"https:\/\/knjiznice.nsk.hr\/nustar\/#website\",\"url\":\"https:\/\/knjiznice.nsk.hr\/nustar\/\",\"name\":\"Narodna knji\\u017enica i \\u010ditaonica sv. Benedikta Nu\\u0161tar\",\"description\":\"\",\"potentialAction\":[{\"@type\":\"SearchAction\",\"target\":\"https:\/\/knjiznice.nsk.hr\/nustar\/?s={search_term_string}\",\"query-input\":\"required name=search_term_string\"}],\"inLanguage\":\"hr\"},{\"@type\":\"ImageObject\",\"@id\":\"http:\/\/knjiznice.nsk.hr\/nustar\/usluge\/on-line-rezervacija-knjiga\/#primaryimage\",\"inLanguage\":\"hr\",\"url\":\"http:\/\/knjiznice.nsk.hr\/nustar\/wp-content\/uploads\/sites\/84\/2021\/07\/Bez-naslova.jpg\",\"contentUrl\":\"http:\/\/knjiznice.nsk.hr\/nustar\/wp-content\/uploads\/sites\/84\/2021\/07\/Bez-naslova.jpg\",\"width\":1032,\"height\":324},{\"@type\":\"WebPage\",\"@id\":\"http:\/\/knjiznice.nsk.hr\/nustar\/usluge\/on-line-rezervacija-knjiga\/#webpage\",\"url\":\"http:\/\/knjiznice.nsk.hr\/nustar\/usluge\/on-line-rezervacija-knjiga\/\",\"name\":\"On-line rezervacija knjiga - Narodna knji\\u017enica i \\u010ditaonica sv. Benedikta Nu\\u0161tar\",\"isPartOf\":{\"@id\":\"https:\/\/knjiznice.nsk.hr\/nustar\/#website\"},\"primaryImageOfPage\":{\"@id\":\"http:\/\/knjiznice.nsk.hr\/nustar\/usluge\/on-line-rezervacija-knjiga\/#primaryimage\"},\"datePublished\":\"2020-01-02T11:13:17+00:00\",\"dateModified\":\"2021-07-02T12:37:10+00:00\",\"breadcrumb\":{\"@id\":\"http:\/\/knjiznice.nsk.hr\/nustar\/usluge\/on-line-rezervacija-knjiga\/#breadcrumb\"},\"inLanguage\":\"hr\",\"potentialAction\":[{\"@type\":\"ReadAction\",\"target\":[\"http:\/\/knjiznice.nsk.hr\/nustar\/usluge\/on-line-rezervacija-knjiga\/\"]}]},{\"@type\":\"BreadcrumbList\",\"@id\":\"http:\/\/knjiznice.nsk.hr\/nustar\/usluge\/on-line-rezervacija-knjiga\/#breadcrumb\",\"itemListElement\":[{\"@type\":\"ListItem\",\"position\":1,\"item\":{\"@type\":\"WebPage\",\"@id\":\"https:\/\/knjiznice.nsk.hr\/nustar\/\",\"url\":\"https:\/\/knjiznice.nsk.hr\/nustar\/\",\"name\":\"Po\\u010detna stranica\"}},{\"@type\":\"ListItem\",\"position\":2,\"item\":{\"@type\":\"WebPage\",\"@id\":\"http:\/\/knjiznice.nsk.hr\/nustar\/usluge\/\",\"url\":\"http:\/\/knjiznice.nsk.hr\/nustar\/usluge\/\",\"name\":\"Usluge\"}},{\"@type\":\"ListItem\",\"position\":3,\"item\":{\"@id\":\"http:\/\/knjiznice.nsk.hr\/nustar\/usluge\/on-line-rezervacija-knjiga\/#webpage\"}}]}]}<\/script>\n<!-- \/ Yoast SEO plugin. -->","_links":{"self":[{"href":"http:\/\/knjiznice.nsk.hr\/nustar\/wp-json\/wp\/v2\/pages\/44"}],"collection":[{"href":"http:\/\/knjiznice.nsk.hr\/nustar\/wp-json\/wp\/v2\/pages"}],"about":[{"href":"http:\/\/knjiznice.nsk.hr\/nustar\/wp-json\/wp\/v2\/types\/page"}],"author":[{"embeddable":true,"href":"http:\/\/knjiznice.nsk.hr\/nustar\/wp-json\/wp\/v2\/users\/100"}],"replies":[{"embeddable":true,"href":"http:\/\/knjiznice.nsk.hr\/nustar\/wp-json\/wp\/v2\/comments?post=44"}],"version-history":[{"count":6,"href":"http:\/\/knjiznice.nsk.hr\/nustar\/wp-json\/wp\/v2\/pages\/44\/revisions"}],"predecessor-version":[{"id":263,"href":"http:\/\/knjiznice.nsk.hr\/nustar\/wp-json\/wp\/v2\/pages\/44\/revisions\/263"}],"up":[{"embeddable":true,"href":"http:\/\/knjiznice.nsk.hr\/nustar\/wp-json\/wp\/v2\/pages\/40"}],"wp:attachment":[{"href":"http:\/\/knjiznice.nsk.hr\/nustar\/wp-json\/wp\/v2\/media?parent=44"}],"curies":[{"name":"wp","href":"https:\/\/api.w.org\/{rel}","templated":true}]}}