{"id":42,"date":"2020-01-02T11:13:02","date_gmt":"2020-01-02T11:13:02","guid":{"rendered":"http:\/\/knjiznice.nsk.hr\/nustar\/?page_id=42"},"modified":"2021-07-02T12:38:32","modified_gmt":"2021-07-02T12:38:32","slug":"on-line-onbova-zaduzenja","status":"publish","type":"page","link":"http:\/\/knjiznice.nsk.hr\/nustar\/usluge\/on-line-onbova-zaduzenja\/","title":{"rendered":"On-line obnova zadu\u017eenja"},"content":{"rendered":"<div class=\"entry-content\">\n<div class=\"entry-content\">\n<div class=\"entry-content\">\n<ul>\n<li>Na internetskoj stranici Narodne knji\u017enice i \u010ditaonice sv. Bendikta Nu\u0161tar odaberite <a href=\"http:\/\/knjiznice.nsk.hr\/nustar\/\">http:\/\/knjiznice.nsk.hr\/nustar\/<\/a><strong><em> Katalog.<\/em><\/strong><\/li>\n<\/ul>\n<p data-wahfont=\"14\"><a href=\"http:\/\/knjiznice.nsk.hr\/nustar\/wp-content\/uploads\/sites\/84\/2021\/07\/Bez-naslova.jpg\"><img loading=\"lazy\" class=\"alignnone wp-image-259\" src=\"http:\/\/knjiznice.nsk.hr\/nustar\/wp-content\/uploads\/sites\/84\/2021\/07\/Bez-naslova-300x94.jpg\" alt=\"\" width=\"469\" height=\"147\" srcset=\"http:\/\/knjiznice.nsk.hr\/nustar\/wp-content\/uploads\/sites\/84\/2021\/07\/Bez-naslova-300x94.jpg 300w, http:\/\/knjiznice.nsk.hr\/nustar\/wp-content\/uploads\/sites\/84\/2021\/07\/Bez-naslova-1024x321.jpg 1024w, http:\/\/knjiznice.nsk.hr\/nustar\/wp-content\/uploads\/sites\/84\/2021\/07\/Bez-naslova-768x241.jpg 768w, http:\/\/knjiznice.nsk.hr\/nustar\/wp-content\/uploads\/sites\/84\/2021\/07\/Bez-naslova-600x188.jpg 600w, http:\/\/knjiznice.nsk.hr\/nustar\/wp-content\/uploads\/sites\/84\/2021\/07\/Bez-naslova-624x196.jpg 624w, http:\/\/knjiznice.nsk.hr\/nustar\/wp-content\/uploads\/sites\/84\/2021\/07\/Bez-naslova.jpg 1032w\" sizes=\"(max-width: 469px) 100vw, 469px\" \/><\/a><\/p>\n<ul>\n<li>Odaberite <strong><em>Prijava<\/em><\/strong>.<\/li>\n<\/ul>\n<p data-wahfont=\"14\"><a role=\"link\" href=\"http:\/\/knjiznice.nsk.hr\/vinkovci\/wp-content\/uploads\/sites\/5\/2021\/06\/Prijava.jpg\" data-wahfont=\"14\"><img loading=\"lazy\" class=\"aligncenter size-full wp-image-4260\" src=\"http:\/\/knjiznice.nsk.hr\/vinkovci\/wp-content\/uploads\/sites\/5\/2021\/06\/Prijava.jpg\" alt=\"\" width=\"1372\" height=\"176\"><\/a><\/p>\n<ul>\n<li>U obrazac upi\u0161ite svoje podatke \u2013 broj \u010dlanske iskaznice i osobni pin broj koji ste dobili u Gradskoj knji\u017enici i \u010ditaonici Vinkovci. Zatim odaberite <strong><em>Prijava<\/em><\/strong>.<\/li>\n<\/ul>\n<p data-wahfont=\"14\"><a role=\"link\" href=\"http:\/\/knjiznice.nsk.hr\/vinkovci\/wp-content\/uploads\/sites\/5\/2021\/06\/podatci.jpg\" data-wahfont=\"14\"><img loading=\"lazy\" class=\" wp-image-4249 alignleft\" src=\"http:\/\/knjiznice.nsk.hr\/vinkovci\/wp-content\/uploads\/sites\/5\/2021\/06\/podatci.jpg\" alt=\"\" width=\"493\" height=\"333\"><\/a><\/p>\n<p data-wahfont=\"14\">&nbsp;<\/p>\n<p data-wahfont=\"14\">&nbsp;<\/p>\n<p data-wahfont=\"14\">&nbsp;<\/p>\n<p data-wahfont=\"14\">&nbsp;<\/p>\n<p data-wahfont=\"14\">&nbsp;<\/p>\n<p data-wahfont=\"14\">&nbsp;<\/p>\n<p data-wahfont=\"14\">&nbsp;<\/p>\n<p data-wahfont=\"14\">&nbsp;<\/p>\n<ul>\n<li>Na popisu posu\u0111enih naslova odaberite <strong><em>produ\u017eite<\/em><\/strong> (u \u017eutom polju).<\/li>\n<\/ul>\n<p data-wahfont=\"14\"><a role=\"link\" href=\"http:\/\/knjiznice.nsk.hr\/vinkovci\/wp-content\/uploads\/sites\/5\/2021\/06\/Bez-naslova.jpg\" data-wahfont=\"14\"><img loading=\"lazy\" class=\" wp-image-4261 alignleft\" src=\"http:\/\/knjiznice.nsk.hr\/vinkovci\/wp-content\/uploads\/sites\/5\/2021\/06\/Bez-naslova.jpg\" alt=\"\" width=\"517\" height=\"153\"><\/a><\/p>\n<p data-wahfont=\"14\">&nbsp;<\/p>\n<p data-wahfont=\"14\">&nbsp;<\/p>\n<p data-wahfont=\"14\">&nbsp;<\/p>\n<p data-wahfont=\"14\">&nbsp;<\/p>\n<p data-wahfont=\"14\">Uspje\u0161no ste produ\u017eili rok posudbe. U stupcu <strong><em>Datum povrata<\/em><\/strong> dobit \u0107ete novi datum.<\/p>\n<p data-wahfont=\"14\">&nbsp;<\/p>\n<p data-wahfont=\"14\"><strong>VA\u017dNA NAPOMENA!<\/strong><\/p>\n<p data-wahfont=\"14\"><strong>Produ\u017eenje roka posudbe mogu\u0107e je ako je primjerak posu\u0111en na rok od najvi\u0161e mjesec dana, ako nije u zakasnini, ako nije rezerviran te ako je Knji\u017enica dozvolila produ\u017eenje roka posudbe.<\/strong><\/p>\n<\/div>\n<\/div>\n<\/div>\n","protected":false},"excerpt":{"rendered":"<p>Na internetskoj stranici Narodne knji\u017enice i \u010ditaonice sv. Bendikta Nu\u0161tar odaberite http:\/\/knjiznice.nsk.hr\/nustar\/ Katalog. Odaberite Prijava. U obrazac upi\u0161ite svoje podatke \u2013 broj \u010dlanske iskaznice i osobni pin broj koji ste dobili u Gradskoj knji\u017enici i \u010ditaonici Vinkovci. Zatim odaberite Prijava. &nbsp; &nbsp; &nbsp; &nbsp; &nbsp; &nbsp; &nbsp; &nbsp; Na popisu posu\u0111enih naslova odaberite produ\u017eite (u [&hellip;]<\/p>\n","protected":false},"author":100,"featured_media":0,"parent":40,"menu_order":0,"comment_status":"closed","ping_status":"closed","template":"","meta":{"ngg_post_thumbnail":0},"yoast_head":"<!-- This site is optimized with the Yoast SEO plugin v16.4 - https:\/\/yoast.com\/wordpress\/plugins\/seo\/ -->\n<meta name=\"robots\" content=\"index, follow, max-snippet:-1, max-image-preview:large, max-video-preview:-1\" \/>\n<link rel=\"canonical\" href=\"http:\/\/knjiznice.nsk.hr\/nustar\/usluge\/on-line-onbova-zaduzenja\/\" \/>\n<meta property=\"og:locale\" content=\"hr_HR\" \/>\n<meta property=\"og:type\" content=\"article\" \/>\n<meta property=\"og:title\" content=\"On-line obnova zadu\u017eenja - Narodna knji\u017enica i \u010ditaonica sv. Benedikta Nu\u0161tar\" \/>\n<meta property=\"og:description\" content=\"Na internetskoj stranici Narodne knji\u017enice i \u010ditaonice sv. Bendikta Nu\u0161tar odaberite http:\/\/knjiznice.nsk.hr\/nustar\/ Katalog. Odaberite Prijava. U obrazac upi\u0161ite svoje podatke \u2013 broj \u010dlanske iskaznice i osobni pin broj koji ste dobili u Gradskoj knji\u017enici i \u010ditaonici Vinkovci. Zatim odaberite Prijava. &nbsp; &nbsp; &nbsp; &nbsp; &nbsp; &nbsp; &nbsp; &nbsp; Na popisu posu\u0111enih naslova odaberite produ\u017eite (u [&hellip;]\" \/>\n<meta property=\"og:url\" content=\"http:\/\/knjiznice.nsk.hr\/nustar\/usluge\/on-line-onbova-zaduzenja\/\" \/>\n<meta property=\"og:site_name\" content=\"Narodna knji\u017enica i \u010ditaonica sv. Benedikta Nu\u0161tar\" \/>\n<meta property=\"article:modified_time\" content=\"2021-07-02T12:38:32+00:00\" \/>\n<meta property=\"og:image\" content=\"http:\/\/knjiznice.nsk.hr\/nustar\/wp-content\/uploads\/sites\/84\/2021\/07\/Bez-naslova-300x94.jpg\" \/>\n<meta name=\"twitter:label1\" content=\"Procijenjeno vrijeme \u010ditanja\" \/>\n\t<meta name=\"twitter:data1\" content=\"2 minute\" \/>\n<script type=\"application\/ld+json\" class=\"yoast-schema-graph\">{\"@context\":\"https:\/\/schema.org\",\"@graph\":[{\"@type\":\"WebSite\",\"@id\":\"https:\/\/knjiznice.nsk.hr\/nustar\/#website\",\"url\":\"https:\/\/knjiznice.nsk.hr\/nustar\/\",\"name\":\"Narodna knji\\u017enica i \\u010ditaonica sv. Benedikta Nu\\u0161tar\",\"description\":\"\",\"potentialAction\":[{\"@type\":\"SearchAction\",\"target\":\"https:\/\/knjiznice.nsk.hr\/nustar\/?s={search_term_string}\",\"query-input\":\"required name=search_term_string\"}],\"inLanguage\":\"hr\"},{\"@type\":\"ImageObject\",\"@id\":\"http:\/\/knjiznice.nsk.hr\/nustar\/usluge\/on-line-onbova-zaduzenja\/#primaryimage\",\"inLanguage\":\"hr\",\"url\":\"http:\/\/knjiznice.nsk.hr\/nustar\/wp-content\/uploads\/sites\/84\/2021\/07\/Bez-naslova.jpg\",\"contentUrl\":\"http:\/\/knjiznice.nsk.hr\/nustar\/wp-content\/uploads\/sites\/84\/2021\/07\/Bez-naslova.jpg\",\"width\":1032,\"height\":324},{\"@type\":\"WebPage\",\"@id\":\"http:\/\/knjiznice.nsk.hr\/nustar\/usluge\/on-line-onbova-zaduzenja\/#webpage\",\"url\":\"http:\/\/knjiznice.nsk.hr\/nustar\/usluge\/on-line-onbova-zaduzenja\/\",\"name\":\"On-line obnova zadu\\u017eenja - Narodna knji\\u017enica i \\u010ditaonica sv. Benedikta Nu\\u0161tar\",\"isPartOf\":{\"@id\":\"https:\/\/knjiznice.nsk.hr\/nustar\/#website\"},\"primaryImageOfPage\":{\"@id\":\"http:\/\/knjiznice.nsk.hr\/nustar\/usluge\/on-line-onbova-zaduzenja\/#primaryimage\"},\"datePublished\":\"2020-01-02T11:13:02+00:00\",\"dateModified\":\"2021-07-02T12:38:32+00:00\",\"breadcrumb\":{\"@id\":\"http:\/\/knjiznice.nsk.hr\/nustar\/usluge\/on-line-onbova-zaduzenja\/#breadcrumb\"},\"inLanguage\":\"hr\",\"potentialAction\":[{\"@type\":\"ReadAction\",\"target\":[\"http:\/\/knjiznice.nsk.hr\/nustar\/usluge\/on-line-onbova-zaduzenja\/\"]}]},{\"@type\":\"BreadcrumbList\",\"@id\":\"http:\/\/knjiznice.nsk.hr\/nustar\/usluge\/on-line-onbova-zaduzenja\/#breadcrumb\",\"itemListElement\":[{\"@type\":\"ListItem\",\"position\":1,\"item\":{\"@type\":\"WebPage\",\"@id\":\"https:\/\/knjiznice.nsk.hr\/nustar\/\",\"url\":\"https:\/\/knjiznice.nsk.hr\/nustar\/\",\"name\":\"Po\\u010detna stranica\"}},{\"@type\":\"ListItem\",\"position\":2,\"item\":{\"@type\":\"WebPage\",\"@id\":\"http:\/\/knjiznice.nsk.hr\/nustar\/usluge\/\",\"url\":\"http:\/\/knjiznice.nsk.hr\/nustar\/usluge\/\",\"name\":\"Usluge\"}},{\"@type\":\"ListItem\",\"position\":3,\"item\":{\"@id\":\"http:\/\/knjiznice.nsk.hr\/nustar\/usluge\/on-line-onbova-zaduzenja\/#webpage\"}}]}]}<\/script>\n<!-- \/ Yoast SEO plugin. -->","_links":{"self":[{"href":"http:\/\/knjiznice.nsk.hr\/nustar\/wp-json\/wp\/v2\/pages\/42"}],"collection":[{"href":"http:\/\/knjiznice.nsk.hr\/nustar\/wp-json\/wp\/v2\/pages"}],"about":[{"href":"http:\/\/knjiznice.nsk.hr\/nustar\/wp-json\/wp\/v2\/types\/page"}],"author":[{"embeddable":true,"href":"http:\/\/knjiznice.nsk.hr\/nustar\/wp-json\/wp\/v2\/users\/100"}],"replies":[{"embeddable":true,"href":"http:\/\/knjiznice.nsk.hr\/nustar\/wp-json\/wp\/v2\/comments?post=42"}],"version-history":[{"count":8,"href":"http:\/\/knjiznice.nsk.hr\/nustar\/wp-json\/wp\/v2\/pages\/42\/revisions"}],"predecessor-version":[{"id":266,"href":"http:\/\/knjiznice.nsk.hr\/nustar\/wp-json\/wp\/v2\/pages\/42\/revisions\/266"}],"up":[{"embeddable":true,"href":"http:\/\/knjiznice.nsk.hr\/nustar\/wp-json\/wp\/v2\/pages\/40"}],"wp:attachment":[{"href":"http:\/\/knjiznice.nsk.hr\/nustar\/wp-json\/wp\/v2\/media?parent=42"}],"curies":[{"name":"wp","href":"https:\/\/api.w.org\/{rel}","templated":true}]}}