{"id":42,"date":"2015-04-13T10:38:37","date_gmt":"2015-04-13T10:38:37","guid":{"rendered":"http:\/\/knjiznice.nsk.hr\/murter\/?page_id=42"},"modified":"2015-04-13T10:41:41","modified_gmt":"2015-04-13T10:41:41","slug":"kurnaska-krunica","status":"publish","type":"page","link":"http:\/\/knjiznice.nsk.hr\/murter\/kurnaska-krunica\/","title":{"rendered":"Kurnaska krunica"},"content":{"rendered":"<p>KURNASKA KRUNICA<br \/>\n(Otajstva slavna)<br \/>\nBabuj\u00e3\u0161, Bal\u0169n, Gangar\u00f5, Mrtv\u00e3\u010d, Po\u010divalo, \u0160k\u00e3nj i \u0160k\u0169j,<br \/>\nKl\u0129n i Kalahat\u0129n.<\/p>\n<p>Ra\u0161\u0129p, S\u0201mograd, Taj\u1ebdr, Tr\u0205mul i \u017d\u0215t,<br \/>\nB\u0217\u010d i \u020ckju\u010d.<\/p>\n<p>K\u0169rba, L\u0201vsa, Levrn\u0201ka, L\u0169nga, Ple\u0161\u010d\u0209na, S\u0209ka, S\u00edta,<br \/>\nM\u0201na i D\u00e3jna.<\/p>\n<p>Ar\u0201povac, Crn\u0209kovac, Gust\u0201c, M\u0201snovac, Mrtv\u0201c, Trst\u0209kovac.<br \/>\nZorn\u0129k i Borovn\u0129k.<\/p>\n<p>Bo\u017e\u0209\u0161njak, Br\u020dskvenjak, Bru\u0161nj\u00e3k, Capar\u0129njak, Deset\u0129njak, G\u00e3rmenj\u0101k, Golub\u0129njak,<br \/>\nGominj\u00e3k i Lucmar\u0129njak.<br \/>\nPij\u0201t i Kurn\u0201t.<\/p>\n<p>Kor\u0129tnjak, M\u0201slinjak, M\u0211tenjak, \u00d5r\u0161jak, Pel\u0129njak, Prim\u0205tnjak, Pr\u0129\u0161njak, Sm\u020dkvenjak,<br \/>\nStri\u017enj\u00e3k, Tov\u00e3rnjak i Vodenj\u00e3k,<br \/>\n\u017dak\u00e3n i Obru\u010d\u00e3n.<\/p>\n<p>Dinar\u0209\u010d, Glavo\u010d\u0209\u010d, Gol\u0129\u010d, Kami\u010d\u0209\u010d, Krbar\u0209\u010d, Kur\u010d\u0209\u010d, Kurbar\u0209\u010d, Lon\u010dar\u0209\u010d, Pinez\u0205li\u010d,<br \/>\nRa\u0161ip\u0209\u010d, R\u020fn\u010di\u010d, Tr\u0205muli\u010d, V\u0211tli\u010d i Vol\u0129\u010d.<\/p>\n<p>Janj\u010d\u00e3r, K\u0201menar, Tov\u00e3r i Kolobu\u010d\u00e3r.<\/p>\n<p>\u0200bica, B\u0201bina Guz\u0209ca, Ber\u0205tica, B\u0201\u010dvica, Bikar\u0209jica, Bl\u0209tvica, Dragun\u0203rica, Gali\u020flica,<br \/>\nKas\u0205lica, L\u0215karica, Pan\u020btulica, Sapar\u0209ca, Sestr\u0209ca, S\u0209kica,<br \/>\nSm\u020dkica i Su\u0161\u0209ca.<\/p>\n<p>B\u0207li, Gol\u0201c, Gr\u0207go, D\u0209d, Glam\u020d\u010d, M\u020bsi, S\u00e9dlo, \u0160\u0209lo i Tur\u010d\u0129n,<br \/>\nOp\u0215h, Trb\u0215h i Vesej\u0169h.<\/p>\n<p>Kas\u0205la, Pan\u020btula, Sk\u0201la i San\u0111\u0205la.<\/p>\n<p>Bal\u0201bra, Bis\u0201ga, B\u0215ha, J\u0203dra, K\u020dpa, Krpej\u0209na, Kurbab\u0205la, Pi\u0161k\u0207ra, Prd\u0217sa, Pul\u0203ra, Skri\u017e\u0201nja,<br \/>\n\u0160\u010d\u0129tna i Svr\u0161\u0203ta.<\/p>\n<p>\u0200ba i B\u0201ba.<\/p>\n<p>(Izmolili Betinjani, I\u017eani, Jezerani, Murterini, Prvi\u0107ani, Saljani, Vrgadini, Zaglavci, \u017dirjani i mnogi neznani).<\/p>\n","protected":false},"excerpt":{"rendered":"<p>KURNASKA KRUNICA (Otajstva slavna) Babuj\u00e3\u0161, Bal\u0169n, Gangar\u00f5, Mrtv\u00e3\u010d, Po\u010divalo, \u0160k\u00e3nj i \u0160k\u0169j, Kl\u0129n i Kalahat\u0129n. Ra\u0161\u0129p, S\u0201mograd, Taj\u1ebdr, Tr\u0205mul i \u017d\u0215t, B\u0217\u010d i \u020ckju\u010d. K\u0169rba, L\u0201vsa, Levrn\u0201ka, L\u0169nga, Ple\u0161\u010d\u0209na, S\u0209ka, S\u00edta, M\u0201na i D\u00e3jna. Ar\u0201povac, Crn\u0209kovac, Gust\u0201c, M\u0201snovac, Mrtv\u0201c, Trst\u0209kovac. Zorn\u0129k i Borovn\u0129k. Bo\u017e\u0209\u0161njak, Br\u020dskvenjak, Bru\u0161nj\u00e3k, Capar\u0129njak, Deset\u0129njak, G\u00e3rmenj\u0101k, Golub\u0129njak, Gominj\u00e3k i Lucmar\u0129njak. Pij\u0201t i [&hellip;]<\/p>\n","protected":false},"author":42,"featured_media":0,"parent":0,"menu_order":0,"comment_status":"closed","ping_status":"closed","template":"","meta":{"ngg_post_thumbnail":0},"yoast_head":"<!-- This site is optimized with the Yoast SEO plugin v16.4 - https:\/\/yoast.com\/wordpress\/plugins\/seo\/ -->\n<meta name=\"robots\" content=\"index, follow, max-snippet:-1, max-image-preview:large, max-video-preview:-1\" \/>\n<link rel=\"canonical\" href=\"http:\/\/knjiznice.nsk.hr\/murter\/kurnaska-krunica\/\" \/>\n<meta property=\"og:locale\" content=\"hr_HR\" \/>\n<meta property=\"og:type\" content=\"article\" \/>\n<meta property=\"og:title\" content=\"Kurnaska krunica - Narodna knji\u017enica i \u010ditaonica Murter\" \/>\n<meta property=\"og:description\" content=\"KURNASKA KRUNICA (Otajstva slavna) Babuj\u00e3\u0161, Bal\u0169n, Gangar\u00f5, Mrtv\u00e3\u010d, Po\u010divalo, \u0160k\u00e3nj i \u0160k\u0169j, Kl\u0129n i Kalahat\u0129n. Ra\u0161\u0129p, S\u0201mograd, Taj\u1ebdr, Tr\u0205mul i \u017d\u0215t, B\u0217\u010d i \u020ckju\u010d. K\u0169rba, L\u0201vsa, Levrn\u0201ka, L\u0169nga, Ple\u0161\u010d\u0209na, S\u0209ka, S\u00edta, M\u0201na i D\u00e3jna. Ar\u0201povac, Crn\u0209kovac, Gust\u0201c, M\u0201snovac, Mrtv\u0201c, Trst\u0209kovac. Zorn\u0129k i Borovn\u0129k. Bo\u017e\u0209\u0161njak, Br\u020dskvenjak, Bru\u0161nj\u00e3k, Capar\u0129njak, Deset\u0129njak, G\u00e3rmenj\u0101k, Golub\u0129njak, Gominj\u00e3k i Lucmar\u0129njak. Pij\u0201t i [&hellip;]\" \/>\n<meta property=\"og:url\" content=\"http:\/\/knjiznice.nsk.hr\/murter\/kurnaska-krunica\/\" \/>\n<meta property=\"og:site_name\" content=\"Narodna knji\u017enica i \u010ditaonica Murter\" \/>\n<meta property=\"article:modified_time\" content=\"2015-04-13T10:41:41+00:00\" \/>\n<meta name=\"twitter:label1\" content=\"Procijenjeno vrijeme \u010ditanja\" \/>\n\t<meta name=\"twitter:data1\" content=\"1 minuta\" \/>\n<script type=\"application\/ld+json\" class=\"yoast-schema-graph\">{\"@context\":\"https:\/\/schema.org\",\"@graph\":[{\"@type\":\"WebSite\",\"@id\":\"http:\/\/knjiznice.nsk.hr\/murter\/#website\",\"url\":\"http:\/\/knjiznice.nsk.hr\/murter\/\",\"name\":\"Narodna knji\\u017enica i \\u010ditaonica Murter\",\"description\":\"\",\"potentialAction\":[{\"@type\":\"SearchAction\",\"target\":\"http:\/\/knjiznice.nsk.hr\/murter\/?s={search_term_string}\",\"query-input\":\"required name=search_term_string\"}],\"inLanguage\":\"hr\"},{\"@type\":\"WebPage\",\"@id\":\"http:\/\/knjiznice.nsk.hr\/murter\/kurnaska-krunica\/#webpage\",\"url\":\"http:\/\/knjiznice.nsk.hr\/murter\/kurnaska-krunica\/\",\"name\":\"Kurnaska krunica - Narodna knji\\u017enica i \\u010ditaonica Murter\",\"isPartOf\":{\"@id\":\"http:\/\/knjiznice.nsk.hr\/murter\/#website\"},\"datePublished\":\"2015-04-13T10:38:37+00:00\",\"dateModified\":\"2015-04-13T10:41:41+00:00\",\"breadcrumb\":{\"@id\":\"http:\/\/knjiznice.nsk.hr\/murter\/kurnaska-krunica\/#breadcrumb\"},\"inLanguage\":\"hr\",\"potentialAction\":[{\"@type\":\"ReadAction\",\"target\":[\"http:\/\/knjiznice.nsk.hr\/murter\/kurnaska-krunica\/\"]}]},{\"@type\":\"BreadcrumbList\",\"@id\":\"http:\/\/knjiznice.nsk.hr\/murter\/kurnaska-krunica\/#breadcrumb\",\"itemListElement\":[{\"@type\":\"ListItem\",\"position\":1,\"item\":{\"@type\":\"WebPage\",\"@id\":\"http:\/\/knjiznice.nsk.hr\/murter\/\",\"url\":\"http:\/\/knjiznice.nsk.hr\/murter\/\",\"name\":\"Po\\u010detna stranica\"}},{\"@type\":\"ListItem\",\"position\":2,\"item\":{\"@id\":\"http:\/\/knjiznice.nsk.hr\/murter\/kurnaska-krunica\/#webpage\"}}]}]}<\/script>\n<!-- \/ Yoast SEO plugin. -->","_links":{"self":[{"href":"http:\/\/knjiznice.nsk.hr\/murter\/wp-json\/wp\/v2\/pages\/42"}],"collection":[{"href":"http:\/\/knjiznice.nsk.hr\/murter\/wp-json\/wp\/v2\/pages"}],"about":[{"href":"http:\/\/knjiznice.nsk.hr\/murter\/wp-json\/wp\/v2\/types\/page"}],"author":[{"embeddable":true,"href":"http:\/\/knjiznice.nsk.hr\/murter\/wp-json\/wp\/v2\/users\/42"}],"replies":[{"embeddable":true,"href":"http:\/\/knjiznice.nsk.hr\/murter\/wp-json\/wp\/v2\/comments?post=42"}],"version-history":[{"count":1,"href":"http:\/\/knjiznice.nsk.hr\/murter\/wp-json\/wp\/v2\/pages\/42\/revisions"}],"predecessor-version":[{"id":43,"href":"http:\/\/knjiznice.nsk.hr\/murter\/wp-json\/wp\/v2\/pages\/42\/revisions\/43"}],"wp:attachment":[{"href":"http:\/\/knjiznice.nsk.hr\/murter\/wp-json\/wp\/v2\/media?parent=42"}],"curies":[{"name":"wp","href":"https:\/\/api.w.org\/{rel}","templated":true}]}}