{"id":178,"date":"2019-09-12T15:33:59","date_gmt":"2019-09-12T13:33:59","guid":{"rendered":"http:\/\/knjiznice.nsk.hr\/kali\/?page_id=178"},"modified":"2023-01-02T11:46:34","modified_gmt":"2023-01-02T10:46:34","slug":"cijena-upisa","status":"publish","type":"page","link":"http:\/\/knjiznice.nsk.hr\/kali\/na-korisnike\/cijena-upisa\/","title":{"rendered":"Cjenik usluga"},"content":{"rendered":"<p><strong>&nbsp;<\/strong><strong>CJENIK USLUGA I NAKNADA U NARODNOJ KNJI\u017dNICI KALI<\/strong><\/p>\n<table style=\"height: 457px\" width=\"620\">\n<tbody>\n<tr>\n<td width=\"219\"><strong>I.&nbsp;&nbsp;&nbsp;&nbsp;&nbsp;&nbsp;&nbsp;&nbsp;&nbsp;&nbsp;&nbsp;&nbsp;&nbsp;&nbsp;&nbsp;&nbsp;&nbsp;&nbsp; <\/strong><strong>\u010cLANARINA<\/strong><\/td>\n<td width=\"219\"><strong>Cijena u EUR<\/strong><\/td>\n<td width=\"219\"><strong>Cijena u HRK<\/strong><\/td>\n<\/tr>\n<tr>\n<td width=\"219\"><strong>zaposleni ( 12 mjeseci)<\/strong><\/td>\n<td width=\"219\">11 EUR<\/td>\n<td width=\"219\">82,88 HRK<\/td>\n<\/tr>\n<tr>\n<td width=\"219\"><strong>u\u010denici, djeca<\/strong><\/td>\n<td width=\"219\">11 EUR<\/td>\n<td width=\"219\">82,88 HRK<\/td>\n<\/tr>\n<tr>\n<td width=\"219\"><strong>studenti<\/strong><\/td>\n<td width=\"219\">7 EUR<\/td>\n<td width=\"219\">52,74 HRK<\/td>\n<\/tr>\n<tr>\n<td width=\"219\"><strong>umirovljenici<\/strong><\/td>\n<td width=\"219\">6 EUR<\/td>\n<td width=\"219\">45,21 HRK<\/td>\n<\/tr>\n<tr>\n<td width=\"219\"><strong>osobe s invaliditetom<\/strong><\/td>\n<td width=\"219\">6 EUR<\/td>\n<td width=\"219\">45,21 HRK<\/td>\n<\/tr>\n<tr>\n<td width=\"219\"><strong>obitelj ( po \u010dlanu) <\/strong><\/td>\n<td width=\"219\">7 EUR<\/td>\n<td width=\"219\">52,74 HRK<\/td>\n<\/tr>\n<tr>\n<td width=\"219\"><strong>upis do 2 mjeseca<\/strong><\/td>\n<td width=\"219\">4 EUR<\/td>\n<td width=\"219\">30,14 HRK<\/td>\n<\/tr>\n<\/tbody>\n<\/table>\n<table>\n<tbody>\n<tr>\n<td width=\"219\"><strong>II.&nbsp;&nbsp;&nbsp;&nbsp;&nbsp;&nbsp;&nbsp;&nbsp;&nbsp;&nbsp;&nbsp;&nbsp;&nbsp;&nbsp;&nbsp; <\/strong><strong>ZAKASNINA<\/strong><\/td>\n<td width=\"219\"><strong>Cijena u EUR<\/strong><\/td>\n<td width=\"219\"><strong>Cijena u HRK<\/strong><\/td>\n<\/tr>\n<tr>\n<td width=\"219\"><strong>Knjige: po primjerku i po danu<\/strong><\/td>\n<td width=\"219\">0,10 EUR<\/td>\n<td width=\"219\">0,75 HRK<\/td>\n<\/tr>\n<tr>\n<td width=\"219\"><strong>CD: po primjerku i po danu<\/strong><\/td>\n<td width=\"219\">1 EUR<\/td>\n<td width=\"219\">7,53 HRK<\/td>\n<\/tr>\n<\/tbody>\n<\/table>\n<p>&nbsp;<\/p>\n<table>\n<tbody>\n<tr>\n<td width=\"219\"><strong>III.&nbsp;&nbsp;&nbsp;&nbsp;&nbsp;&nbsp;&nbsp;&nbsp;&nbsp;&nbsp;&nbsp;&nbsp; <\/strong><strong>NADOKNADA \u0160TETE<\/strong><\/td>\n<td width=\"219\"><strong>Cijena u EUR<\/strong><\/td>\n<td width=\"219\"><strong>Cijena u HRK<\/strong><\/td>\n<\/tr>\n<tr>\n<td width=\"219\"><strong>o\u0161te\u0107eni bar-koda<\/strong><\/td>\n<td width=\"219\">1,50 EUR<\/td>\n<td width=\"219\">11,30 HRK<\/td>\n<\/tr>\n<tr>\n<td width=\"219\"><strong>izgubljena ili o\u0161te\u0107ena iskaznica<\/strong><\/td>\n<td width=\"219\">3 EUR<\/td>\n<td width=\"219\">22,60 HRK<\/td>\n<\/tr>\n<tr>\n<td width=\"219\"><strong>izgubljena ili o\u0161te\u0107ena knjiga<\/strong><\/td>\n<td width=\"219\">15 EUR<\/td>\n<td width=\"219\">113,02 HRK<\/td>\n<\/tr>\n<tr>\n<td width=\"219\"><strong>izgubljen ili o\u0161te\u0107en CD<\/strong><\/td>\n<td width=\"219\">7 EUR<\/td>\n<td width=\"219\">52,74 HRK<\/td>\n<\/tr>\n<\/tbody>\n<\/table>\n<p>&nbsp;<\/p>\n<table>\n<tbody>\n<tr>\n<td width=\"219\"><strong>IV.&nbsp;&nbsp;&nbsp;&nbsp;&nbsp;&nbsp;&nbsp;&nbsp;&nbsp;&nbsp;&nbsp;&nbsp; <\/strong><strong>OSTALE USLUGE<\/strong><\/td>\n<td width=\"219\"><strong>Cijena u EUR<\/strong><\/td>\n<td width=\"219\"><strong>Cijena u HRK<\/strong><\/td>\n<\/tr>\n<tr>\n<td width=\"219\"><strong>rezervacija gra\u0111e<\/strong><\/td>\n<td width=\"219\">1 EUR<\/td>\n<td width=\"219\">7,53 HRK<\/td>\n<\/tr>\n<tr>\n<td width=\"219\"><strong>kori\u0161tenje internet: za osobe koji nisu \u010dlanovi &#8211; 30 min<\/strong><\/td>\n<td width=\"219\">1 EUR<\/td>\n<td width=\"219\">7,53 HRK<\/td>\n<\/tr>\n<tr>\n<td width=\"219\"><strong>fotokopiranje (A4)<\/strong><\/td>\n<td width=\"219\">0,10 EUR<\/td>\n<td width=\"219\">0,75 HRK<\/td>\n<\/tr>\n<tr>\n<td width=\"219\"><strong>skeniranje (A4)<\/strong><\/td>\n<td width=\"219\">1 EUR<\/td>\n<td width=\"219\">7,53 HRK<\/td>\n<\/tr>\n<tr>\n<td width=\"219\"><strong>naknada za obavijest prekora\u010denja e-mailom<\/strong><\/td>\n<td width=\"219\">0 EUR<\/td>\n<td width=\"219\">0 HRK<\/td>\n<\/tr>\n<tr>\n<td width=\"219\"><strong>naknada za obavijest prekora\u010danje po\u0161tom<\/strong><\/td>\n<td width=\"219\">1 EUR<\/td>\n<td width=\"219\">7,53 HRK<\/td>\n<\/tr>\n<\/tbody>\n<\/table>\n<ul>\n<li><strong style=\"font-size: 1rem\">Posebne zbirke i pravila kori\u0161tenja<\/strong><\/li>\n<\/ul>\n<p>Gra\u0111a iz posebnih zbirki (zavi\u010dajne zbirke, hemeroteke, tj,novine i \u010dasopisi, i referentne zbirke: &nbsp;&nbsp;&nbsp;&nbsp;rje\u010dnici, enciklopedije, leksikoni, priru\u010dnici iz knji\u017eni\u010darstva itd.) ne posu\u0111uju se &#8211;&nbsp; mogu se koristiti samo u knji\u017enici.<\/p>\n<p>&nbsp;<\/p>\n","protected":false},"excerpt":{"rendered":"<p>&nbsp;CJENIK USLUGA I NAKNADA U NARODNOJ KNJI\u017dNICI KALI I.&nbsp;&nbsp;&nbsp;&nbsp;&nbsp;&nbsp;&nbsp;&nbsp;&nbsp;&nbsp;&nbsp;&nbsp;&nbsp;&nbsp;&nbsp;&nbsp;&nbsp;&nbsp; \u010cLANARINA Cijena u EUR Cijena u HRK zaposleni ( 12 mjeseci) 11 EUR 82,88 HRK u\u010denici, djeca 11 EUR 82,88 HRK studenti 7 EUR 52,74 HRK umirovljenici 6 EUR 45,21 HRK osobe s invaliditetom 6 EUR 45,21 HRK obitelj ( po \u010dlanu) 7 EUR 52,74 HRK [&hellip;]<\/p>\n","protected":false},"author":168,"featured_media":0,"parent":219,"menu_order":3,"comment_status":"closed","ping_status":"closed","template":"page-templates\/front-page.php","meta":{"ngg_post_thumbnail":0},"yoast_head":"<!-- This site is optimized with the Yoast SEO plugin v16.4 - https:\/\/yoast.com\/wordpress\/plugins\/seo\/ -->\n<meta name=\"robots\" content=\"index, follow, max-snippet:-1, max-image-preview:large, max-video-preview:-1\" \/>\n<link rel=\"canonical\" href=\"http:\/\/knjiznice.nsk.hr\/kali\/na-korisnike\/cijena-upisa\/\" \/>\n<meta property=\"og:locale\" content=\"hr_HR\" \/>\n<meta property=\"og:type\" content=\"article\" \/>\n<meta property=\"og:title\" content=\"Cjenik usluga - Narodna knji\u017enica Kali\" \/>\n<meta property=\"og:description\" content=\"&nbsp;CJENIK USLUGA I NAKNADA U NARODNOJ KNJI\u017dNICI KALI I.&nbsp;&nbsp;&nbsp;&nbsp;&nbsp;&nbsp;&nbsp;&nbsp;&nbsp;&nbsp;&nbsp;&nbsp;&nbsp;&nbsp;&nbsp;&nbsp;&nbsp;&nbsp; \u010cLANARINA Cijena u EUR Cijena u HRK zaposleni ( 12 mjeseci) 11 EUR 82,88 HRK u\u010denici, djeca 11 EUR 82,88 HRK studenti 7 EUR 52,74 HRK umirovljenici 6 EUR 45,21 HRK osobe s invaliditetom 6 EUR 45,21 HRK obitelj ( po \u010dlanu) 7 EUR 52,74 HRK [&hellip;]\" \/>\n<meta property=\"og:url\" content=\"http:\/\/knjiznice.nsk.hr\/kali\/na-korisnike\/cijena-upisa\/\" \/>\n<meta property=\"og:site_name\" content=\"Narodna knji\u017enica Kali\" \/>\n<meta property=\"article:publisher\" content=\"https:\/\/www.facebook.com\/narodna.knjiznica.kali\/\" \/>\n<meta property=\"article:modified_time\" content=\"2023-01-02T10:46:34+00:00\" \/>\n<meta name=\"twitter:card\" content=\"summary_large_image\" \/>\n<meta name=\"twitter:label1\" content=\"Procijenjeno vrijeme \u010ditanja\" \/>\n\t<meta name=\"twitter:data1\" content=\"1 minuta\" \/>\n<script type=\"application\/ld+json\" class=\"yoast-schema-graph\">{\"@context\":\"https:\/\/schema.org\",\"@graph\":[{\"@type\":\"Organization\",\"@id\":\"http:\/\/knjiznice.nsk.hr\/kali\/#organization\",\"name\":\"Narodna kni\\u017enica Kali\",\"url\":\"http:\/\/knjiznice.nsk.hr\/kali\/\",\"sameAs\":[\"https:\/\/www.facebook.com\/narodna.knjiznica.kali\/\",\"https:\/\/www.instagram.com\/narodnaknjiznicakali\/\",\"https:\/\/www.youtube.com\/channel\/UC2glNDARQY0rsXxh2ZnUv_Q\"],\"logo\":{\"@type\":\"ImageObject\",\"@id\":\"http:\/\/knjiznice.nsk.hr\/kali\/#logo\",\"inLanguage\":\"hr\",\"url\":\"http:\/\/knjiznice.nsk.hr\/kali\/wp-content\/uploads\/sites\/100\/2019\/10\/cropped-LOGO-VERZIJA-1-3.jpg\",\"contentUrl\":\"http:\/\/knjiznice.nsk.hr\/kali\/wp-content\/uploads\/sites\/100\/2019\/10\/cropped-LOGO-VERZIJA-1-3.jpg\",\"width\":1122,\"height\":1118,\"caption\":\"Narodna kni\\u017enica Kali\"},\"image\":{\"@id\":\"http:\/\/knjiznice.nsk.hr\/kali\/#logo\"}},{\"@type\":\"WebSite\",\"@id\":\"http:\/\/knjiznice.nsk.hr\/kali\/#website\",\"url\":\"http:\/\/knjiznice.nsk.hr\/kali\/\",\"name\":\"Narodna knji\\u017enica Kali\",\"description\":\"\",\"publisher\":{\"@id\":\"http:\/\/knjiznice.nsk.hr\/kali\/#organization\"},\"potentialAction\":[{\"@type\":\"SearchAction\",\"target\":\"http:\/\/knjiznice.nsk.hr\/kali\/?s={search_term_string}\",\"query-input\":\"required name=search_term_string\"}],\"inLanguage\":\"hr\"},{\"@type\":\"WebPage\",\"@id\":\"http:\/\/knjiznice.nsk.hr\/kali\/na-korisnike\/cijena-upisa\/#webpage\",\"url\":\"http:\/\/knjiznice.nsk.hr\/kali\/na-korisnike\/cijena-upisa\/\",\"name\":\"Cjenik usluga - Narodna knji\\u017enica Kali\",\"isPartOf\":{\"@id\":\"http:\/\/knjiznice.nsk.hr\/kali\/#website\"},\"datePublished\":\"2019-09-12T13:33:59+00:00\",\"dateModified\":\"2023-01-02T10:46:34+00:00\",\"breadcrumb\":{\"@id\":\"http:\/\/knjiznice.nsk.hr\/kali\/na-korisnike\/cijena-upisa\/#breadcrumb\"},\"inLanguage\":\"hr\",\"potentialAction\":[{\"@type\":\"ReadAction\",\"target\":[\"http:\/\/knjiznice.nsk.hr\/kali\/na-korisnike\/cijena-upisa\/\"]}]},{\"@type\":\"BreadcrumbList\",\"@id\":\"http:\/\/knjiznice.nsk.hr\/kali\/na-korisnike\/cijena-upisa\/#breadcrumb\",\"itemListElement\":[{\"@type\":\"ListItem\",\"position\":1,\"item\":{\"@type\":\"WebPage\",\"@id\":\"http:\/\/knjiznice.nsk.hr\/kali\/\",\"url\":\"http:\/\/knjiznice.nsk.hr\/kali\/\",\"name\":\"Po\\u010detna stranica\"}},{\"@type\":\"ListItem\",\"position\":2,\"item\":{\"@type\":\"WebPage\",\"@id\":\"http:\/\/knjiznice.nsk.hr\/kali\/na-korisnike\/\",\"url\":\"http:\/\/knjiznice.nsk.hr\/kali\/na-korisnike\/\",\"name\":\"Za korisnike\"}},{\"@type\":\"ListItem\",\"position\":3,\"item\":{\"@id\":\"http:\/\/knjiznice.nsk.hr\/kali\/na-korisnike\/cijena-upisa\/#webpage\"}}]}]}<\/script>\n<!-- \/ Yoast SEO plugin. -->","_links":{"self":[{"href":"http:\/\/knjiznice.nsk.hr\/kali\/wp-json\/wp\/v2\/pages\/178"}],"collection":[{"href":"http:\/\/knjiznice.nsk.hr\/kali\/wp-json\/wp\/v2\/pages"}],"about":[{"href":"http:\/\/knjiznice.nsk.hr\/kali\/wp-json\/wp\/v2\/types\/page"}],"author":[{"embeddable":true,"href":"http:\/\/knjiznice.nsk.hr\/kali\/wp-json\/wp\/v2\/users\/168"}],"replies":[{"embeddable":true,"href":"http:\/\/knjiznice.nsk.hr\/kali\/wp-json\/wp\/v2\/comments?post=178"}],"version-history":[{"count":11,"href":"http:\/\/knjiznice.nsk.hr\/kali\/wp-json\/wp\/v2\/pages\/178\/revisions"}],"predecessor-version":[{"id":1239,"href":"http:\/\/knjiznice.nsk.hr\/kali\/wp-json\/wp\/v2\/pages\/178\/revisions\/1239"}],"up":[{"embeddable":true,"href":"http:\/\/knjiznice.nsk.hr\/kali\/wp-json\/wp\/v2\/pages\/219"}],"wp:attachment":[{"href":"http:\/\/knjiznice.nsk.hr\/kali\/wp-json\/wp\/v2\/media?parent=178"}],"curies":[{"name":"wp","href":"https:\/\/api.w.org\/{rel}","templated":true}]}}