{"id":16,"date":"2018-11-24T13:14:46","date_gmt":"2018-11-24T12:14:46","guid":{"rendered":"http:\/\/knjiznice.nsk.hr\/kali\/?page_id=16"},"modified":"2019-09-20T21:13:02","modified_gmt":"2019-09-20T19:13:02","slug":"povijest-knjiznice","status":"publish","type":"page","link":"http:\/\/knjiznice.nsk.hr\/kali\/narodna-knjiznica-kali\/povijest-knjiznice\/","title":{"rendered":"Povijest knji\u017enice"},"content":{"rendered":"<p>Narodna knji\u017enica Kali osnovana je \u0161ezdesetih godina pro\u0161log st., a 1983. prostor Knji\u017enice je temeljito ure\u0111en i moderno opremljen.Od tada djeluje kontuirano do sada.<\/p>\n<p>Do 1997. djeluje u sastavu GK Zadar kao njezina prva podru\u010dna knji\u017enica. Nakon osnutka Op\u0107ine Kali i Knji\u017enica postaje samostalna javna ustanova u kulturi i kao takva jedina je na otocima Ugljan i Pa\u0161man. Njenim se uslugama koriste i stanovnici drugih oto\u010dnih mjesta a ljeti brojni doma\u0107i turisti. U knji\u017enici radi jedna stru\u010dna osoba koja je ujedno i ravnatelj.<\/p>\n","protected":false},"excerpt":{"rendered":"<p>Narodna knji\u017enica Kali osnovana je \u0161ezdesetih godina pro\u0161log st., a 1983. prostor Knji\u017enice je temeljito ure\u0111en i moderno opremljen.Od tada djeluje kontuirano do sada. Do 1997. djeluje u sastavu GK Zadar kao njezina prva podru\u010dna knji\u017enica. Nakon osnutka Op\u0107ine Kali i Knji\u017enica postaje samostalna javna ustanova u kulturi i kao takva jedina je na otocima [&hellip;]<\/p>\n","protected":false},"author":168,"featured_media":0,"parent":14,"menu_order":1,"comment_status":"closed","ping_status":"closed","template":"","meta":{"ngg_post_thumbnail":0},"yoast_head":"<!-- This site is optimized with the Yoast SEO plugin v16.4 - https:\/\/yoast.com\/wordpress\/plugins\/seo\/ -->\n<meta name=\"robots\" content=\"index, follow, max-snippet:-1, max-image-preview:large, max-video-preview:-1\" \/>\n<link rel=\"canonical\" href=\"http:\/\/knjiznice.nsk.hr\/kali\/narodna-knjiznica-kali\/povijest-knjiznice\/\" \/>\n<meta property=\"og:locale\" content=\"hr_HR\" \/>\n<meta property=\"og:type\" content=\"article\" \/>\n<meta property=\"og:title\" content=\"Povijest knji\u017enice - Narodna knji\u017enica Kali\" \/>\n<meta property=\"og:description\" content=\"Narodna knji\u017enica Kali osnovana je \u0161ezdesetih godina pro\u0161log st., a 1983. prostor Knji\u017enice je temeljito ure\u0111en i moderno opremljen.Od tada djeluje kontuirano do sada. Do 1997. djeluje u sastavu GK Zadar kao njezina prva podru\u010dna knji\u017enica. Nakon osnutka Op\u0107ine Kali i Knji\u017enica postaje samostalna javna ustanova u kulturi i kao takva jedina je na otocima [&hellip;]\" \/>\n<meta property=\"og:url\" content=\"http:\/\/knjiznice.nsk.hr\/kali\/narodna-knjiznica-kali\/povijest-knjiznice\/\" \/>\n<meta property=\"og:site_name\" content=\"Narodna knji\u017enica Kali\" \/>\n<meta property=\"article:publisher\" content=\"https:\/\/www.facebook.com\/narodna.knjiznica.kali\/\" \/>\n<meta property=\"article:modified_time\" content=\"2019-09-20T19:13:02+00:00\" \/>\n<meta name=\"twitter:card\" content=\"summary_large_image\" \/>\n<script type=\"application\/ld+json\" class=\"yoast-schema-graph\">{\"@context\":\"https:\/\/schema.org\",\"@graph\":[{\"@type\":\"Organization\",\"@id\":\"https:\/\/knjiznice.nsk.hr\/kali\/#organization\",\"name\":\"Narodna kni\\u017enica Kali\",\"url\":\"https:\/\/knjiznice.nsk.hr\/kali\/\",\"sameAs\":[\"https:\/\/www.facebook.com\/narodna.knjiznica.kali\/\",\"https:\/\/www.instagram.com\/narodnaknjiznicakali\/\",\"https:\/\/www.youtube.com\/channel\/UC2glNDARQY0rsXxh2ZnUv_Q\"],\"logo\":{\"@type\":\"ImageObject\",\"@id\":\"https:\/\/knjiznice.nsk.hr\/kali\/#logo\",\"inLanguage\":\"hr\",\"url\":\"http:\/\/knjiznice.nsk.hr\/kali\/wp-content\/uploads\/sites\/100\/2019\/10\/cropped-LOGO-VERZIJA-1-3.jpg\",\"contentUrl\":\"http:\/\/knjiznice.nsk.hr\/kali\/wp-content\/uploads\/sites\/100\/2019\/10\/cropped-LOGO-VERZIJA-1-3.jpg\",\"width\":1122,\"height\":1118,\"caption\":\"Narodna kni\\u017enica Kali\"},\"image\":{\"@id\":\"https:\/\/knjiznice.nsk.hr\/kali\/#logo\"}},{\"@type\":\"WebSite\",\"@id\":\"https:\/\/knjiznice.nsk.hr\/kali\/#website\",\"url\":\"https:\/\/knjiznice.nsk.hr\/kali\/\",\"name\":\"Narodna knji\\u017enica Kali\",\"description\":\"\",\"publisher\":{\"@id\":\"https:\/\/knjiznice.nsk.hr\/kali\/#organization\"},\"potentialAction\":[{\"@type\":\"SearchAction\",\"target\":\"https:\/\/knjiznice.nsk.hr\/kali\/?s={search_term_string}\",\"query-input\":\"required name=search_term_string\"}],\"inLanguage\":\"hr\"},{\"@type\":\"WebPage\",\"@id\":\"http:\/\/knjiznice.nsk.hr\/kali\/narodna-knjiznica-kali\/povijest-knjiznice\/#webpage\",\"url\":\"http:\/\/knjiznice.nsk.hr\/kali\/narodna-knjiznica-kali\/povijest-knjiznice\/\",\"name\":\"Povijest knji\\u017enice - Narodna knji\\u017enica Kali\",\"isPartOf\":{\"@id\":\"https:\/\/knjiznice.nsk.hr\/kali\/#website\"},\"datePublished\":\"2018-11-24T12:14:46+00:00\",\"dateModified\":\"2019-09-20T19:13:02+00:00\",\"breadcrumb\":{\"@id\":\"http:\/\/knjiznice.nsk.hr\/kali\/narodna-knjiznica-kali\/povijest-knjiznice\/#breadcrumb\"},\"inLanguage\":\"hr\",\"potentialAction\":[{\"@type\":\"ReadAction\",\"target\":[\"http:\/\/knjiznice.nsk.hr\/kali\/narodna-knjiznica-kali\/povijest-knjiznice\/\"]}]},{\"@type\":\"BreadcrumbList\",\"@id\":\"http:\/\/knjiznice.nsk.hr\/kali\/narodna-knjiznica-kali\/povijest-knjiznice\/#breadcrumb\",\"itemListElement\":[{\"@type\":\"ListItem\",\"position\":1,\"item\":{\"@type\":\"WebPage\",\"@id\":\"https:\/\/knjiznice.nsk.hr\/kali\/\",\"url\":\"https:\/\/knjiznice.nsk.hr\/kali\/\",\"name\":\"Po\\u010detna stranica\"}},{\"@type\":\"ListItem\",\"position\":2,\"item\":{\"@type\":\"WebPage\",\"@id\":\"http:\/\/knjiznice.nsk.hr\/kali\/narodna-knjiznica-kali\/\",\"url\":\"http:\/\/knjiznice.nsk.hr\/kali\/narodna-knjiznica-kali\/\",\"name\":\"O Knji\\u017enici\"}},{\"@type\":\"ListItem\",\"position\":3,\"item\":{\"@id\":\"http:\/\/knjiznice.nsk.hr\/kali\/narodna-knjiznica-kali\/povijest-knjiznice\/#webpage\"}}]}]}<\/script>\n<!-- \/ Yoast SEO plugin. -->","_links":{"self":[{"href":"http:\/\/knjiznice.nsk.hr\/kali\/wp-json\/wp\/v2\/pages\/16"}],"collection":[{"href":"http:\/\/knjiznice.nsk.hr\/kali\/wp-json\/wp\/v2\/pages"}],"about":[{"href":"http:\/\/knjiznice.nsk.hr\/kali\/wp-json\/wp\/v2\/types\/page"}],"author":[{"embeddable":true,"href":"http:\/\/knjiznice.nsk.hr\/kali\/wp-json\/wp\/v2\/users\/168"}],"replies":[{"embeddable":true,"href":"http:\/\/knjiznice.nsk.hr\/kali\/wp-json\/wp\/v2\/comments?post=16"}],"version-history":[{"count":1,"href":"http:\/\/knjiznice.nsk.hr\/kali\/wp-json\/wp\/v2\/pages\/16\/revisions"}],"predecessor-version":[{"id":17,"href":"http:\/\/knjiznice.nsk.hr\/kali\/wp-json\/wp\/v2\/pages\/16\/revisions\/17"}],"up":[{"embeddable":true,"href":"http:\/\/knjiznice.nsk.hr\/kali\/wp-json\/wp\/v2\/pages\/14"}],"wp:attachment":[{"href":"http:\/\/knjiznice.nsk.hr\/kali\/wp-json\/wp\/v2\/media?parent=16"}],"curies":[{"name":"wp","href":"https:\/\/api.w.org\/{rel}","templated":true}]}}