{"id":43,"date":"2018-12-09T14:21:34","date_gmt":"2018-12-09T13:21:34","guid":{"rendered":"http:\/\/knjiznice.nsk.hr\/hrvatskiskup\/?page_id=43"},"modified":"2018-12-09T14:31:53","modified_gmt":"2018-12-09T13:31:53","slug":"povijest-knjiznice","status":"publish","type":"page","link":"http:\/\/knjiznice.nsk.hr\/hrvatskiskup\/povijest-knjiznice\/","title":{"rendered":"Povijest knji\u017enice"},"content":{"rendered":"<p>Narodna knji\u017enica \u201eHrvatski skup\u201c nastavlja tradiciju kulturne pro\u0161losti Pu\u010di\u0161\u0107a:<\/p>\n<ol start=\"29\">\n<li>lipnja <strong>1868.<\/strong> je grupa Pu\u010di\u0161\u0107ana uputila dopis tada\u0161njoj vlasti da im se dopusti sastajanje \u00ab<em>i to jedino zato da njim bude slu\u017eilo napredku i koristi<\/em> <em>ko \u0161to vam svido\u010di na\u0161 Ustav&#8230;\u00bb<\/em><\/li>\n<li><strong> rujna 1868<\/strong>. na dan sv. Jere, za\u0161titnika Pu\u010di\u0161\u0107a, zajedno s glavarom pu\u010di\u0161kim Mihovilom Morom utemeljio je pu\u010di\u0161ki \u017eupnik don Petar Luk\u0161i\u0107 <strong>\u010ditaonicu <em>Hrvatski skup<\/em><\/strong>.<\/li>\n<\/ol>\n<p>&nbsp;&nbsp;&nbsp;&nbsp;&nbsp;&nbsp;&nbsp;&nbsp;&nbsp;&nbsp;&nbsp; U Mjesecu hrvatske knjige <strong>1988. <\/strong>Narodna knji\u017enica \u00abHrvatski skup\u00bb je zapo\u010dela svoje djelovanje u sastavu Centra za kulturu Bra\u010d. Od 1. sije\u010dnja 2004. godine Narodna knji\u017enica je samostalna.<\/p>\n<p>Ponosni smo na ono \u0161to je Narodna knji\u017enica \u00abHrvatski skup\u00bb danas:<\/p>\n<ul>\n<li>mjesto afirmacije djeteta i \u010dovjeka;<\/li>\n<li>mjesto poticanja \u010ditateljstva i stvaranja \u010ditatelja;<\/li>\n<li>pu\u010di\u0161ki&nbsp; \u00abdnevni boravak\u00bb;<\/li>\n<li>pu\u010di\u0161ka turisti\u010dka ponuda<\/li>\n<li>pu\u010di\u0161ki&nbsp; \u00abarhiv i muzej\u00bb<\/li>\n<\/ul>\n<p>i nastavljamo dalje uz moto koji su nam ostavili na\u0161i preci \u010cESTA KAPLJA KAMEN DUBE.<\/p>\n","protected":false},"excerpt":{"rendered":"<p>Narodna knji\u017enica \u201eHrvatski skup\u201c nastavlja tradiciju kulturne pro\u0161losti Pu\u010di\u0161\u0107a: lipnja 1868. je grupa Pu\u010di\u0161\u0107ana uputila dopis tada\u0161njoj vlasti da im se dopusti sastajanje \u00abi to jedino zato da njim bude slu\u017eilo napredku i koristi ko \u0161to vam svido\u010di na\u0161 Ustav&#8230;\u00bb rujna 1868. na dan sv. Jere, za\u0161titnika Pu\u010di\u0161\u0107a, zajedno s glavarom pu\u010di\u0161kim Mihovilom Morom utemeljio [&hellip;]<\/p>\n","protected":false},"author":155,"featured_media":0,"parent":0,"menu_order":0,"comment_status":"closed","ping_status":"closed","template":"","meta":{"ngg_post_thumbnail":0},"yoast_head":"<!-- This site is optimized with the Yoast SEO plugin v16.4 - https:\/\/yoast.com\/wordpress\/plugins\/seo\/ -->\n<meta name=\"robots\" content=\"index, follow, max-snippet:-1, max-image-preview:large, max-video-preview:-1\" \/>\n<link rel=\"canonical\" href=\"http:\/\/knjiznice.nsk.hr\/hrvatskiskup\/povijest-knjiznice\/\" \/>\n<meta property=\"og:locale\" content=\"hr_HR\" \/>\n<meta property=\"og:type\" content=\"article\" \/>\n<meta property=\"og:title\" content=\"Povijest knji\u017enice - Narodna knji\u017enica &quot;Hrvatski skup&quot;\" \/>\n<meta property=\"og:description\" content=\"Narodna knji\u017enica \u201eHrvatski skup\u201c nastavlja tradiciju kulturne pro\u0161losti Pu\u010di\u0161\u0107a: lipnja 1868. je grupa Pu\u010di\u0161\u0107ana uputila dopis tada\u0161njoj vlasti da im se dopusti sastajanje \u00abi to jedino zato da njim bude slu\u017eilo napredku i koristi ko \u0161to vam svido\u010di na\u0161 Ustav&#8230;\u00bb rujna 1868. na dan sv. Jere, za\u0161titnika Pu\u010di\u0161\u0107a, zajedno s glavarom pu\u010di\u0161kim Mihovilom Morom utemeljio [&hellip;]\" \/>\n<meta property=\"og:url\" content=\"http:\/\/knjiznice.nsk.hr\/hrvatskiskup\/povijest-knjiznice\/\" \/>\n<meta property=\"og:site_name\" content=\"Narodna knji\u017enica &quot;Hrvatski skup&quot;\" \/>\n<meta property=\"article:publisher\" content=\"http:\/\/knjiznica.pucisca@gmail.com\" \/>\n<meta property=\"article:modified_time\" content=\"2018-12-09T13:31:53+00:00\" \/>\n<meta name=\"twitter:card\" content=\"summary_large_image\" \/>\n<meta name=\"twitter:label1\" content=\"Procijenjeno vrijeme \u010ditanja\" \/>\n\t<meta name=\"twitter:data1\" content=\"1 minuta\" \/>\n<script type=\"application\/ld+json\" class=\"yoast-schema-graph\">{\"@context\":\"https:\/\/schema.org\",\"@graph\":[{\"@type\":\"WebSite\",\"@id\":\"http:\/\/knjiznice.nsk.hr\/hrvatskiskup\/#website\",\"url\":\"http:\/\/knjiznice.nsk.hr\/hrvatskiskup\/\",\"name\":\"Narodna knji\\u017enica &quot;Hrvatski skup&quot;\",\"description\":\"\\u010cESTA KAPLJA KAMEN DUBE\",\"potentialAction\":[{\"@type\":\"SearchAction\",\"target\":\"http:\/\/knjiznice.nsk.hr\/hrvatskiskup\/?s={search_term_string}\",\"query-input\":\"required name=search_term_string\"}],\"inLanguage\":\"hr\"},{\"@type\":\"WebPage\",\"@id\":\"http:\/\/knjiznice.nsk.hr\/hrvatskiskup\/povijest-knjiznice\/#webpage\",\"url\":\"http:\/\/knjiznice.nsk.hr\/hrvatskiskup\/povijest-knjiznice\/\",\"name\":\"Povijest knji\\u017enice - Narodna knji\\u017enica &quot;Hrvatski skup&quot;\",\"isPartOf\":{\"@id\":\"http:\/\/knjiznice.nsk.hr\/hrvatskiskup\/#website\"},\"datePublished\":\"2018-12-09T13:21:34+00:00\",\"dateModified\":\"2018-12-09T13:31:53+00:00\",\"breadcrumb\":{\"@id\":\"http:\/\/knjiznice.nsk.hr\/hrvatskiskup\/povijest-knjiznice\/#breadcrumb\"},\"inLanguage\":\"hr\",\"potentialAction\":[{\"@type\":\"ReadAction\",\"target\":[\"http:\/\/knjiznice.nsk.hr\/hrvatskiskup\/povijest-knjiznice\/\"]}]},{\"@type\":\"BreadcrumbList\",\"@id\":\"http:\/\/knjiznice.nsk.hr\/hrvatskiskup\/povijest-knjiznice\/#breadcrumb\",\"itemListElement\":[{\"@type\":\"ListItem\",\"position\":1,\"item\":{\"@type\":\"WebPage\",\"@id\":\"http:\/\/knjiznice.nsk.hr\/hrvatskiskup\/\",\"url\":\"http:\/\/knjiznice.nsk.hr\/hrvatskiskup\/\",\"name\":\"Po\\u010detna stranica\"}},{\"@type\":\"ListItem\",\"position\":2,\"item\":{\"@id\":\"http:\/\/knjiznice.nsk.hr\/hrvatskiskup\/povijest-knjiznice\/#webpage\"}}]}]}<\/script>\n<!-- \/ Yoast SEO plugin. -->","_links":{"self":[{"href":"http:\/\/knjiznice.nsk.hr\/hrvatskiskup\/wp-json\/wp\/v2\/pages\/43"}],"collection":[{"href":"http:\/\/knjiznice.nsk.hr\/hrvatskiskup\/wp-json\/wp\/v2\/pages"}],"about":[{"href":"http:\/\/knjiznice.nsk.hr\/hrvatskiskup\/wp-json\/wp\/v2\/types\/page"}],"author":[{"embeddable":true,"href":"http:\/\/knjiznice.nsk.hr\/hrvatskiskup\/wp-json\/wp\/v2\/users\/155"}],"replies":[{"embeddable":true,"href":"http:\/\/knjiznice.nsk.hr\/hrvatskiskup\/wp-json\/wp\/v2\/comments?post=43"}],"version-history":[{"count":2,"href":"http:\/\/knjiznice.nsk.hr\/hrvatskiskup\/wp-json\/wp\/v2\/pages\/43\/revisions"}],"predecessor-version":[{"id":54,"href":"http:\/\/knjiznice.nsk.hr\/hrvatskiskup\/wp-json\/wp\/v2\/pages\/43\/revisions\/54"}],"wp:attachment":[{"href":"http:\/\/knjiznice.nsk.hr\/hrvatskiskup\/wp-json\/wp\/v2\/media?parent=43"}],"curies":[{"name":"wp","href":"https:\/\/api.w.org\/{rel}","templated":true}]}}