{"id":55,"date":"2015-04-23T09:22:05","date_gmt":"2015-04-23T09:22:05","guid":{"rendered":"http:\/\/knjiznice.nsk.hr\/hrvatska-dubica\/?page_id=55"},"modified":"2015-04-23T09:26:57","modified_gmt":"2015-04-23T09:26:57","slug":"usluge","status":"publish","type":"page","link":"http:\/\/knjiznice.nsk.hr\/hrvatska-dubica\/usluge\/","title":{"rendered":"Usluge"},"content":{"rendered":"<p>&nbsp;<\/p>\n<p>Osim usluga koje ulaze u \u010dlanarinu i dodatno se ne napla\u0107uju kao \u0161to su posu\u0111ivanje knji\u017ene i neknji\u017ene gra\u0111e, \u010ditanja \u010dasopisa i novina u \u010ditaonici te kori\u0161tenja ra\u010dunala, knji\u017enica pru\u017ea i sljede\u0107e usluge:<\/p>\n<ul>\n<li>Fotokopiranje<\/li>\n<li>Ispis<\/li>\n<li>Skeniranje<\/li>\n<li>Internet<\/li>\n<li>Me\u0111uknji\u017eni\u010dna posudba<\/li>\n<\/ul>\n<p>CIJENIK USLUGA<\/p>\n<ul>\n<li>\u010cLANARINA\n<ul>\n<li>\u010dlanarina <strong>20,00 kn<\/strong>,<\/li>\n<li>tre\u0107i \u010dlan iz obitelji<strong> 10,00 kn,<\/strong><\/li>\n<li>\u010detvrti i svaki sljede\u0107i \u010dlan iz iste obitelji &#8211; besplatno \u010dlanstvo<\/li>\n<\/ul>\n<\/li>\n<\/ul>\n<ul>\n<li>LJETNA \u010cLANARINA <strong>10,00 kn<\/strong><\/li>\n<\/ul>\n<ul>\n<li>FOTOKOPIRANJE I ISPIS<br \/>\nA4 (c\/b) <strong>0,80 kn<\/strong><br \/>\nA4 (u boji)<strong> 3,00 kn<\/strong><br \/>\nA3 (c\/b) <strong>1,60 kn<\/strong><\/li>\n<\/ul>\n<ul>\n<li>SKENIRANJE A4 <strong>3,00 kn<\/strong><\/li>\n<\/ul>\n<ul>\n<li>INTERNET<\/li>\n<\/ul>\n<p style=\"padding-left: 90px;\">\u010clanovi <strong>3 kn<\/strong> po satu<br \/>\nOstali <strong>6 kn<\/strong> po satu<\/p>\n<ul>\n<li>ME\u0110UKNJI\u017dNI\u010cNA POSUDBA <strong>15,00 kn<\/strong><\/li>\n<\/ul>\n","protected":false},"excerpt":{"rendered":"<p>&nbsp; Osim usluga koje ulaze u \u010dlanarinu i dodatno se ne napla\u0107uju kao \u0161to su posu\u0111ivanje knji\u017ene i neknji\u017ene gra\u0111e, \u010ditanja \u010dasopisa i novina u \u010ditaonici te kori\u0161tenja ra\u010dunala, knji\u017enica pru\u017ea i sljede\u0107e usluge: Fotokopiranje Ispis Skeniranje Internet Me\u0111uknji\u017eni\u010dna posudba CIJENIK USLUGA \u010cLANARINA \u010dlanarina 20,00 kn, tre\u0107i \u010dlan iz obitelji 10,00 kn, \u010detvrti i svaki [&hellip;]<\/p>\n","protected":false},"author":52,"featured_media":0,"parent":0,"menu_order":0,"comment_status":"closed","ping_status":"closed","template":"","meta":{"ngg_post_thumbnail":0},"yoast_head":"<!-- This site is optimized with the Yoast SEO plugin v16.4 - https:\/\/yoast.com\/wordpress\/plugins\/seo\/ -->\n<meta name=\"robots\" content=\"index, follow, max-snippet:-1, max-image-preview:large, max-video-preview:-1\" \/>\n<link rel=\"canonical\" href=\"http:\/\/knjiznice.nsk.hr\/hrvatska-dubica\/usluge\/\" \/>\n<meta property=\"og:locale\" content=\"hr_HR\" \/>\n<meta property=\"og:type\" content=\"article\" \/>\n<meta property=\"og:title\" content=\"Usluge - Narodna knji\u017enica i \u010ditaonica Ivo Kozar\u010danin Hrvatska Dubica\" \/>\n<meta property=\"og:description\" content=\"&nbsp; Osim usluga koje ulaze u \u010dlanarinu i dodatno se ne napla\u0107uju kao \u0161to su posu\u0111ivanje knji\u017ene i neknji\u017ene gra\u0111e, \u010ditanja \u010dasopisa i novina u \u010ditaonici te kori\u0161tenja ra\u010dunala, knji\u017enica pru\u017ea i sljede\u0107e usluge: Fotokopiranje Ispis Skeniranje Internet Me\u0111uknji\u017eni\u010dna posudba CIJENIK USLUGA \u010cLANARINA \u010dlanarina 20,00 kn, tre\u0107i \u010dlan iz obitelji 10,00 kn, \u010detvrti i svaki [&hellip;]\" \/>\n<meta property=\"og:url\" content=\"http:\/\/knjiznice.nsk.hr\/hrvatska-dubica\/usluge\/\" \/>\n<meta property=\"og:site_name\" content=\"Narodna knji\u017enica i \u010ditaonica Ivo Kozar\u010danin Hrvatska Dubica\" \/>\n<meta property=\"article:modified_time\" content=\"2015-04-23T09:26:57+00:00\" \/>\n<meta name=\"twitter:label1\" content=\"Procijenjeno vrijeme \u010ditanja\" \/>\n\t<meta name=\"twitter:data1\" content=\"1 minuta\" \/>\n<script type=\"application\/ld+json\" class=\"yoast-schema-graph\">{\"@context\":\"https:\/\/schema.org\",\"@graph\":[{\"@type\":\"WebSite\",\"@id\":\"http:\/\/knjiznice.nsk.hr\/hrvatska-dubica\/#website\",\"url\":\"http:\/\/knjiznice.nsk.hr\/hrvatska-dubica\/\",\"name\":\"Narodna knji\\u017enica i \\u010ditaonica Ivo Kozar\\u010danin Hrvatska Dubica\",\"description\":\"\",\"potentialAction\":[{\"@type\":\"SearchAction\",\"target\":\"http:\/\/knjiznice.nsk.hr\/hrvatska-dubica\/?s={search_term_string}\",\"query-input\":\"required name=search_term_string\"}],\"inLanguage\":\"hr\"},{\"@type\":\"WebPage\",\"@id\":\"http:\/\/knjiznice.nsk.hr\/hrvatska-dubica\/usluge\/#webpage\",\"url\":\"http:\/\/knjiznice.nsk.hr\/hrvatska-dubica\/usluge\/\",\"name\":\"Usluge - Narodna knji\\u017enica i \\u010ditaonica Ivo Kozar\\u010danin Hrvatska Dubica\",\"isPartOf\":{\"@id\":\"http:\/\/knjiznice.nsk.hr\/hrvatska-dubica\/#website\"},\"datePublished\":\"2015-04-23T09:22:05+00:00\",\"dateModified\":\"2015-04-23T09:26:57+00:00\",\"breadcrumb\":{\"@id\":\"http:\/\/knjiznice.nsk.hr\/hrvatska-dubica\/usluge\/#breadcrumb\"},\"inLanguage\":\"hr\",\"potentialAction\":[{\"@type\":\"ReadAction\",\"target\":[\"http:\/\/knjiznice.nsk.hr\/hrvatska-dubica\/usluge\/\"]}]},{\"@type\":\"BreadcrumbList\",\"@id\":\"http:\/\/knjiznice.nsk.hr\/hrvatska-dubica\/usluge\/#breadcrumb\",\"itemListElement\":[{\"@type\":\"ListItem\",\"position\":1,\"item\":{\"@type\":\"WebPage\",\"@id\":\"http:\/\/knjiznice.nsk.hr\/hrvatska-dubica\/\",\"url\":\"http:\/\/knjiznice.nsk.hr\/hrvatska-dubica\/\",\"name\":\"Po\\u010detna stranica\"}},{\"@type\":\"ListItem\",\"position\":2,\"item\":{\"@id\":\"http:\/\/knjiznice.nsk.hr\/hrvatska-dubica\/usluge\/#webpage\"}}]}]}<\/script>\n<!-- \/ Yoast SEO plugin. -->","_links":{"self":[{"href":"http:\/\/knjiznice.nsk.hr\/hrvatska-dubica\/wp-json\/wp\/v2\/pages\/55"}],"collection":[{"href":"http:\/\/knjiznice.nsk.hr\/hrvatska-dubica\/wp-json\/wp\/v2\/pages"}],"about":[{"href":"http:\/\/knjiznice.nsk.hr\/hrvatska-dubica\/wp-json\/wp\/v2\/types\/page"}],"author":[{"embeddable":true,"href":"http:\/\/knjiznice.nsk.hr\/hrvatska-dubica\/wp-json\/wp\/v2\/users\/52"}],"replies":[{"embeddable":true,"href":"http:\/\/knjiznice.nsk.hr\/hrvatska-dubica\/wp-json\/wp\/v2\/comments?post=55"}],"version-history":[{"count":11,"href":"http:\/\/knjiznice.nsk.hr\/hrvatska-dubica\/wp-json\/wp\/v2\/pages\/55\/revisions"}],"predecessor-version":[{"id":66,"href":"http:\/\/knjiznice.nsk.hr\/hrvatska-dubica\/wp-json\/wp\/v2\/pages\/55\/revisions\/66"}],"wp:attachment":[{"href":"http:\/\/knjiznice.nsk.hr\/hrvatska-dubica\/wp-json\/wp\/v2\/media?parent=55"}],"curies":[{"name":"wp","href":"https:\/\/api.w.org\/{rel}","templated":true}]}}