{"id":2,"date":"2014-05-28T13:08:54","date_gmt":"2014-05-28T13:08:54","guid":{"rendered":"http:\/\/knjiznice.nsk.hr\/gospic\/?page_id=2"},"modified":"2015-05-12T15:18:50","modified_gmt":"2015-05-12T15:18:50","slug":"primjer-stranice","status":"publish","type":"page","link":"http:\/\/knjiznice.nsk.hr\/gospic\/primjer-stranice\/","title":{"rendered":"O nama"},"content":{"rendered":"<p style=\"text-align: justify\">Sa<a href=\"http:\/\/knjiznice.nsk.hr\/gospic\/wp-content\/uploads\/sites\/35\/2014\/05\/o_nama.jpg\"><img loading=\"lazy\" class=\" size-medium wp-image-33 alignleft\" src=\"http:\/\/knjiznice.nsk.hr\/gospic\/wp-content\/uploads\/sites\/35\/2014\/05\/o_nama-300x197.jpg\" alt=\"o_nama\" width=\"300\" height=\"197\" srcset=\"http:\/\/knjiznice.nsk.hr\/gospic\/wp-content\/uploads\/sites\/35\/2014\/05\/o_nama-300x197.jpg 300w, http:\/\/knjiznice.nsk.hr\/gospic\/wp-content\/uploads\/sites\/35\/2014\/05\/o_nama.jpg 1024w, http:\/\/knjiznice.nsk.hr\/gospic\/wp-content\/uploads\/sites\/35\/2014\/05\/o_nama-600x394.jpg 600w\" sizes=\"(max-width: 300px) 100vw, 300px\" \/><\/a>mostalna narodna knji\u017enica Gospi\u0107 obavlja funkciju nabave, obrade i prezentacije knji\u017ene\u00a0 i neknji\u017ene gra\u0111e. No, knji\u017enica prije svega predstavlja kulturno, informacijsko i obrazovno te mjesto dru\u017eenja svih zaljubljenika u pisanu rije\u010d i time je jedna od vode\u0107ih kulturnih ustanova u na\u0161em gradu. Cilj nam je omogu\u0107iti gra\u0111anima pristup informacijama i ostalim kulturnim sadr\u017eajima i time obogatiti dru\u0161tveni \u017eivot zajednice.<\/p>\n<p style=\"text-align: justify\">Posebna mi je \u010dast biti na \u010delu ustanove koja u novoure\u0111enom prostoru predstavlja reprenzetativni primjer moderne knji\u017enice.<\/p>\n<p style=\"text-align: justify\">Samostalna narodna knji\u017enica Gospi\u0107 je bogato opremljena informati\u010dkom opremom koja omogu\u0107uje pristup internetu svim zainteresiranim korisnicima bilo da trajno borave u gradu ili su u prolazu i na taj na\u010din oboga\u0107uje i turisti\u010dku ponudu grada.<\/p>\n<p style=\"text-align: justify\">Gospi\u0107 je grad brojne u\u010deni\u010dke i studentske populacije. U tom smislu razvijamo srijedom kreativnu radionicu za u\u010denike osnovne \u0161kole, a trudimo se u sklopu nabavne politike i osigurati \u0161to vi\u0161e stru\u010dne literature za studente Visoke u\u010diteljske \u0161kole i Veleu\u010dili\u0161ta \u201eNikola Tesla\u201c.<\/p>\n<p style=\"text-align: justify\">Knji\u017enica posjeduje 60000 jedinica knji\u017enih naslova kao i 4000 jedinica audio vizualne gra\u0111e tj. glazbenih i filmskih naslova prate\u0107i glazbene trendove i filmske novitete..<\/p>\n<p style=\"text-align: justify\">Posebno se ponosimo na\u0161om zavi\u010dajnom zbirkom koju periodi\u010dno nadopunjujemo u suradnji sa antikvarijatima gdje nabavljamo gra\u0111u vezanu uz Liku i grad Gospi\u0107.<\/p>\n<p style=\"text-align: justify\">Na kraju zahvaljujem sada\u0161njim i budu\u0107im korisnicima i nadam se da \u0107e knji\u017enica nastaviti kao i do sada biti mjesto dru\u017eenja gdje \u0107e ljubitelji knjige prona\u0107i potrebne sadr\u017eaje za sebe.<\/p>\n<p style=\"text-align: justify\">Ravnatelj ustanove : Milan \u0160ari\u0107, prof., dipl. knji\u017e.<\/p>\n","protected":false},"excerpt":{"rendered":"<p>Samostalna narodna knji\u017enica Gospi\u0107 obavlja funkciju nabave, obrade i prezentacije knji\u017ene\u00a0 i neknji\u017ene gra\u0111e. No, knji\u017enica prije svega predstavlja kulturno, informacijsko i obrazovno te mjesto dru\u017eenja svih zaljubljenika u pisanu rije\u010d i time je jedna od vode\u0107ih kulturnih ustanova u na\u0161em gradu. Cilj nam je omogu\u0107iti gra\u0111anima pristup informacijama i ostalim kulturnim sadr\u017eajima i time [&hellip;]<\/p>\n","protected":false},"author":1,"featured_media":0,"parent":0,"menu_order":0,"comment_status":"closed","ping_status":"closed","template":"","meta":{"ngg_post_thumbnail":0},"yoast_head":"<!-- This site is optimized with the Yoast SEO plugin v16.4 - https:\/\/yoast.com\/wordpress\/plugins\/seo\/ -->\n<meta name=\"robots\" content=\"index, follow, max-snippet:-1, max-image-preview:large, max-video-preview:-1\" \/>\n<link rel=\"canonical\" href=\"http:\/\/knjiznice.nsk.hr\/gospic\/primjer-stranice\/\" \/>\n<meta property=\"og:locale\" content=\"hr_HR\" \/>\n<meta property=\"og:type\" content=\"article\" \/>\n<meta property=\"og:title\" content=\"O nama - Samostalna narodna knji\u017enica Gospi\u0107\" \/>\n<meta property=\"og:description\" content=\"Samostalna narodna knji\u017enica Gospi\u0107 obavlja funkciju nabave, obrade i prezentacije knji\u017ene\u00a0 i neknji\u017ene gra\u0111e. No, knji\u017enica prije svega predstavlja kulturno, informacijsko i obrazovno te mjesto dru\u017eenja svih zaljubljenika u pisanu rije\u010d i time je jedna od vode\u0107ih kulturnih ustanova u na\u0161em gradu. Cilj nam je omogu\u0107iti gra\u0111anima pristup informacijama i ostalim kulturnim sadr\u017eajima i time [&hellip;]\" \/>\n<meta property=\"og:url\" content=\"http:\/\/knjiznice.nsk.hr\/gospic\/primjer-stranice\/\" \/>\n<meta property=\"og:site_name\" content=\"Samostalna narodna knji\u017enica Gospi\u0107\" \/>\n<meta property=\"article:modified_time\" content=\"2015-05-12T15:18:50+00:00\" \/>\n<meta property=\"og:image\" content=\"http:\/\/knjiznice.nsk.hr\/gospic\/wp-content\/uploads\/sites\/35\/2014\/05\/o_nama-300x197.jpg\" \/>\n<meta name=\"twitter:label1\" content=\"Procijenjeno vrijeme \u010ditanja\" \/>\n\t<meta name=\"twitter:data1\" content=\"1 minuta\" \/>\n<script type=\"application\/ld+json\" class=\"yoast-schema-graph\">{\"@context\":\"https:\/\/schema.org\",\"@graph\":[{\"@type\":\"WebSite\",\"@id\":\"http:\/\/knjiznice.nsk.hr\/gospic\/#website\",\"url\":\"http:\/\/knjiznice.nsk.hr\/gospic\/\",\"name\":\"Samostalna narodna knji\\u017enica Gospi\\u0107\",\"description\":\"\",\"potentialAction\":[{\"@type\":\"SearchAction\",\"target\":\"http:\/\/knjiznice.nsk.hr\/gospic\/?s={search_term_string}\",\"query-input\":\"required name=search_term_string\"}],\"inLanguage\":\"hr\"},{\"@type\":\"ImageObject\",\"@id\":\"http:\/\/knjiznice.nsk.hr\/gospic\/primjer-stranice\/#primaryimage\",\"inLanguage\":\"hr\",\"url\":\"http:\/\/knjiznice.nsk.hr\/gospic\/wp-content\/uploads\/sites\/35\/2014\/05\/o_nama.jpg\",\"contentUrl\":\"http:\/\/knjiznice.nsk.hr\/gospic\/wp-content\/uploads\/sites\/35\/2014\/05\/o_nama.jpg\",\"width\":1024,\"height\":672},{\"@type\":\"WebPage\",\"@id\":\"http:\/\/knjiznice.nsk.hr\/gospic\/primjer-stranice\/#webpage\",\"url\":\"http:\/\/knjiznice.nsk.hr\/gospic\/primjer-stranice\/\",\"name\":\"O nama - Samostalna narodna knji\\u017enica Gospi\\u0107\",\"isPartOf\":{\"@id\":\"http:\/\/knjiznice.nsk.hr\/gospic\/#website\"},\"primaryImageOfPage\":{\"@id\":\"http:\/\/knjiznice.nsk.hr\/gospic\/primjer-stranice\/#primaryimage\"},\"datePublished\":\"2014-05-28T13:08:54+00:00\",\"dateModified\":\"2015-05-12T15:18:50+00:00\",\"breadcrumb\":{\"@id\":\"http:\/\/knjiznice.nsk.hr\/gospic\/primjer-stranice\/#breadcrumb\"},\"inLanguage\":\"hr\",\"potentialAction\":[{\"@type\":\"ReadAction\",\"target\":[\"http:\/\/knjiznice.nsk.hr\/gospic\/primjer-stranice\/\"]}]},{\"@type\":\"BreadcrumbList\",\"@id\":\"http:\/\/knjiznice.nsk.hr\/gospic\/primjer-stranice\/#breadcrumb\",\"itemListElement\":[{\"@type\":\"ListItem\",\"position\":1,\"item\":{\"@type\":\"WebPage\",\"@id\":\"http:\/\/knjiznice.nsk.hr\/gospic\/\",\"url\":\"http:\/\/knjiznice.nsk.hr\/gospic\/\",\"name\":\"Po\\u010detna stranica\"}},{\"@type\":\"ListItem\",\"position\":2,\"item\":{\"@id\":\"http:\/\/knjiznice.nsk.hr\/gospic\/primjer-stranice\/#webpage\"}}]}]}<\/script>\n<!-- \/ Yoast SEO plugin. -->","_links":{"self":[{"href":"http:\/\/knjiznice.nsk.hr\/gospic\/wp-json\/wp\/v2\/pages\/2"}],"collection":[{"href":"http:\/\/knjiznice.nsk.hr\/gospic\/wp-json\/wp\/v2\/pages"}],"about":[{"href":"http:\/\/knjiznice.nsk.hr\/gospic\/wp-json\/wp\/v2\/types\/page"}],"author":[{"embeddable":true,"href":"http:\/\/knjiznice.nsk.hr\/gospic\/wp-json\/wp\/v2\/users\/1"}],"replies":[{"embeddable":true,"href":"http:\/\/knjiznice.nsk.hr\/gospic\/wp-json\/wp\/v2\/comments?post=2"}],"version-history":[{"count":3,"href":"http:\/\/knjiznice.nsk.hr\/gospic\/wp-json\/wp\/v2\/pages\/2\/revisions"}],"predecessor-version":[{"id":34,"href":"http:\/\/knjiznice.nsk.hr\/gospic\/wp-json\/wp\/v2\/pages\/2\/revisions\/34"}],"wp:attachment":[{"href":"http:\/\/knjiznice.nsk.hr\/gospic\/wp-json\/wp\/v2\/media?parent=2"}],"curies":[{"name":"wp","href":"https:\/\/api.w.org\/{rel}","templated":true}]}}