{"id":250,"date":"2020-09-18T13:10:32","date_gmt":"2020-09-18T11:10:32","guid":{"rendered":"http:\/\/knjiznice.nsk.hr\/erdody\/?page_id=250"},"modified":"2020-09-18T13:42:18","modified_gmt":"2020-09-18T11:42:18","slug":"izjava-o-pristupacnosti","status":"publish","type":"page","link":"http:\/\/knjiznice.nsk.hr\/erdody\/izjava-o-pristupacnosti\/","title":{"rendered":"Izjava o pristupa\u010dnosti"},"content":{"rendered":"<h2><strong>Op\u0107enito<\/strong><\/h2>\n<p>Op\u0107inska knji\u017enica Sidonije Rubido Erd\u00f6dy, Gornja Rijeka nastoji svoje mre\u017ene stranice u\u010diniti pristupa\u010dnima u skladu sa <a href=\"https:\/\/www.zakon.hr\/z\/1929\/Zakon-o-pristupa%C4%8Dnosti-mre%C5%BEnih-stranica-i-programskih-rje%C5%A1enja-za-pokretne-ure%C4%91aje-tijela-javnog-sektora\">Zakonom o pristupa\u010dnosti mre\u017enih stranica i programskih rje\u0161enja za pokretne ure\u0111aje tijela javnog sektora Republike Hrvatske<\/a>&nbsp;(\u201eNarodne novine\u201c, broj 17\/19; dalje u tekstu: Zakon) kojim se prenosi&nbsp;<a href=\"https:\/\/eur-lex.europa.eu\/legal-content\/HR\/AUTO\/?uri=OJ:L:2016:327:TOC\">Direktiva (EU)&nbsp;2016\/2102 Europskog parlamenta i Vije\u0107a od 26.&nbsp;listopada 2016. o pristupa\u010dnosti internetskih stranica i mobilnih aplikacija tijela javnog sektora<\/a>&nbsp;(SL&nbsp;L&nbsp;327, 2.12.2016.).<\/p>\n<p>Ova Izjava o pristupa\u010dnosti primjenjuje se na mre\u017eno sjedi\u0161te Op\u0107inske knji\u017enice Sidonije Rubido Erd\u00f6dy, Gornja Rijeka.&nbsp; Adresa http:\/\/knjiznice.nsk.hr\/erdody\/<\/p>\n<h2>&nbsp;<strong>Status uskla\u0111enosti<\/strong><\/h2>\n<p>Mre\u017eno sjedi\u0161te&nbsp;http:\/\/knjiznice.nsk.hr\/erdody\/ &nbsp;djelomi\u010dno je uskla\u0111eno sa Zakonom zbog neuskla\u0111enosti koje su navedene u nastavku.<\/p>\n<h2><strong>Nepristupa\u010dan sadr\u017eaj<\/strong><\/h2>\n<p>Sadr\u017eaj naveden u nastavku je nepristupa\u010dan iz razloga:<\/p>\n<p><strong>&nbsp; &nbsp; &nbsp;a)neuskla\u0111enosti sa Zakonom<\/strong><\/p>\n<ul>\n<li>Kontrast na pojedinim dijelovima stranice nije zadovoljavaju\u0107.<\/li>\n<li>Veli\u010dina fonta na mre\u017enom mjestu je premala.<\/li>\n<li>Nazivi pojedinih poveznica trebali bi konkretnije specificirati sadr\u017eaj koji se iza njih nalazi.<\/li>\n<li>Mre\u017eno mjesto nema mogu\u0107nost reprodukcije tekstualnog sadr\u017eaja u audio obliku.<\/li>\n<li>Pojedine slike na stranici ne sadr\u017ee &lt;alt&gt; atribut.<\/li>\n<li>Pojedine slike na stranici ne sadr\u017ee kratak tekstualni opis sadr\u017eaja i funkcije slike.<\/li>\n<li>Navigacija u sidebaru prikazuje padaju\u0107e izbornike na prelazak mi\u0161a preko elementa navigacije, a ne na klik na odre\u0111eni element.<\/li>\n<\/ul>\n<p><strong>&nbsp; &nbsp; &nbsp; b)nerazmjerno optere\u0107enje<\/strong><\/p>\n<p>Za neuskla\u0111enosti navedene pod to\u010dkom a), Op\u0107inska knji\u017enica Sidonije Rubido Erd\u00f6dy, Gornja Rijeka &nbsp;se poziva na iznimku zbog nerazmjernog optere\u0107enja sukladno \u010dlanku 8. Zakona.<\/p>\n<p><strong>&nbsp; &nbsp; &nbsp; c)sadr\u017eaj nije obuhva\u0107en podru\u010djem primjene primjenjivog zakonodavstva<\/strong><\/p>\n<p><strong>&nbsp;<\/strong>Sukladno \u010dlanku 3. Zakona, isti se ne primjenjuje na uredske datoteke objavljene prije 23. rujna 2018. \u010diji sadr\u017eaj nije potreban za postupke u tijeku koje tijelo javnog sektora obavlja u okviru svog djelokruga.<\/p>\n<p>Sukladno \u010dlanku 3. Zakona, isti se ne primjenjuje na prethodno snimljene medijske sadr\u017eaje u obliku audiozapisa, videozapisa, audio i videozapisa, audio i\/ili videozapisa kombiniranih s interakcijom, objavljene prije 23. rujna 2020.<\/p>\n<h2><strong>Priprema ove izjave o pristupa\u010dnosti<\/strong><\/h2>\n<p>Ova je izjava sastavljena 18.rujna 2020.&nbsp; prema Predlo\u0161ku izjave o pristupa\u010dnosti koji je u skladu s Direktivom (EU) 2016\/2102 Europskog parlamenta i Vije\u0107a o pristupa\u010dnosti internetskih stranica i mobilnih aplikacija tijela javnog sektora, a utvr\u0111en je <a href=\"https:\/\/eur-lex.europa.eu\/legal-content\/HR\/TXT\/HTML\/?uri=CELEX:32018D1523&amp;qid=1590482508144&amp;from=HR\">Provedbenom odlukom Komisije (EU) 2018\/1523<\/a>.<\/p>\n<p>Izjava je zadnji put preispitana 18.rujna 2020.<\/p>\n<h2><strong>Povratne informacije i podaci za kontakt<\/strong><\/h2>\n<p>Molimo korisnike ove mre\u017ene stranice ako primijete neuskla\u0111en sadr\u017eaj, koji nije obuhva\u0107en ovom izjavom, da o tome obavijeste Op\u0107insku knji\u017enica Sidonije Rubido Erd\u00f6dy u Gornjoj Rijeci.<\/p>\n<p>Sve upite i sugestije vezane uz pristupa\u010dnost mre\u017enog sjedi\u0161ta Op\u0107inske knji\u017enice Sidonije Rubido Erd\u00f6dy,Gornja Rijeka korisnici mogu uputiti putem elektroni\u010dke po\u0161te: <u>opcinska.knjiznica.s.r.erdody@kc.t-com.hr<\/u><u>&nbsp;<\/u><\/p>\n<p>Op\u0107inska knji\u017enica Sidonije Rubido Erd\u00f6dy, Gornja Rijeka je du\u017ena na upit, obavijest ili zahtjev korisnika vezano uz osiguravanje pristupa\u010dnosti odgovoriti u roku od 15 dana od dana primitka obavijesti ili zahtjeva. Uz detaljno obrazlo\u017eenje razloga koji zahtijevaju odgodu, obavijestiti o naknadnom roku u kojem \u0107e odgovoriti na korisnikovu obavijest ili zahtjev.<\/p>\n<h2><strong>Postupak pra\u0107enja provedbe propisa<\/strong><\/h2>\n<p>Povjerenik za informiranje Republike Hrvatske je tijelo nadle\u017eno za pra\u0107enje uskla\u0111enosti mre\u017enih stranica i programskih rje\u0161enja za pokretne ure\u0111aje tijela javnog sektora sa zahtjevima pristupa\u010dnosti. Nadle\u017eno je i za&nbsp; nadzor nad provedbom Zakona.<\/p>\n<p>U slu\u010daju nezadovoljavaju\u0107ih odgovora na obavijest ili zahtjev za povratne informacije o pristupa\u010dnosti ovih mre\u017enih stranica, korisnici se mogu obratiti Povjereniku za informiranje putem elektroni\u010dke e po\u0161te: &nbsp;<u>opcinska.knjiznica.s.r.erdody@kc.t-com.hr<\/u><u>&nbsp;<\/u>.<\/p>\n","protected":false},"excerpt":{"rendered":"<p>Op\u0107enito Op\u0107inska knji\u017enica Sidonije Rubido Erd\u00f6dy, Gornja Rijeka nastoji svoje mre\u017ene stranice u\u010diniti pristupa\u010dnima u skladu sa Zakonom o pristupa\u010dnosti mre\u017enih stranica i programskih rje\u0161enja za pokretne ure\u0111aje tijela javnog sektora Republike Hrvatske&nbsp;(\u201eNarodne novine\u201c, broj 17\/19; dalje u tekstu: Zakon) kojim se prenosi&nbsp;Direktiva (EU)&nbsp;2016\/2102 Europskog parlamenta i Vije\u0107a od 26.&nbsp;listopada 2016. o pristupa\u010dnosti internetskih stranica [&hellip;]<\/p>\n","protected":false},"author":174,"featured_media":0,"parent":0,"menu_order":8,"comment_status":"closed","ping_status":"closed","template":"","meta":{"ngg_post_thumbnail":0},"yoast_head":"<!-- This site is optimized with the Yoast SEO plugin v16.4 - https:\/\/yoast.com\/wordpress\/plugins\/seo\/ -->\n<meta name=\"robots\" content=\"index, follow, max-snippet:-1, max-image-preview:large, max-video-preview:-1\" \/>\n<link rel=\"canonical\" href=\"http:\/\/knjiznice.nsk.hr\/erdody\/izjava-o-pristupacnosti\/\" \/>\n<meta property=\"og:locale\" content=\"hr_HR\" \/>\n<meta property=\"og:type\" content=\"article\" \/>\n<meta property=\"og:title\" content=\"Izjava o pristupa\u010dnosti - Op\u0107inska knji\u017enica Sidonije Rubido Erd\u04e7dy Gornja Rijeka\" \/>\n<meta property=\"og:description\" content=\"Op\u0107enito Op\u0107inska knji\u017enica Sidonije Rubido Erd\u00f6dy, Gornja Rijeka nastoji svoje mre\u017ene stranice u\u010diniti pristupa\u010dnima u skladu sa Zakonom o pristupa\u010dnosti mre\u017enih stranica i programskih rje\u0161enja za pokretne ure\u0111aje tijela javnog sektora Republike Hrvatske&nbsp;(\u201eNarodne novine\u201c, broj 17\/19; dalje u tekstu: Zakon) kojim se prenosi&nbsp;Direktiva (EU)&nbsp;2016\/2102 Europskog parlamenta i Vije\u0107a od 26.&nbsp;listopada 2016. o pristupa\u010dnosti internetskih stranica [&hellip;]\" \/>\n<meta property=\"og:url\" content=\"http:\/\/knjiznice.nsk.hr\/erdody\/izjava-o-pristupacnosti\/\" \/>\n<meta property=\"og:site_name\" content=\"Op\u0107inska knji\u017enica Sidonije Rubido Erd\u04e7dy Gornja Rijeka\" \/>\n<meta property=\"article:modified_time\" content=\"2020-09-18T11:42:18+00:00\" \/>\n<meta name=\"twitter:card\" content=\"summary_large_image\" \/>\n<meta name=\"twitter:label1\" content=\"Procijenjeno vrijeme \u010ditanja\" \/>\n\t<meta name=\"twitter:data1\" content=\"3 minute\" \/>\n<script type=\"application\/ld+json\" class=\"yoast-schema-graph\">{\"@context\":\"https:\/\/schema.org\",\"@graph\":[{\"@type\":\"Organization\",\"@id\":\"http:\/\/knjiznice.nsk.hr\/erdody\/#organization\",\"name\":\"Op\\u0107inska knji\\u017enica S. R. Erdody\",\"url\":\"http:\/\/knjiznice.nsk.hr\/erdody\/\",\"sameAs\":[],\"logo\":{\"@type\":\"ImageObject\",\"@id\":\"http:\/\/knjiznice.nsk.hr\/erdody\/#logo\",\"inLanguage\":\"hr\",\"url\":\"http:\/\/knjiznice.nsk.hr\/erdody\/wp-content\/uploads\/sites\/94\/2018\/11\/logo.png\",\"contentUrl\":\"http:\/\/knjiznice.nsk.hr\/erdody\/wp-content\/uploads\/sites\/94\/2018\/11\/logo.png\",\"width\":70,\"height\":65,\"caption\":\"Op\\u0107inska knji\\u017enica S. R. Erdody\"},\"image\":{\"@id\":\"http:\/\/knjiznice.nsk.hr\/erdody\/#logo\"}},{\"@type\":\"WebSite\",\"@id\":\"http:\/\/knjiznice.nsk.hr\/erdody\/#website\",\"url\":\"http:\/\/knjiznice.nsk.hr\/erdody\/\",\"name\":\"Op\\u0107inska knji\\u017enica Sidonije Rubido Erd\\u04e7dy Gornja Rijeka\",\"description\":\"\",\"publisher\":{\"@id\":\"http:\/\/knjiznice.nsk.hr\/erdody\/#organization\"},\"potentialAction\":[{\"@type\":\"SearchAction\",\"target\":\"http:\/\/knjiznice.nsk.hr\/erdody\/?s={search_term_string}\",\"query-input\":\"required name=search_term_string\"}],\"inLanguage\":\"hr\"},{\"@type\":\"WebPage\",\"@id\":\"http:\/\/knjiznice.nsk.hr\/erdody\/izjava-o-pristupacnosti\/#webpage\",\"url\":\"http:\/\/knjiznice.nsk.hr\/erdody\/izjava-o-pristupacnosti\/\",\"name\":\"Izjava o pristupa\\u010dnosti - Op\\u0107inska knji\\u017enica Sidonije Rubido Erd\\u04e7dy Gornja Rijeka\",\"isPartOf\":{\"@id\":\"http:\/\/knjiznice.nsk.hr\/erdody\/#website\"},\"datePublished\":\"2020-09-18T11:10:32+00:00\",\"dateModified\":\"2020-09-18T11:42:18+00:00\",\"breadcrumb\":{\"@id\":\"http:\/\/knjiznice.nsk.hr\/erdody\/izjava-o-pristupacnosti\/#breadcrumb\"},\"inLanguage\":\"hr\",\"potentialAction\":[{\"@type\":\"ReadAction\",\"target\":[\"http:\/\/knjiznice.nsk.hr\/erdody\/izjava-o-pristupacnosti\/\"]}]},{\"@type\":\"BreadcrumbList\",\"@id\":\"http:\/\/knjiznice.nsk.hr\/erdody\/izjava-o-pristupacnosti\/#breadcrumb\",\"itemListElement\":[{\"@type\":\"ListItem\",\"position\":1,\"item\":{\"@type\":\"WebPage\",\"@id\":\"http:\/\/knjiznice.nsk.hr\/erdody\/\",\"url\":\"http:\/\/knjiznice.nsk.hr\/erdody\/\",\"name\":\"Po\\u010detna stranica\"}},{\"@type\":\"ListItem\",\"position\":2,\"item\":{\"@id\":\"http:\/\/knjiznice.nsk.hr\/erdody\/izjava-o-pristupacnosti\/#webpage\"}}]}]}<\/script>\n<!-- \/ Yoast SEO plugin. -->","_links":{"self":[{"href":"http:\/\/knjiznice.nsk.hr\/erdody\/wp-json\/wp\/v2\/pages\/250"}],"collection":[{"href":"http:\/\/knjiznice.nsk.hr\/erdody\/wp-json\/wp\/v2\/pages"}],"about":[{"href":"http:\/\/knjiznice.nsk.hr\/erdody\/wp-json\/wp\/v2\/types\/page"}],"author":[{"embeddable":true,"href":"http:\/\/knjiznice.nsk.hr\/erdody\/wp-json\/wp\/v2\/users\/174"}],"replies":[{"embeddable":true,"href":"http:\/\/knjiznice.nsk.hr\/erdody\/wp-json\/wp\/v2\/comments?post=250"}],"version-history":[{"count":5,"href":"http:\/\/knjiznice.nsk.hr\/erdody\/wp-json\/wp\/v2\/pages\/250\/revisions"}],"predecessor-version":[{"id":255,"href":"http:\/\/knjiznice.nsk.hr\/erdody\/wp-json\/wp\/v2\/pages\/250\/revisions\/255"}],"wp:attachment":[{"href":"http:\/\/knjiznice.nsk.hr\/erdody\/wp-json\/wp\/v2\/media?parent=250"}],"curies":[{"name":"wp","href":"https:\/\/api.w.org\/{rel}","templated":true}]}}

Izjava o pristupačnosti

<h2><strong>Općenito</strong></h2>
<p>Općinska knjižnica Sidonije Rubido Erdödy, Gornja Rijeka nastoji svoje mrežne stranice učiniti pristupačnima u skladu sa <a href="https://www.zakon.hr/z/1929/Zakon-o-pristupa%C4%8Dnosti-mre%C5%BEnih-stranica-i-programskih-rje%C5%A1enja-za-pokretne-ure%C4%91aje-tijela-javnog-sektora">Zakonom o pristupačnosti mrežnih stranica i programskih rješenja za pokretne uređaje tijela javnog sektora Republike Hrvatske</a>&nbsp;(„Narodne novine“, broj 17/19; dalje u tekstu: Zakon) kojim se prenosi&nbsp;<a href="https://eur-lex.europa.eu/legal-content/HR/AUTO/?uri=OJ:L:2016:327:TOC">Direktiva (EU)&nbsp;2016/2102 Europskog parlamenta i Vijeća od 26.&nbsp;listopada 2016. o pristupačnosti internetskih stranica i mobilnih aplikacija tijela javnog sektora</a>&nbsp;(SL&nbsp;L&nbsp;327, 2.12.2016.).</p>
<p>Ova Izjava o pristupačnosti primjenjuje se na mrežno sjedište Općinske knjižnice Sidonije Rubido Erdödy, Gornja Rijeka.&nbsp; Adresa http://knjiznice.nsk.hr/erdody/</p>
<h2>&nbsp;<strong>Status usklađenosti</strong></h2>
<p>Mrežno sjedište&nbsp;http://knjiznice.nsk.hr/erdody/ &nbsp;djelomično je usklađeno sa Zakonom zbog neusklađenosti koje su navedene u nastavku.</p>
<h2><strong>Nepristupačan sadržaj</strong></h2>
<p>Sadržaj naveden u nastavku je nepristupačan iz razloga:</p>
<p><strong>&nbsp; &nbsp; &nbsp;a)neusklađenosti sa Zakonom</strong></p>
<ul>
<li>Kontrast na pojedinim dijelovima stranice nije zadovoljavajuć.</li>
<li>Veličina fonta na mrežnom mjestu je premala.</li>
<li>Nazivi pojedinih poveznica trebali bi konkretnije specificirati sadržaj koji se iza njih nalazi.</li>
<li>Mrežno mjesto nema mogućnost reprodukcije tekstualnog sadržaja u audio obliku.</li>
<li>Pojedine slike na stranici ne sadrže &lt;alt&gt; atribut.</li>
<li>Pojedine slike na stranici ne sadrže kratak tekstualni opis sadržaja i funkcije slike.</li>
<li>Navigacija u sidebaru prikazuje padajuće izbornike na prelazak miša preko elementa navigacije, a ne na klik na određeni element.</li>
</ul>
<p><strong>&nbsp; &nbsp; &nbsp; b)nerazmjerno opterećenje</strong></p>
<p>Za neusklađenosti navedene pod točkom a), Općinska knjižnica Sidonije Rubido Erdödy, Gornja Rijeka &nbsp;se poziva na iznimku zbog nerazmjernog opterećenja sukladno članku 8. Zakona.</p>
<p><strong>&nbsp; &nbsp; &nbsp; c)sadržaj nije obuhvaćen područjem primjene primjenjivog zakonodavstva</strong></p>
<p><strong>&nbsp;</strong>Sukladno članku 3. Zakona, isti se ne primjenjuje na uredske datoteke objavljene prije 23. rujna 2018. čiji sadržaj nije potreban za postupke u tijeku koje tijelo javnog sektora obavlja u okviru svog djelokruga.</p>
<p>Sukladno članku 3. Zakona, isti se ne primjenjuje na prethodno snimljene medijske sadržaje u obliku audiozapisa, videozapisa, audio i videozapisa, audio i/ili videozapisa kombiniranih s interakcijom, objavljene prije 23. rujna 2020.</p>
<h2><strong>Priprema ove izjave o pristupačnosti</strong></h2>
<p>Ova je izjava sastavljena 18.rujna 2020.&nbsp; prema Predlošku izjave o pristupačnosti koji je u skladu s Direktivom (EU) 2016/2102 Europskog parlamenta i Vijeća o pristupačnosti internetskih stranica i mobilnih aplikacija tijela javnog sektora, a utvrđen je <a href="https://eur-lex.europa.eu/legal-content/HR/TXT/HTML/?uri=CELEX:32018D1523&amp;qid=1590482508144&amp;from=HR">Provedbenom odlukom Komisije (EU) 2018/1523</a>.</p>
<p>Izjava je zadnji put preispitana 18.rujna 2020.</p>
<h2><strong>Povratne informacije i podaci za kontakt</strong></h2>
<p>Molimo korisnike ove mrežne stranice ako primijete neusklađen sadržaj, koji nije obuhvaćen ovom izjavom, da o tome obavijeste Općinsku knjižnica Sidonije Rubido Erdödy u Gornjoj Rijeci.</p>
<p>Sve upite i sugestije vezane uz pristupačnost mrežnog sjedišta Općinske knjižnice Sidonije Rubido Erdödy,Gornja Rijeka korisnici mogu uputiti putem elektroničke pošte: <u>opcinska.knjiznica.s.r.erdody@kc.t-com.hr</u><u>&nbsp;</u></p>
<p>Općinska knjižnica Sidonije Rubido Erdödy, Gornja Rijeka je dužna na upit, obavijest ili zahtjev korisnika vezano uz osiguravanje pristupačnosti odgovoriti u roku od 15 dana od dana primitka obavijesti ili zahtjeva. Uz detaljno obrazloženje razloga koji zahtijevaju odgodu, obavijestiti o naknadnom roku u kojem će odgovoriti na korisnikovu obavijest ili zahtjev.</p>
<h2><strong>Postupak praćenja provedbe propisa</strong></h2>
<p>Povjerenik za informiranje Republike Hrvatske je tijelo nadležno za praćenje usklađenosti mrežnih stranica i programskih rješenja za pokretne uređaje tijela javnog sektora sa zahtjevima pristupačnosti. Nadležno je i za&nbsp; nadzor nad provedbom Zakona.</p>
<p>U slučaju nezadovoljavajućih odgovora na obavijest ili zahtjev za povratne informacije o pristupačnosti ovih mrežnih stranica, korisnici se mogu obratiti Povjereniku za informiranje putem elektroničke e pošte: &nbsp;<u>opcinska.knjiznica.s.r.erdody@kc.t-com.hr</u><u>&nbsp;</u>.</p>

<p>Općenito Općinska knjižnica Sidonije Rubido Erdödy, Gornja Rijeka nastoji svoje mrežne stranice učiniti pristupačnima u skladu sa Zakonom o pristupačnosti mrežnih stranica i programskih rješenja za pokretne uređaje tijela javnog sektora Republike Hrvatske&nbsp;(„Narodne novine“, broj 17/19; dalje u tekstu: Zakon) kojim se prenosi&nbsp;Direktiva (EU)&nbsp;2016/2102 Europskog parlamenta i Vijeća od 26.&nbsp;listopada 2016. o pristupačnosti internetskih stranica [&hellip;]</p>

<!-- This site is optimized with the Yoast SEO plugin v16.4 - https://yoast.com/wordpress/plugins/seo/ -->
<meta name="robots" content="index, follow, max-snippet:-1, max-image-preview:large, max-video-preview:-1" />
<link rel="canonical" href="http://knjiznice.nsk.hr/erdody/izjava-o-pristupacnosti/" />
<meta property="og:locale" content="hr_HR" />
<meta property="og:type" content="article" />
<meta property="og:title" content="Izjava o pristupačnosti - Općinska knjižnica Sidonije Rubido Erdӧdy Gornja Rijeka" />
<meta property="og:description" content="Općenito Općinska knjižnica Sidonije Rubido Erdödy, Gornja Rijeka nastoji svoje mrežne stranice učiniti pristupačnima u skladu sa Zakonom o pristupačnosti mrežnih stranica i programskih rješenja za pokretne uređaje tijela javnog sektora Republike Hrvatske&nbsp;(„Narodne novine“, broj 17/19; dalje u tekstu: Zakon) kojim se prenosi&nbsp;Direktiva (EU)&nbsp;2016/2102 Europskog parlamenta i Vijeća od 26.&nbsp;listopada 2016. o pristupačnosti internetskih stranica [&hellip;]" />
<meta property="og:url" content="http://knjiznice.nsk.hr/erdody/izjava-o-pristupacnosti/" />
<meta property="og:site_name" content="Općinska knjižnica Sidonije Rubido Erdӧdy Gornja Rijeka" />
<meta property="article:modified_time" content="2020-09-18T11:42:18+00:00" />
<meta name="twitter:card" content="summary_large_image" />
<meta name="twitter:label1" content="Procijenjeno vrijeme čitanja" />
	<meta name="twitter:data1" content="3 minute" />
<script type="application/ld+json" class="yoast-schema-graph">{"@context":"https://schema.org","@graph":[{"@type":"Organization","@id":"http://knjiznice.nsk.hr/erdody/#organization","name":"Op\u0107inska knji\u017enica S. R. Erdody","url":"http://knjiznice.nsk.hr/erdody/","sameAs":[],"logo":{"@type":"ImageObject","@id":"http://knjiznice.nsk.hr/erdody/#logo","inLanguage":"hr","url":"http://knjiznice.nsk.hr/erdody/wp-content/uploads/sites/94/2018/11/logo.png","contentUrl":"http://knjiznice.nsk.hr/erdody/wp-content/uploads/sites/94/2018/11/logo.png","width":70,"height":65,"caption":"Op\u0107inska knji\u017enica S. R. Erdody"},"image":{"@id":"http://knjiznice.nsk.hr/erdody/#logo"}},{"@type":"WebSite","@id":"http://knjiznice.nsk.hr/erdody/#website","url":"http://knjiznice.nsk.hr/erdody/","name":"Op\u0107inska knji\u017enica Sidonije Rubido Erd\u04e7dy Gornja Rijeka","description":"","publisher":{"@id":"http://knjiznice.nsk.hr/erdody/#organization"},"potentialAction":[{"@type":"SearchAction","target":"http://knjiznice.nsk.hr/erdody/?s={search_term_string}","query-input":"required name=search_term_string"}],"inLanguage":"hr"},{"@type":"WebPage","@id":"http://knjiznice.nsk.hr/erdody/izjava-o-pristupacnosti/#webpage","url":"http://knjiznice.nsk.hr/erdody/izjava-o-pristupacnosti/","name":"Izjava o pristupa\u010dnosti - Op\u0107inska knji\u017enica Sidonije Rubido Erd\u04e7dy Gornja Rijeka","isPartOf":{"@id":"http://knjiznice.nsk.hr/erdody/#website"},"datePublished":"2020-09-18T11:10:32+00:00","dateModified":"2020-09-18T11:42:18+00:00","breadcrumb":{"@id":"http://knjiznice.nsk.hr/erdody/izjava-o-pristupacnosti/#breadcrumb"},"inLanguage":"hr","potentialAction":[{"@type":"ReadAction","target":["http://knjiznice.nsk.hr/erdody/izjava-o-pristupacnosti/"]}]},{"@type":"BreadcrumbList","@id":"http://knjiznice.nsk.hr/erdody/izjava-o-pristupacnosti/#breadcrumb","itemListElement":[{"@type":"ListItem","position":1,"item":{"@type":"WebPage","@id":"http://knjiznice.nsk.hr/erdody/","url":"http://knjiznice.nsk.hr/erdody/","name":"Po\u010detna stranica"}},{"@type":"ListItem","position":2,"item":{"@id":"http://knjiznice.nsk.hr/erdody/izjava-o-pristupacnosti/#webpage"}}]}]}</script>
<!-- / Yoast SEO plugin. -->
