{"id":210,"date":"2023-10-19T17:49:55","date_gmt":"2023-10-19T15:49:55","guid":{"rendered":"http:\/\/knjiznice.nsk.hr\/bosnjaci\/?page_id=210"},"modified":"2023-10-19T17:51:02","modified_gmt":"2023-10-19T15:51:02","slug":"mjesec-hrvatske-knjige","status":"publish","type":"page","link":"http:\/\/knjiznice.nsk.hr\/bosnjaci\/","title":{"rendered":"Mjesec hrvatske knjige"},"content":{"rendered":"<figure id=\"attachment_214\" aria-describedby=\"caption-attachment-214\" style=\"width: 214px\" class=\"wp-caption alignleft\"><img loading=\"lazy\" class=\"wp-image-214 size-medium\" src=\"http:\/\/knjiznice.nsk.hr\/bosnjaci\/wp-content\/uploads\/sites\/116\/2023\/10\/A4_vertikalno-214x300.jpg\" alt=\"\" width=\"214\" height=\"300\" srcset=\"http:\/\/knjiznice.nsk.hr\/bosnjaci\/wp-content\/uploads\/sites\/116\/2023\/10\/A4_vertikalno-214x300.jpg 214w, http:\/\/knjiznice.nsk.hr\/bosnjaci\/wp-content\/uploads\/sites\/116\/2023\/10\/A4_vertikalno-730x1024.jpg 730w, http:\/\/knjiznice.nsk.hr\/bosnjaci\/wp-content\/uploads\/sites\/116\/2023\/10\/A4_vertikalno-768x1077.jpg 768w, http:\/\/knjiznice.nsk.hr\/bosnjaci\/wp-content\/uploads\/sites\/116\/2023\/10\/A4_vertikalno-600x842.jpg 600w, http:\/\/knjiznice.nsk.hr\/bosnjaci\/wp-content\/uploads\/sites\/116\/2023\/10\/A4_vertikalno-1095x1536.jpg 1095w, http:\/\/knjiznice.nsk.hr\/bosnjaci\/wp-content\/uploads\/sites\/116\/2023\/10\/A4_vertikalno.jpg 1276w\" sizes=\"(max-width: 214px) 100vw, 214px\" \/><figcaption id=\"caption-attachment-214\" class=\"wp-caption-text\">Od 15. listopada do 15. studenog 2023.<\/figcaption><\/figure>\n<h5>Besplatan upis<\/h5>\n<h6>Obilje\u017eavanje Dana hrvatskih knji\u017enica besplatnim upisom za sve odrasle mje\u0161tane u petak, 10. studenog.<\/h6>\n<h5>Akcija<\/h5>\n<h6>\u201cKnjiga se vra\u0107a ku\u0107i\u201d \u2013 povrat zadu\u017eenih knjiga bez naplate zakasnine ako se vrate petkom.<\/h6>\n<div>\n<h5>Igraonice<\/h5>\n<div>\n<h6>Svakog utorka od 16:30 do 18 sati za uzrast od tre\u0107e godine do polaska u \u0161kolu.<\/h6>\n<h5>Posjeti<\/h5>\n<div>\n<h6>Grupni posjet pred\u0161kolaraca i sedmog razreda osnovne \u0161kole, dok \u0107e se \u010detvrti razredi dru\u017eiti s dje\u010djom knji\u017eevnicom uz slikovnicu \u201cDotakni nebo\u201d.<\/h6>\n<h5>Radionica<\/h5>\n<div>\n<h6>Radionica stvarala\u010dkog pisanja za mlade\u017e i odrasle u trajanju od 90 minuta odr\u017eat \u0107e se 26. listopada (\u010detvrtak) u 19 sati u prostoru knji\u017enice.<\/h6>\n<h5>\u010citateljski klub<\/h5>\n<div>\n<h6>Drugi sastanak \u010ditateljskog kluba za mlade\u017e i odrasle bit \u0107e 7. studenog (utorak) od 19 sati u prostoru knji\u017enice. Novi \u010dlanovi su dobrodo\u0161li!<\/h6>\n<h5>Izlo\u017eba<\/h5>\n<div>\n<h6>Predstavljanje knji\u017eevnog opusa Vinka Juzba\u0161i\u0107a, publicista i pjesnika koji je svojim radom glorificirao svoj u\u017ei i \u0161iri zavi\u010daj.<\/h6>\n<\/div>\n<\/div>\n<\/div>\n<\/div>\n<\/div>\n<\/div>\n","protected":false},"excerpt":{"rendered":"<p>Besplatan upis Obilje\u017eavanje Dana hrvatskih knji\u017enica besplatnim upisom za sve odrasle mje\u0161tane u petak, 10. studenog. Akcija \u201cKnjiga se vra\u0107a ku\u0107i\u201d \u2013 povrat zadu\u017eenih knjiga bez naplate zakasnine ako se [&hellip;]<\/p>\n","protected":false},"author":196,"featured_media":0,"parent":0,"menu_order":0,"comment_status":"closed","ping_status":"closed","template":"","meta":{"ngg_post_thumbnail":0},"yoast_head":"<!-- This site is optimized with the Yoast SEO plugin v16.4 - https:\/\/yoast.com\/wordpress\/plugins\/seo\/ -->\n<meta name=\"robots\" content=\"index, follow, max-snippet:-1, max-image-preview:large, max-video-preview:-1\" \/>\n<link rel=\"canonical\" href=\"https:\/\/knjiznice.nsk.hr\/bosnjaci\/\" \/>\n<meta property=\"og:locale\" content=\"hr_HR\" \/>\n<meta property=\"og:type\" content=\"article\" \/>\n<meta property=\"og:title\" content=\"Mjesec hrvatske knjige - Narodna knji\u017enica i \u010ditaonica Bo\u0161njaci\" \/>\n<meta property=\"og:description\" content=\"Besplatan upis Obilje\u017eavanje Dana hrvatskih knji\u017enica besplatnim upisom za sve odrasle mje\u0161tane u petak, 10. studenog. Akcija \u201cKnjiga se vra\u0107a ku\u0107i\u201d \u2013 povrat zadu\u017eenih knjiga bez naplate zakasnine ako se [&hellip;]\" \/>\n<meta property=\"og:url\" content=\"https:\/\/knjiznice.nsk.hr\/bosnjaci\/\" \/>\n<meta property=\"og:site_name\" content=\"Narodna knji\u017enica i \u010ditaonica Bo\u0161njaci\" \/>\n<meta property=\"article:modified_time\" content=\"2023-10-19T15:51:02+00:00\" \/>\n<meta property=\"og:image\" content=\"http:\/\/knjiznice.nsk.hr\/bosnjaci\/wp-content\/uploads\/sites\/116\/2023\/10\/A4_vertikalno-214x300.jpg\" \/>\n<meta name=\"twitter:card\" content=\"summary_large_image\" \/>\n<meta name=\"twitter:label1\" content=\"Procijenjeno vrijeme \u010ditanja\" \/>\n\t<meta name=\"twitter:data1\" content=\"1 minuta\" \/>\n<script type=\"application\/ld+json\" class=\"yoast-schema-graph\">{\"@context\":\"https:\/\/schema.org\",\"@graph\":[{\"@type\":\"WebSite\",\"@id\":\"https:\/\/knjiznice.nsk.hr\/bosnjaci\/#website\",\"url\":\"https:\/\/knjiznice.nsk.hr\/bosnjaci\/\",\"name\":\"Narodna knji\\u017enica i \\u010ditaonica Bo\\u0161njaci\",\"description\":\"Ogranak Gradske knji\\u017enice i \\u010ditaonice Vinkovci\",\"potentialAction\":[{\"@type\":\"SearchAction\",\"target\":\"https:\/\/knjiznice.nsk.hr\/bosnjaci\/?s={search_term_string}\",\"query-input\":\"required name=search_term_string\"}],\"inLanguage\":\"hr\"},{\"@type\":\"ImageObject\",\"@id\":\"https:\/\/knjiznice.nsk.hr\/bosnjaci\/#primaryimage\",\"inLanguage\":\"hr\",\"url\":\"http:\/\/knjiznice.nsk.hr\/bosnjaci\/wp-content\/uploads\/sites\/116\/2023\/10\/A4_vertikalno.jpg\",\"contentUrl\":\"http:\/\/knjiznice.nsk.hr\/bosnjaci\/wp-content\/uploads\/sites\/116\/2023\/10\/A4_vertikalno.jpg\",\"width\":1276,\"height\":1790},{\"@type\":\"WebPage\",\"@id\":\"https:\/\/knjiznice.nsk.hr\/bosnjaci\/#webpage\",\"url\":\"https:\/\/knjiznice.nsk.hr\/bosnjaci\/\",\"name\":\"Mjesec hrvatske knjige - Narodna knji\\u017enica i \\u010ditaonica Bo\\u0161njaci\",\"isPartOf\":{\"@id\":\"https:\/\/knjiznice.nsk.hr\/bosnjaci\/#website\"},\"primaryImageOfPage\":{\"@id\":\"https:\/\/knjiznice.nsk.hr\/bosnjaci\/#primaryimage\"},\"datePublished\":\"2023-10-19T15:49:55+00:00\",\"dateModified\":\"2023-10-19T15:51:02+00:00\",\"breadcrumb\":{\"@id\":\"https:\/\/knjiznice.nsk.hr\/bosnjaci\/#breadcrumb\"},\"inLanguage\":\"hr\",\"potentialAction\":[{\"@type\":\"ReadAction\",\"target\":[\"https:\/\/knjiznice.nsk.hr\/bosnjaci\/\"]}]},{\"@type\":\"BreadcrumbList\",\"@id\":\"https:\/\/knjiznice.nsk.hr\/bosnjaci\/#breadcrumb\",\"itemListElement\":[{\"@type\":\"ListItem\",\"position\":1,\"item\":{\"@type\":\"WebPage\",\"@id\":\"https:\/\/knjiznice.nsk.hr\/bosnjaci\/\",\"url\":\"https:\/\/knjiznice.nsk.hr\/bosnjaci\/\",\"name\":\"Po\\u010detna stranica\"}},{\"@type\":\"ListItem\",\"position\":2,\"item\":{\"@id\":\"https:\/\/knjiznice.nsk.hr\/bosnjaci\/#webpage\"}}]}]}<\/script>\n<!-- \/ Yoast SEO plugin. -->","_links":{"self":[{"href":"http:\/\/knjiznice.nsk.hr\/bosnjaci\/wp-json\/wp\/v2\/pages\/210"}],"collection":[{"href":"http:\/\/knjiznice.nsk.hr\/bosnjaci\/wp-json\/wp\/v2\/pages"}],"about":[{"href":"http:\/\/knjiznice.nsk.hr\/bosnjaci\/wp-json\/wp\/v2\/types\/page"}],"author":[{"embeddable":true,"href":"http:\/\/knjiznice.nsk.hr\/bosnjaci\/wp-json\/wp\/v2\/users\/196"}],"replies":[{"embeddable":true,"href":"http:\/\/knjiznice.nsk.hr\/bosnjaci\/wp-json\/wp\/v2\/comments?post=210"}],"version-history":[{"count":20,"href":"http:\/\/knjiznice.nsk.hr\/bosnjaci\/wp-json\/wp\/v2\/pages\/210\/revisions"}],"predecessor-version":[{"id":232,"href":"http:\/\/knjiznice.nsk.hr\/bosnjaci\/wp-json\/wp\/v2\/pages\/210\/revisions\/232"}],"wp:attachment":[{"href":"http:\/\/knjiznice.nsk.hr\/bosnjaci\/wp-json\/wp\/v2\/media?parent=210"}],"curies":[{"name":"wp","href":"https:\/\/api.w.org\/{rel}","templated":true}]}}