{"id":995,"date":"2017-06-07T15:38:41","date_gmt":"2017-06-07T15:38:41","guid":{"rendered":"http:\/\/knjiznice.nsk.hr\/babina-greda\/?page_id=995"},"modified":"2017-06-07T15:39:32","modified_gmt":"2017-06-07T15:39:32","slug":"donja-mala","status":"publish","type":"page","link":"http:\/\/knjiznice.nsk.hr\/babina-greda\/kucice-knjiznice\/donja-mala\/","title":{"rendered":"Donja mala"},"content":{"rendered":"<p><strong>Poljodjelska \u010ditaonica \u201eDonja mala<\/strong>\u201c je osnovana 1938. godine. U obnovu same \u010ditaonice ulo\u017eeno je 500.000,00 kuna, u financijskom tro\u0161ku sudjelovalo je i Ministarstvo kulture RH. \u010citaonica je otvorena 2015. godine i danas se \u010ditaonicom slu\u017ee mje\u0161tani za dru\u0161tvena okupljanja \u2013 organiziraj<a href=\"http:\/\/knjiznice.nsk.hr\/babina-greda\/wp-content\/uploads\/sites\/72\/2017\/06\/DSC_0387.jpg\"><img loading=\"lazy\" class=\"size-medium wp-image-996 alignleft\" src=\"http:\/\/knjiznice.nsk.hr\/babina-greda\/wp-content\/uploads\/sites\/72\/2017\/06\/DSC_0387-300x169.jpg\" alt=\"\" width=\"300\" height=\"169\" srcset=\"http:\/\/knjiznice.nsk.hr\/babina-greda\/wp-content\/uploads\/sites\/72\/2017\/06\/DSC_0387-300x169.jpg 300w, http:\/\/knjiznice.nsk.hr\/babina-greda\/wp-content\/uploads\/sites\/72\/2017\/06\/DSC_0387.jpg 530w\" sizes=\"(max-width: 300px) 100vw, 300px\" \/><\/a>u se ve\u010deri dru\u0161tvenih igara, organizirano je i u\u010denje sviranja&nbsp; glazbala za djecu, radionice vezenja za djevojke i \u017eene.<\/p>\n<p>Ova \u010ditaonica je posljednja u nizu koja je dobila ku\u0107icu-knji\u017enicu. Zahvaljujemo svima koji su nas do\u010dekali, osobito predsjedniku \u010ditaonice, gospodinu Vukovi\u0107u.&nbsp; <a href=\"http:\/\/knjiznice.nsk.hr\/babina-greda\/wp-content\/uploads\/sites\/72\/2017\/06\/DSC_0389.jpg\"><img loading=\"lazy\" class=\"size-medium wp-image-997 alignright\" src=\"http:\/\/knjiznice.nsk.hr\/babina-greda\/wp-content\/uploads\/sites\/72\/2017\/06\/DSC_0389-300x169.jpg\" alt=\"\" width=\"300\" height=\"169\" srcset=\"http:\/\/knjiznice.nsk.hr\/babina-greda\/wp-content\/uploads\/sites\/72\/2017\/06\/DSC_0389-300x169.jpg 300w, http:\/\/knjiznice.nsk.hr\/babina-greda\/wp-content\/uploads\/sites\/72\/2017\/06\/DSC_0389.jpg 530w\" sizes=\"(max-width: 300px) 100vw, 300px\" \/><\/a><\/p>\n<p>&nbsp;<\/p>\n","protected":false},"excerpt":{"rendered":"<p>Poljodjelska \u010ditaonica \u201eDonja mala\u201c je osnovana 1938. godine. U obnovu same \u010ditaonice ulo\u017eeno je 500.000,00 kuna, u financijskom tro\u0161ku sudjelovalo je i Ministarstvo kulture RH. \u010citaonica je otvorena 2015. godine i danas se \u010ditaonicom slu\u017ee mje\u0161tani za dru\u0161tvena okupljanja \u2013 organiziraju se ve\u010deri dru\u0161tvenih igara, organizirano je i u\u010denje sviranja&nbsp; glazbala za djecu, radionice vezenja [&hellip;]<\/p>\n","protected":false},"author":86,"featured_media":0,"parent":906,"menu_order":0,"comment_status":"closed","ping_status":"closed","template":"","meta":{"ngg_post_thumbnail":0},"yoast_head":"<!-- This site is optimized with the Yoast SEO plugin v16.4 - https:\/\/yoast.com\/wordpress\/plugins\/seo\/ -->\n<title>Donja mala &ndash; Op\u0107inska narodna knji\u017enica Babina Greda<\/title>\n<meta name=\"description\" content=\"Op\u0107inska narodna knji\u017enica Babina Greda Donja mala &ndash;\" \/>\n<meta name=\"robots\" content=\"index, follow, max-snippet:-1, max-image-preview:large, max-video-preview:-1\" \/>\n<link rel=\"canonical\" href=\"http:\/\/knjiznice.nsk.hr\/babina-greda\/kucice-knjiznice\/donja-mala\/\" \/>\n<meta property=\"og:locale\" content=\"hr_HR\" \/>\n<meta property=\"og:type\" content=\"article\" \/>\n<meta property=\"og:title\" content=\"Donja mala &ndash; Op\u0107inska narodna knji\u017enica Babina Greda\" \/>\n<meta property=\"og:description\" content=\"Op\u0107inska narodna knji\u017enica Babina Greda Donja mala &ndash;\" \/>\n<meta property=\"og:url\" content=\"http:\/\/knjiznice.nsk.hr\/babina-greda\/kucice-knjiznice\/donja-mala\/\" \/>\n<meta property=\"og:site_name\" content=\"Op\u0107inska narodna knji\u017enica Babina Greda\" \/>\n<meta property=\"article:publisher\" content=\"https:\/\/web.facebook.com\/opcinska.narodna.knjiznica.babina.greda\/?ref=bookmarks\" \/>\n<meta property=\"article:modified_time\" content=\"2017-06-07T15:39:32+00:00\" \/>\n<meta property=\"og:image\" content=\"http:\/\/knjiznice.nsk.hr\/babina-greda\/wp-content\/uploads\/sites\/72\/2017\/06\/DSC_0387-300x169.jpg\" \/>\n<script type=\"application\/ld+json\" class=\"yoast-schema-graph\">{\"@context\":\"https:\/\/schema.org\",\"@graph\":[{\"@type\":\"Organization\",\"@id\":\"http:\/\/knjiznice.nsk.hr\/babina-greda\/#organization\",\"name\":\"Op\\u0107inska narodna knji\\u017enica Babina Greda\",\"url\":\"http:\/\/knjiznice.nsk.hr\/babina-greda\/\",\"sameAs\":[\"https:\/\/web.facebook.com\/opcinska.narodna.knjiznica.babina.greda\/?ref=bookmarks\",\"https:\/\/www.instagram.com\/narodnaknjiznica_bg\/\",\"https:\/\/www.youtube.com\/channel\/UC4GLISM7P4Kh8XCIuNsLjHA?view_as=subscriber\"],\"logo\":{\"@type\":\"ImageObject\",\"@id\":\"http:\/\/knjiznice.nsk.hr\/babina-greda\/#logo\",\"inLanguage\":\"hr\",\"url\":\"http:\/\/knjiznice.nsk.hr\/babina-greda\/wp-content\/uploads\/sites\/72\/2017\/05\/logo.jpg\",\"contentUrl\":\"http:\/\/knjiznice.nsk.hr\/babina-greda\/wp-content\/uploads\/sites\/72\/2017\/05\/logo.jpg\",\"width\":1056,\"height\":1368,\"caption\":\"Op\\u0107inska narodna knji\\u017enica Babina Greda\"},\"image\":{\"@id\":\"http:\/\/knjiznice.nsk.hr\/babina-greda\/#logo\"}},{\"@type\":\"WebSite\",\"@id\":\"http:\/\/knjiznice.nsk.hr\/babina-greda\/#website\",\"url\":\"http:\/\/knjiznice.nsk.hr\/babina-greda\/\",\"name\":\"Op\\u0107inska narodna knji\\u017enica Babina Greda\",\"description\":\"\",\"publisher\":{\"@id\":\"http:\/\/knjiznice.nsk.hr\/babina-greda\/#organization\"},\"potentialAction\":[{\"@type\":\"SearchAction\",\"target\":\"http:\/\/knjiznice.nsk.hr\/babina-greda\/?s={search_term_string}\",\"query-input\":\"required name=search_term_string\"}],\"inLanguage\":\"hr\"},{\"@type\":\"ImageObject\",\"@id\":\"http:\/\/knjiznice.nsk.hr\/babina-greda\/kucice-knjiznice\/donja-mala\/#primaryimage\",\"inLanguage\":\"hr\",\"url\":\"http:\/\/knjiznice.nsk.hr\/babina-greda\/wp-content\/uploads\/sites\/72\/2017\/06\/DSC_0387.jpg\",\"contentUrl\":\"http:\/\/knjiznice.nsk.hr\/babina-greda\/wp-content\/uploads\/sites\/72\/2017\/06\/DSC_0387.jpg\",\"width\":530,\"height\":298},{\"@type\":\"WebPage\",\"@id\":\"http:\/\/knjiznice.nsk.hr\/babina-greda\/kucice-knjiznice\/donja-mala\/#webpage\",\"url\":\"http:\/\/knjiznice.nsk.hr\/babina-greda\/kucice-knjiznice\/donja-mala\/\",\"name\":\"Donja mala &ndash; Op\\u0107inska narodna knji\\u017enica Babina Greda\",\"isPartOf\":{\"@id\":\"http:\/\/knjiznice.nsk.hr\/babina-greda\/#website\"},\"primaryImageOfPage\":{\"@id\":\"http:\/\/knjiznice.nsk.hr\/babina-greda\/kucice-knjiznice\/donja-mala\/#primaryimage\"},\"datePublished\":\"2017-06-07T15:38:41+00:00\",\"dateModified\":\"2017-06-07T15:39:32+00:00\",\"description\":\"Op\\u0107inska narodna knji\\u017enica Babina Greda Donja mala &ndash;\",\"breadcrumb\":{\"@id\":\"http:\/\/knjiznice.nsk.hr\/babina-greda\/kucice-knjiznice\/donja-mala\/#breadcrumb\"},\"inLanguage\":\"hr\",\"potentialAction\":[{\"@type\":\"ReadAction\",\"target\":[\"http:\/\/knjiznice.nsk.hr\/babina-greda\/kucice-knjiznice\/donja-mala\/\"]}]},{\"@type\":\"BreadcrumbList\",\"@id\":\"http:\/\/knjiznice.nsk.hr\/babina-greda\/kucice-knjiznice\/donja-mala\/#breadcrumb\",\"itemListElement\":[{\"@type\":\"ListItem\",\"position\":1,\"item\":{\"@type\":\"WebPage\",\"@id\":\"http:\/\/knjiznice.nsk.hr\/babina-greda\/\",\"url\":\"http:\/\/knjiznice.nsk.hr\/babina-greda\/\",\"name\":\"Po\\u010detna stranica\"}},{\"@type\":\"ListItem\",\"position\":2,\"item\":{\"@type\":\"WebPage\",\"@id\":\"http:\/\/knjiznice.nsk.hr\/babina-greda\/kucice-knjiznice\/\",\"url\":\"http:\/\/knjiznice.nsk.hr\/babina-greda\/kucice-knjiznice\/\",\"name\":\"Ku\\u0107ice-knji\\u017enice\"}},{\"@type\":\"ListItem\",\"position\":3,\"item\":{\"@id\":\"http:\/\/knjiznice.nsk.hr\/babina-greda\/kucice-knjiznice\/donja-mala\/#webpage\"}}]}]}<\/script>\n<!-- \/ Yoast SEO plugin. -->","_links":{"self":[{"href":"http:\/\/knjiznice.nsk.hr\/babina-greda\/wp-json\/wp\/v2\/pages\/995"}],"collection":[{"href":"http:\/\/knjiznice.nsk.hr\/babina-greda\/wp-json\/wp\/v2\/pages"}],"about":[{"href":"http:\/\/knjiznice.nsk.hr\/babina-greda\/wp-json\/wp\/v2\/types\/page"}],"author":[{"embeddable":true,"href":"http:\/\/knjiznice.nsk.hr\/babina-greda\/wp-json\/wp\/v2\/users\/86"}],"replies":[{"embeddable":true,"href":"http:\/\/knjiznice.nsk.hr\/babina-greda\/wp-json\/wp\/v2\/comments?post=995"}],"version-history":[{"count":3,"href":"http:\/\/knjiznice.nsk.hr\/babina-greda\/wp-json\/wp\/v2\/pages\/995\/revisions"}],"predecessor-version":[{"id":1001,"href":"http:\/\/knjiznice.nsk.hr\/babina-greda\/wp-json\/wp\/v2\/pages\/995\/revisions\/1001"}],"up":[{"embeddable":true,"href":"http:\/\/knjiznice.nsk.hr\/babina-greda\/wp-json\/wp\/v2\/pages\/906"}],"wp:attachment":[{"href":"http:\/\/knjiznice.nsk.hr\/babina-greda\/wp-json\/wp\/v2\/media?parent=995"}],"curies":[{"name":"wp","href":"https:\/\/api.w.org\/{rel}","templated":true}]}}